############################################################################## ############################################################################## ### ### Running command: ### ### /Library/Frameworks/R.framework/Resources/bin/R CMD build --keep-empty-dirs --no-resave-data OncoScore ### ############################################################################## ############################################################################## * checking for file ‘OncoScore/DESCRIPTION’ ... OK * preparing ‘OncoScore’: * checking DESCRIPTION meta-information ... OK * installing the package to build vignettes * creating vignettes ... ERROR --- re-building ‘v1_introduction.Rmd’ using rmarkdown --- finished re-building ‘v1_introduction.Rmd’ --- re-building ‘v2_running_OncoScore.Rmd’ using rmarkdown Quitting from lines 75-77 [unnamed-chunk-7] (v2_running_OncoScore.Rmd) Error: processing vignette 'v2_running_OncoScore.Rmd' failed with diagnostics: missing value where TRUE/FALSE needed --- failed re-building ‘v2_running_OncoScore.Rmd’ SUMMARY: processing the following file failed: ‘v2_running_OncoScore.Rmd’ Error: Vignette re-building failed. Execution halted