############################################################################## ############################################################################## ### ### Running command: ### ### chmod a+r cfTools -R && F:\biocbuild\bbs-3.20-bioc\R\bin\R.exe --arch x64 CMD build --keep-empty-dirs --no-resave-data cfTools ### ############################################################################## ############################################################################## * checking for file 'cfTools/DESCRIPTION' ... OK * preparing 'cfTools': * checking DESCRIPTION meta-information ... OK * cleaning src * installing the package to build vignettes * creating vignettes ... ERROR --- re-building 'cfTools-vignette.Rmd' using rmarkdown Retrieving notices: ...working... done Channels: - conda-forge Platform: win-64 Collecting package metadata (repodata.json): ...working... done Solving environment: ...working... done ## Package Plan ## environment location: C:\Users\biocbuild\.basilisk\1.18.0\cfTools\1.6.0\new_env added / updated specs: - python=3.8 The following packages will be downloaded: package | build ---------------------------|----------------- ca-certificates-2025.1.31 | h56e8100_0 155 KB conda-forge liblzma-5.6.4 | h2466b09_0 102 KB conda-forge liblzma-devel-5.6.4 | h2466b09_0 123 KB conda-forge xz-5.6.4 | h208afaa_0 23 KB conda-forge xz-tools-5.6.4 | h2466b09_0 63 KB conda-forge ------------------------------------------------------------ Total: 466 KB The following NEW packages will be INSTALLED: bzip2 conda-forge/win-64::bzip2-1.0.8-h2466b09_7 ca-certificates conda-forge/win-64::ca-certificates-2025.1.31-h56e8100_0 libffi conda-forge/win-64::libffi-3.4.2-h8ffe710_5 liblzma conda-forge/win-64::liblzma-5.6.4-h2466b09_0 liblzma-devel conda-forge/win-64::liblzma-devel-5.6.4-h2466b09_0 libsqlite conda-forge/win-64::libsqlite-3.48.0-h67fdade_1 libzlib conda-forge/win-64::libzlib-1.3.1-h2466b09_2 openssl conda-forge/win-64::openssl-3.4.0-ha4e3fda_1 pip conda-forge/noarch::pip-24.3.1-pyh8b19718_0 python conda-forge/win-64::python-3.8.20-hfaddaf0_2_cpython setuptools conda-forge/noarch::setuptools-75.3.0-pyhd8ed1ab_0 tk conda-forge/win-64::tk-8.6.13-h5226925_1 ucrt conda-forge/win-64::ucrt-10.0.22621.0-h57928b3_1 vc conda-forge/win-64::vc-14.3-h5fd82a7_24 vc14_runtime conda-forge/win-64::vc14_runtime-14.42.34433-h6356254_24 vs2015_runtime conda-forge/win-64::vs2015_runtime-14.42.34433-hfef2bbc_24 wheel conda-forge/noarch::wheel-0.45.1-pyhd8ed1ab_0 xz conda-forge/win-64::xz-5.6.4-h208afaa_0 xz-tools conda-forge/win-64::xz-tools-5.6.4-h2466b09_0 Preparing transaction: ...working... done Verifying transaction: ...working... done Executing transaction: ...working... done Channels: - conda-forge Platform: win-64 Collecting package metadata (repodata.json): ...working... done Solving environment: ...working... done ==> WARNING: A newer version of conda exists. <== current version: 24.3.0 latest version: 25.1.1 Please update conda by running $ conda update -n base -c conda-forge conda # All requested packages already installed. Channels: - conda-forge Platform: win-64 Collecting package metadata (repodata.json): ...working... done Solving environment: ...working... Quitting from lines 165-167 [unnamed-chunk-3] (cfTools-vignette.Rmd) Error: processing vignette 'cfTools-vignette.Rmd' failed with diagnostics: one or more Python packages failed to install [error code 5] --- failed re-building 'cfTools-vignette.Rmd' SUMMARY: processing the following file failed: 'cfTools-vignette.Rmd' Error: Vignette re-building failed. Execution halted