##############################################################################
##############################################################################
###
### Running command:
###
###   /home/biocbuild/bbs-3.20-bioc/R/bin/R CMD check --install=check:chromDraw.install-out.txt --library=/home/biocbuild/bbs-3.20-bioc/R/site-library --timings chromDraw_2.36.0.tar.gz
###
##############################################################################
##############################################################################


* using log directory ‘/home/biocbuild/bbs-3.20-bioc/meat/chromDraw.Rcheck’
* using R version 4.4.2 (2024-10-31)
* using platform: x86_64-pc-linux-gnu
* R was compiled by
    gcc (Ubuntu 13.2.0-23ubuntu4) 13.2.0
    GNU Fortran (Ubuntu 13.2.0-23ubuntu4) 13.2.0
* running under: Ubuntu 24.04.2 LTS
* using session charset: UTF-8
* checking for file ‘chromDraw/DESCRIPTION’ ... OK
* checking extension type ... Package
* this is package ‘chromDraw’ version ‘2.36.0’
* checking package namespace information ... OK
* checking package dependencies ... OK
* checking if this is a source package ... OK
* checking if there is a namespace ... OK
* checking for hidden files and directories ... OK
* checking for portable file names ... OK
* checking for sufficient/correct file permissions ... OK
* checking whether package ‘chromDraw’ can be installed ... WARNING
Found the following significant warnings:
  ./libBoard/include/board/Point.h:71:40: warning: ‘*(const __vector(2) double*)((char*)&<unnamed> + offsetof(LibBoard::Point, LibBoard::Point::x))’ is used uninitialized [-Wuninitialized]
  ./libBoard/include/board/Point.h:71:40: warning: ‘<unnamed>.LibBoard::Point::x’ is used uninitialized [-Wuninitialized]
  ./libBoard/include/board/Point.h:71:51: warning: ‘<unnamed>.LibBoard::Point::y’ is used uninitialized [-Wuninitialized]
  chromDrawCPP/parameters.cpp:42:37: warning: ISO C++ forbids converting a string constant to ‘char*’ [-Wwrite-strings]
  chromDrawCPP/parameters.cpp:43:65: warning: ISO C++ forbids converting a string constant to ‘char*’ [-Wwrite-strings]
  chromDrawCPP/parameters.cpp:44:65: warning: ISO C++ forbids converting a string constant to ‘char*’ [-Wwrite-strings]
  chromDrawCPP/parameters.cpp:45:65: warning: ISO C++ forbids converting a string constant to ‘char*’ [-Wwrite-strings]
  chromDrawCPP/parameters.cpp:46:65: warning: ISO C++ forbids converting a string constant to ‘char*’ [-Wwrite-strings]
  chromDrawCPP/parameters.cpp:47:65: warning: ISO C++ forbids converting a string constant to ‘char*’ [-Wwrite-strings]
See ‘/home/biocbuild/bbs-3.20-bioc/meat/chromDraw.Rcheck/00install.out’ for details.
* used C++ compiler: ‘g++ (Ubuntu 13.3.0-6ubuntu2~24.04) 13.3.0’
* checking installed package size ... NOTE
  installed size is  5.4Mb
  sub-directories of 1Mb or more:
    libs   5.2Mb
* checking package directory ... OK
* checking ‘build’ directory ... OK
* checking DESCRIPTION meta-information ... NOTE
Malformed Title field: should not end in a period.
* checking top-level files ... OK
* checking for left-over files ... OK
* checking index information ... OK
* checking package subdirectories ... OK
* checking code files for non-ASCII characters ... OK
* checking R files for syntax errors ... OK
* checking whether the package can be loaded ... OK
* checking whether the package can be loaded with stated dependencies ... OK
* checking whether the package can be unloaded cleanly ... OK
* checking whether the namespace can be loaded with stated dependencies ... OK
* checking whether the namespace can be unloaded cleanly ... OK
* checking loading without being on the library search path ... OK
* checking dependencies in R code ... OK
* checking S3 generic/method consistency ... OK
* checking replacement functions ... OK
* checking foreign function calls ... OK
* checking R code for possible problems ... OK
* checking Rd files ... OK
* checking Rd metadata ... OK
* checking Rd cross-references ... OK
* checking for missing documentation entries ... OK
* checking for code/documentation mismatches ... OK
* checking Rd \usage sections ... OK
* checking Rd contents ... OK
* checking for unstated dependencies in examples ... OK
* checking line endings in C/C++/Fortran sources/headers ... OK
* checking line endings in Makefiles ... OK
* checking compilation flags in Makevars ... WARNING
Non-portable flags in variable 'PKG_CPPFLAGS':
  -isystem -isystem
* checking for GNU extensions in Makefiles ... WARNING
Found the following file(s) containing GNU extensions:
  src/Makevars
Portable Makefiles do not use GNU extensions such as +=, :=, $(shell),
$(wildcard), ifeq ... endif, .NOTPARALLEL See section ‘Writing portable
packages’ in the ‘Writing R Extensions’ manual.
* checking for portable use of $(BLAS_LIBS) and $(LAPACK_LIBS) ... OK
* checking use of PKG_*FLAGS in Makefiles ... OK
* checking compiled code ... NOTE
Note: information on .o files is not available
File ‘/home/biocbuild/bbs-3.20-bioc/R/site-library/chromDraw/libs/chromDraw.so’:
  Found ‘_ZSt4cerr’, possibly from ‘std::cerr’ (C++)
  Found ‘_ZSt4cout’, possibly from ‘std::cout’ (C++)

Compiled code should not call entry points which might terminate R nor
write to stdout/stderr instead of to the console, nor use Fortran I/O
nor system RNGs nor [v]sprintf. The detected symbols are linked into
the code but might come from libraries and not actually be called.

See ‘Writing portable packages’ in the ‘Writing R Extensions’ manual.
* checking files in ‘vignettes’ ... OK
* checking examples ... OK
* checking for unstated dependencies in vignettes ... OK
* checking package vignettes ... OK
* checking re-building of vignette outputs ... OK
* checking PDF version of manual ... OK
* DONE

Status: 3 WARNINGs, 3 NOTEs
See
  ‘/home/biocbuild/bbs-3.20-bioc/meat/chromDraw.Rcheck/00check.log’
for details.