############################################################################## ############################################################################## ### ### Running command: ### ### chmod a+r easier -R && F:\biocbuild\bbs-3.20-bioc\R\bin\R.exe CMD build --keep-empty-dirs --no-resave-data easier ### ############################################################################## ############################################################################## * checking for file 'easier/DESCRIPTION' ... OK * preparing 'easier': * checking DESCRIPTION meta-information ... OK * installing the package to build vignettes * creating vignettes ... ERROR --- re-building 'easier_user_manual.Rmd' using rmarkdown Quitting from lines 169-228 [unnamed-chunk-5] (easier_user_manual.Rmd) Error: processing vignette 'easier_user_manual.Rmd' failed with diagnostics: unable to find an inherited method for function 'colData' for signature 'x = "GRanges"' --- failed re-building 'easier_user_manual.Rmd' SUMMARY: processing the following file failed: 'easier_user_manual.Rmd' Error: Vignette re-building failed. Execution halted