##############################################################################
##############################################################################
###
### Running command:
###
###   /Library/Frameworks/R.framework/Resources/bin/R CMD build --keep-empty-dirs --no-resave-data epiregulon.extra
###
##############################################################################
##############################################################################


* checking for file ‘epiregulon.extra/DESCRIPTION’ ... OK
* preparing ‘epiregulon.extra’:
* checking DESCRIPTION meta-information ... OK
* installing the package to build vignettes
* creating vignettes ... ERROR
--- re-building ‘Data_visualization.Rmd’ using rmarkdown
2025-02-17 23:24:08.660 R[27505:223266270] XType: Using static font registry.

Quitting from lines 248-254 [plot gsea network] (Data_visualization.Rmd)
Error: processing vignette 'Data_visualization.Rmd' failed with diagnostics:
Problem while converting geom to grob.
ℹ Error occurred in the 1st layer.
Caused by error:
! vector memory limit of 64.0 Gb reached, see mem.maxVSize()
--- failed re-building ‘Data_visualization.Rmd’

SUMMARY: processing the following file failed:
  ‘Data_visualization.Rmd’

Error: Vignette re-building failed.
Execution halted