##############################################################################
##############################################################################
###
### Running command:
###
###   /home/biocbuild/R/R/bin/R CMD check --install=check:funtooNorm.install-out.txt --library=/home/biocbuild/R/R/site-library --no-vignettes --timings funtooNorm_1.30.0.tar.gz
###
##############################################################################
##############################################################################


* using log directory ‘/home/biocbuild/bbs-3.20-bioc/meat/funtooNorm.Rcheck’
* using R version 4.4.2 (2024-10-31)
* using platform: aarch64-unknown-linux-gnu
* R was compiled by
    aarch64-unknown-linux-gnu-gcc (GCC) 14.2.0
    GNU Fortran (GCC) 12.3.1 (openEuler 12.3.1-36.oe2403)
* running under: openEuler 24.03 (LTS)
* using session charset: UTF-8
* using option ‘--no-vignettes’
* checking for file ‘funtooNorm/DESCRIPTION’ ... OK
* checking extension type ... Package
* this is package ‘funtooNorm’ version ‘1.30.0’
* checking package namespace information ... OK
* checking package dependencies ... OK
* checking if this is a source package ... OK
* checking if there is a namespace ... OK
* checking for hidden files and directories ... OK
* checking for portable file names ... OK
* checking for sufficient/correct file permissions ... OK
* checking whether package ‘funtooNorm’ can be installed ... OK
* checking installed package size ... OK
* checking package directory ... OK
* checking DESCRIPTION meta-information ... OK
* checking top-level files ... OK
* checking for left-over files ... OK
* checking index information ... OK
* checking package subdirectories ... OK
* checking code files for non-ASCII characters ... OK
* checking R files for syntax errors ... OK
* checking whether the package can be loaded ... OK
* checking whether the package can be loaded with stated dependencies ... OK
* checking whether the package can be unloaded cleanly ... OK
* checking whether the namespace can be loaded with stated dependencies ... OK
* checking whether the namespace can be unloaded cleanly ... OK
* checking loading without being on the library search path ... OK
* checking dependencies in R code ... OK
* checking S3 generic/method consistency ... OK
* checking replacement functions ... OK
* checking foreign function calls ... OK
* checking R code for possible problems ... OK
* checking Rd files ... NOTE
checkRd: (-1) fromRGChannelSet.Rd:5: Lost braces; missing escapes or markup?
     5 | \title{Creates an object of class SampleSet from a RGChannelSet {minfi}}
       |                                                                 ^
* checking Rd metadata ... OK
* checking Rd cross-references ... OK
* checking for missing documentation entries ... OK
* checking for code/documentation mismatches ... OK
* checking Rd \usage sections ... WARNING
Documented arguments not in \usage in Rd file 'show-SampleSet-method.Rd':
  ‘...’

Functions with \usage entries need to have the appropriate \alias
entries, and all their arguments documented.
The \usage entries must correspond to syntactically valid R code.
See chapter ‘Writing R documentation files’ in the ‘Writing R
Extensions’ manual.
* checking Rd contents ... OK
* checking for unstated dependencies in examples ... OK
* checking R/sysdata.rda ... OK
* checking files in ‘vignettes’ ... WARNING
Files in the 'vignettes' directory but no files in 'inst/doc':
  ‘MyEndnoteLibrary.bib’ ‘funtooNorm.Rmd’ ‘funtooNorm.pdf’
  ‘validationcurvesPCRlow.jpg’
Files named as vignettes but with no recognized vignette engine:
   ‘vignettes/funtooNorm.Rmd’
(Is a VignetteBuilder field missing?)
* checking examples ... OK
Examples with CPU (user + system) or elapsed time > 5s
                      user system elapsed
funtooNorm          26.665  0.718  27.449
getSnpM             25.377  0.224  25.659
getNormBeta         25.161  0.403  25.625
plotValidationGraph 24.536  0.327  24.923
getNormM            24.542  0.184  24.783
fromRGChannelSet    11.959  0.994  13.061
getGRanges           6.421  0.108   6.544
getRawBeta           5.847  0.027   5.888
* checking package vignettes ... NOTE
Package has ‘vignettes’ subdirectory but apparently no vignettes.
Perhaps the ‘VignetteBuilder’ information is missing from the
DESCRIPTION file?
* checking PDF version of manual ... OK
* DONE

Status: 2 WARNINGs, 2 NOTEs
See
  ‘/home/biocbuild/bbs-3.20-bioc/meat/funtooNorm.Rcheck/00check.log’
for details.