##############################################################################
##############################################################################
###
### Running command:
###
###   chmod a+r gDNAx -R && C:\Users\biocbuild\bbs-3.20-bioc\R\bin\R.exe CMD build --keep-empty-dirs --no-resave-data gDNAx
###
##############################################################################
##############################################################################


* checking for file 'gDNAx/DESCRIPTION' ... OK
* preparing 'gDNAx':
* checking DESCRIPTION meta-information ... OK
* installing the package to build vignettes
* creating vignettes ... ERROR
--- re-building 'gDNAx.Rmd' using rmarkdown

Quitting from lines 101-106 [unnamed-chunk-3] (gDNAx.Rmd)
Error: processing vignette 'gDNAx.Rmd' failed with diagnostics:
failed to load resource
  name: AH111333
  title: UCSC RepeatMasker annotations (Oct2022) for Human (hg38)
  reason: error reading from connection
--- failed re-building 'gDNAx.Rmd'

SUMMARY: processing the following file failed:
  'gDNAx.Rmd'

Error: Vignette re-building failed.
Execution halted