##############################################################################
##############################################################################
###
### Running command:
###
###   /Library/Frameworks/R.framework/Resources/bin/R CMD build --keep-empty-dirs --no-resave-data rDGIdb
###
##############################################################################
##############################################################################


* checking for file ‘rDGIdb/DESCRIPTION’ ... OK
* preparing ‘rDGIdb’:
* checking DESCRIPTION meta-information ... OK
* installing the package to build vignettes
* creating vignettes ... ERROR
--- re-building ‘vignette.Rnw’ using knitr

Quitting from lines 62-63 [query-dgidb-first] (vignette.Rnw)
Error: processing vignette 'vignette.Rnw' failed with diagnostics:
Timeout was reached [old.dgidb.org]: SSL connection timeout
--- failed re-building ‘vignette.Rnw’

SUMMARY: processing the following file failed:
  ‘vignette.Rnw’

Error: Vignette re-building failed.
Execution halted