##############################################################################
##############################################################################
###
### Running command:
###
###   /home/biocbuild/bbs-3.20-bioc/R/bin/R CMD check --install=check:rqubic.install-out.txt --library=/home/biocbuild/bbs-3.20-bioc/R/site-library --timings rqubic_1.52.0.tar.gz
###
##############################################################################
##############################################################################


* using log directory ‘/media/volume/teran2_disk/biocbuild/bbs-3.20-bioc/meat/rqubic.Rcheck’
* using R version 4.4.2 (2024-10-31)
* using platform: x86_64-pc-linux-gnu
* R was compiled by
    gcc (Ubuntu 13.2.0-23ubuntu4) 13.2.0
    GNU Fortran (Ubuntu 13.2.0-23ubuntu4) 13.2.0
* running under: Ubuntu 24.04.1 LTS
* using session charset: UTF-8
* checking for file ‘rqubic/DESCRIPTION’ ... OK
* checking extension type ... Package
* this is package ‘rqubic’ version ‘1.52.0’
* checking package namespace information ... OK
* checking package dependencies ... OK
* checking if this is a source package ... OK
* checking if there is a namespace ... OK
* checking for hidden files and directories ... OK
* checking for portable file names ... OK
* checking for sufficient/correct file permissions ... OK
* checking whether package ‘rqubic’ can be installed ... WARNING
Found the following significant warnings:
  bicluster.c:354:11: warning: suggest parentheses around assignment used as truth value [-Wparentheses]
See ‘/media/volume/teran2_disk/biocbuild/bbs-3.20-bioc/meat/rqubic.Rcheck/00install.out’ for details.
* used C compiler: ‘gcc (Ubuntu 13.2.0-23ubuntu4) 13.2.0’
* checking installed package size ... OK
* checking package directory ... OK
* checking ‘build’ directory ... OK
* checking DESCRIPTION meta-information ... OK
* checking top-level files ... OK
* checking for left-over files ... OK
* checking index information ... OK
* checking package subdirectories ... OK
* checking code files for non-ASCII characters ... OK
* checking R files for syntax errors ... OK
* checking whether the package can be loaded ... OK
* checking whether the package can be loaded with stated dependencies ... OK
* checking whether the package can be unloaded cleanly ... OK
* checking whether the namespace can be loaded with stated dependencies ... OK
* checking whether the namespace can be unloaded cleanly ... OK
* checking loading without being on the library search path ... OK
* checking whether startup messages can be suppressed ... OK
* checking dependencies in R code ... OK
* checking S3 generic/method consistency ... OK
* checking replacement functions ... OK
* checking foreign function calls ... OK
* checking R code for possible problems ... NOTE
writeQubicInputFile: no visible global function definition for
  ‘write.table’
Undefined global functions or variables:
  write.table
Consider adding
  importFrom("utils", "write.table")
to your NAMESPACE file.
* checking Rd files ... NOTE
checkRd: (-1) discretize.Rd:28-31: Lost braces in \itemize; meant \describe ?
checkRd: (-1) discretize.Rd:32-37: Lost braces in \itemize; meant \describe ?
* checking Rd metadata ... OK
* checking Rd cross-references ... OK
* checking for missing documentation entries ... OK
* checking for code/documentation mismatches ... OK
* checking Rd \usage sections ... OK
* checking Rd contents ... OK
* checking for unstated dependencies in examples ... OK
* checking line endings in C/C++/Fortran sources/headers ... OK
* checking compiled code ... NOTE
Note: information on .o files is not available
* checking files in ‘vignettes’ ... OK
* checking examples ... OK
* checking for unstated dependencies in ‘tests’ ... OK
* checking tests ...
  Running ‘c_output_parser_tests.R’
  Running ‘rqubic_implementations.R’
  Running ‘test_read.R’
  Running ‘test_utilities.R’
 OK
* checking for unstated dependencies in vignettes ... OK
* checking package vignettes ... OK
* checking re-building of vignette outputs ... OK
* checking PDF version of manual ... OK
* DONE

Status: 1 WARNING, 3 NOTEs
See
  ‘/media/volume/teran2_disk/biocbuild/bbs-3.20-bioc/meat/rqubic.Rcheck/00check.log’
for details.