##############################################################################
##############################################################################
###
### Running command:
###
###   /home/biocbuild/R/R/bin/R CMD check --install=check:triplex.install-out.txt --library=/home/biocbuild/R/R/site-library --no-vignettes --timings triplex_1.46.0.tar.gz
###
##############################################################################
##############################################################################


* using log directory ‘/home/biocbuild/bbs-3.20-bioc/meat/triplex.Rcheck’
* using R version 4.4.1 (2024-06-14)
* using platform: aarch64-unknown-linux-gnu
* R was compiled by
    gcc (GCC) 12.2.1 20220819 (openEuler 12.2.1-14)
    GNU Fortran (GCC) 10.3.1
* running under: openEuler 22.03 (LTS-SP1)
* using session charset: UTF-8
* using option ‘--no-vignettes’
* checking for file ‘triplex/DESCRIPTION’ ... OK
* checking extension type ... Package
* this is package ‘triplex’ version ‘1.46.0’
* checking package namespace information ... OK
* checking package dependencies ... OK
* checking if this is a source package ... OK
* checking if there is a namespace ... OK
* checking for hidden files and directories ... OK
* checking for portable file names ... OK
* checking for sufficient/correct file permissions ... OK
* checking whether package ‘triplex’ can be installed ... WARNING
Found the following significant warnings:
  Warning: replacing previous import ‘grid::pattern’ by ‘Biostrings::pattern’ when loading ‘triplex’
See ‘/home/biocbuild/bbs-3.20-bioc/meat/triplex.Rcheck/00install.out’ for details.
* used C compiler: ‘gcc (conda-forge gcc 14.2.0-1) 14.2.0’
* checking installed package size ... OK
* checking package directory ... OK
* checking ‘build’ directory ... OK
* checking DESCRIPTION meta-information ... OK
* checking top-level files ... OK
* checking for left-over files ... OK
* checking index information ... OK
* checking package subdirectories ... OK
* checking code files for non-ASCII characters ... OK
* checking R files for syntax errors ... OK
* checking whether the package can be loaded ... OK
* checking whether the package can be loaded with stated dependencies ... OK
* checking whether the package can be unloaded cleanly ... OK
* checking whether the namespace can be loaded with stated dependencies ... NOTE
Warning: no function found corresponding to methods exports from ‘triplex’ for: ‘type’

A namespace must be able to be loaded with just the base namespace
loaded: otherwise if the namespace gets loaded by a saved object, the
session will be unable to start.

Probably some imports need to be declared in the NAMESPACE file.
* checking whether the namespace can be unloaded cleanly ... OK
* checking loading without being on the library search path ... OK
* checking dependencies in R code ... NOTE
'library' or 'require' call to ‘rgl’ in package code.
  Please use :: or requireNamespace() instead.
  See section 'Suggested packages' in the 'Writing R Extensions' manual.
Unexported object imported by a ':::' call: ‘IRanges:::new_Views’
  See the note in ?`:::` about the use of this operator.
* checking S3 generic/method consistency ... OK
* checking replacement functions ... OK
* checking foreign function calls ... OK
* checking R code for possible problems ... NOTE
countBend: no visible global function definition for ‘optimize’
drawBase: no visible global function definition for ‘rgl.triangles’
join: no visible global function definition for ‘rgl.quads’
joinRect: no visible global function definition for ‘rgl.quads’
triplex.3D: no visible global function definition for
  ‘installed.packages’
triplex.3D: no visible global function definition for ‘type’
triplex.3D: no visible global function definition for ‘nlm’
triplex.3D: no visible global function definition for ‘rgl.bg’
triplex.3D: no visible global function definition for ‘rgl.spheres’
triplex.diagram: no visible global function definition for ‘type’
triplex.input: no visible global function definition for ‘type’
coerce,TriplexViews-DNAStringSet: no visible global function definition
  for ‘type’
coerce,TriplexViews-GRanges: no visible global function definition for
  ‘type’
Undefined global functions or variables:
  installed.packages nlm optimize rgl.bg rgl.quads rgl.spheres
  rgl.triangles type
Consider adding
  importFrom("stats", "nlm", "optimize")
  importFrom("utils", "installed.packages")
to your NAMESPACE file.
* checking Rd files ... WARNING
checkRd: (5) TriplexViews-class.Rd:68-71: \item in \describe must have non-empty label
checkRd: (5) TriplexViews-class.Rd:72-75: \item in \describe must have non-empty label
checkRd: (5) TriplexViews-class.Rd:76-80: \item in \describe must have non-empty label
checkRd: (5) TriplexViews-class.Rd:81-84: \item in \describe must have non-empty label
checkRd: (5) TriplexViews-class.Rd:85-88: \item in \describe must have non-empty label
checkRd: (5) TriplexViews-class.Rd:89-92: \item in \describe must have non-empty label
checkRd: (5) TriplexViews-class.Rd:93-96: \item in \describe must have non-empty label
checkRd: (5) TriplexViews-class.Rd:97-100: \item in \describe must have non-empty label
checkRd: (5) TriplexViews-class.Rd:101-104: \item in \describe must have non-empty label
* checking Rd metadata ... OK
* checking Rd cross-references ... OK
* checking for missing documentation entries ... OK
* checking for code/documentation mismatches ... OK
* checking Rd \usage sections ... OK
* checking Rd contents ... OK
* checking for unstated dependencies in examples ... OK
* checking line endings in C/C++/Fortran sources/headers ... OK
* checking compiled code ... NOTE
Note: information on .o files is not available
* checking files in ‘vignettes’ ... OK
* checking examples ... OK
* checking for unstated dependencies in vignettes ... OK
* checking package vignettes ... OK
* checking running R code from vignettes ... SKIPPED
* checking re-building of vignette outputs ... SKIPPED
* checking PDF version of manual ... OK
* DONE

Status: 2 WARNINGs, 4 NOTEs
See
  ‘/home/biocbuild/bbs-3.20-bioc/meat/triplex.Rcheck/00check.log’
for details.