Back to the "Multiple platform build/check report"
Package 109/172 | OS | Arch | BUILD | CHECK | BUILD BIN |
MVCClass1.6.0Elizabeth Whalen | Linux (SUSE 9.2) | x86_64 | OK | OK | |
Linux (SUSE 9.2) | i686 | OK | OK | ||
Solaris 2.9 | sparc | OK | OK | ||
Linux (SUSE 10.0) | x86_64 | OK | OK | ||
Windows Server 2003 | x86_64 | OK | [ ERROR ] | OK |
Package: MVCClass |
Version: 1.6.0 |
Command: D:\biocbld\1.8d\R\bin\R.exe CMD check MVCClass_1.6.0.tar.gz |
RetCode: 1 |
Time: 5.5 seconds |
Status: ERROR |
CheckDir: MVCClass.Rcheck |
Warnings: NA |
* checking for working latex ... OK * using log directory 'D:/biocbld/1.8d/Rpacks/MVCClass.Rcheck' * using Version 2.3.1 (2006-06-01) * checking for file 'MVCClass/DESCRIPTION' ... OK * this is package 'MVCClass' version '1.6.0' * checking package dependencies ... ERROR Packages required but not available: RGtk gtkDevice