1.5.0V. Carey | Linux (SUSE 9.2) | x86_64 | OK | WARNINGS | |
Linux (SUSE 9.2) | i686 | OK | WARNINGS | |
Solaris 2.9 | sparc | OK | [ ERROR ] | |
Linux (SUSE 10.0) | x86_64 | OK | WARNINGS | |
Windows Server 2003 | x86_64 | OK | WARNINGS | OK |
* checking for working latex ... OK
* using log directory '/loc/biocbuild/1.9d/Rpacks/MLInterfaces.Rcheck'
* using R version 2.4.0 Under development (unstable) (2006-06-04 r38279)
* checking for file 'MLInterfaces/DESCRIPTION' ... OK
* this is package 'MLInterfaces' version '1.5.0'
* checking package dependencies ... ERROR
Packages required but not available:
gbm