0.1.16Robert Scharpf | Linux (SUSE 9.2) | x86_64 | OK | ERROR | |
Linux (SUSE 9.2) | i686 | OK | ERROR | |
Solaris 2.9 | sparc | OK | [ ERROR ] | |
Linux (SUSE 10.0) | x86_64 | OK | ERROR | |
Windows Server 2003 | x86_64 | OK | ERROR | ERROR |
* checking for working latex ... OK
* using log directory '/loc/biocbuild/1.9d/Rpacks/SNPscan.Rcheck'
* using R version 2.4.0 Under development (unstable) (2006-06-04 r38279)
* checking for file 'SNPscan/DESCRIPTION' ... OK
* this is package 'SNPscan' version '0.1.16'
* checking package dependencies ... ERROR
Packages required but not available:
xba240snp50k hind240snp50k