1.11.1Craig Parman | Linux (SUSE 9.2) | x86_64 | OK | OK | |
Linux (SUSE 9.2) | i686 | OK | OK | |
Solaris 2.9 | sparc | [ ERROR ] | skipped | |
Linux (SUSE 10.0) | x86_64 | OK | OK | |
Windows Server 2003 | x86_64 | OK | OK | OK |
* checking for file 'affyQCReport/DESCRIPTION' ... OK
* preparing 'affyQCReport':
* checking DESCRIPTION meta-information ... OK
* installing the package to re-build vignettes
* Installing *source* package 'affyQCReport' ...
** R
** inst
** help
>>> Building/Updating help pages for package 'affyQCReport'
Formats: text html latex example
QCReport text html latex example
borderQC1 text html latex example
borderQC2 text html latex example
correlationPlot text html latex example
signalDist text html latex example
titlePage text html latex example
** building package indices ...
* DONE (affyQCReport)
* creating vignettes ... ERROR
Welcome to Bioconductor
Vignettes contain introductory material. To view, type
'openVignette()' or start with 'help(Biobase)'. For details
on reading vignettes, see the openVignette help page.
Error: chunk 1
Error: package 'affy' could not be loaded
Error in buildVignettes(dir = ".") : Error: chunk 1
Error: package 'affy' could not be loaded
Execution halted