Back to the "Multiple platform build/check report"
Package 98/187 | OS | Arch | BUILD | CHECK | BUILD BIN |
maDB1.5.0Johannes Rainer | Linux (SUSE 9.2) | x86_64 | OK | OK | |
Linux (SUSE 9.2) | i686 | OK | OK | ||
Solaris 2.9 | sparc | OK | [ ERROR ] | ||
Linux (SUSE 10.0) | x86_64 | OK | OK | ||
Windows Server 2003 | x86_64 | OK | ERROR | ERROR |
Package: maDB |
Version: 1.5.0 |
Command: /loc/biocbuild/1.9d/R/bin/R CMD check maDB_1.5.0.tar.gz |
RetCode: 1 |
Time: 10.1 seconds |
Status: ERROR |
CheckDir: maDB.Rcheck |
Warnings: NA |
* checking for working latex ... OK * using log directory '/loc/biocbuild/1.9d/Rpacks/maDB.Rcheck' * using R version 2.4.0 Under development (unstable) (2006-06-04 r38279) * checking for file 'maDB/DESCRIPTION' ... OK * this is package 'maDB' version '1.5.0' * checking package dependencies ... ERROR Packages required but not available: pgUtils