* checking for file 'panp/DESCRIPTION' ... OK
* preparing 'panp':
* checking DESCRIPTION meta-information ... OK
* installing the package to re-build vignettes
* Installing *source* package 'panp' ...
** R
** data
** inst
** help
>>> Building/Updating help pages for package 'panp'
Formats: text html latex example
NSMPnames.hgu133a text html latex
NSMPnames.hgu133plus2 text html latex
gcrma.exprSet text html latex
pa.calls text html latex example
test133a text html latex
** building package indices ...
* DONE (panp)
* creating vignettes ... ERROR
Welcome to Bioconductor
Vignettes contain introductory material. To view, type
'openVignette()' or start with 'help(Biobase)'. For details
on reading vignettes, see the openVignette help page.
Error: chunk 1 (label=LibraryPreload)
Error: package 'affy' could not be loaded
Error in buildVignettes(dir = ".") : Error: chunk 1 (label=LibraryPreload)
Error: package 'affy' could not be loaded
Execution halted