1.5.0Daniel Iordan | Linux (SUSE 9.2) | x86_64 | OK | OK | |
Linux (SUSE 9.2) | i686 | OK | OK | |
Solaris 2.9 | sparc | OK | ERROR | |
Linux (SUSE 10.0) | x86_64 | OK | OK | |
Windows Server 2003 | x86_64 | OK | [ ERROR ] | ERROR |
* checking for working latex ... OK
* using log directory 'D:/biocbld/1.9d/Rpacks/GeneTraffic.Rcheck'
* using R version 2.4.0 Under development (unstable) (2006-06-04 r38279)
* checking for file 'GeneTraffic/DESCRIPTION' ... OK
* this is package 'GeneTraffic' version '1.5.0'
* checking package dependencies ... ERROR
Packages required but not available:
SSOAP