Back to the "Multiple platform build/check report"
Package 147/187 | OS | Arch | BUILD | CHECK | BUILD BIN |
rflowcyt1.5.4N. Le Meur | Linux (SUSE 9.2) | x86_64 | OK | ERROR | |
Linux (SUSE 9.2) | i686 | OK | ERROR | ||
Solaris 2.9 | sparc | OK | ERROR | ||
Linux (SUSE 10.0) | x86_64 | OK | ERROR | ||
Windows Server 2003 | x86_64 | OK | [ ERROR ] | OK |
Package: rflowcyt |
Version: 1.5.4 |
Command: D:\biocbld\1.9d\R\bin\R.exe CMD check rflowcyt_1.5.4.tar.gz |
RetCode: 1 |
Time: 287.3 seconds |
Status: ERROR |
CheckDir: rflowcyt.Rcheck |
Warnings: NA |
* checking for working latex ... OK * using log directory 'D:/biocbld/1.9d/Rpacks/rflowcyt.Rcheck' * using R version 2.4.0 Under development (unstable) (2006-06-04 r38279) * checking for file 'rflowcyt/DESCRIPTION' ... OK * this is package 'rflowcyt' version '1.5.4' * checking package dependencies ... OK * checking if this is a source package ... OK * checking whether package 'rflowcyt' can be installed ... WARNING Found the following significant warnings: missing link(s): xyplot xyplot lattice lattice xyplot missing link(s): density.lf locfit density.lf locfit density.lf * checking package directory ... OK * checking for portable file names ... OK * checking DESCRIPTION meta-information ... OK * checking top-level files ... OK * checking index information ... OK * checking package subdirectories ... OK * checking R files for syntax errors ... OK * checking R files for non-ASCII characters ... OK * checking R files for library.dynam ... OK * checking S3 generic/method consistency ... WARNING parallel: function(x, data, ...) parallel.coordinates: function(x, varlabpos, variable.names, my.ylab, my.ylim, at.y, each.ylab, scaled, group, group.lty, group.col, group.lwd, superimpose) See section 'Generic functions and methods' of the 'Writing R Extensions' manual. * checking replacement functions ... OK * checking foreign function calls ... OK * checking Rd files ... OK * checking for missing documentation entries ... WARNING Undocumented S4 classes: cytoFrame Undocumented S4 methods: generic coerce and siglist FCS,cytoFrame generic coerce and siglist cytoFrame,FCS All user-level objects in a package (including S4 classes and methods) should have documentation entries. See chapter 'Writing R documentation files' in manual 'Writing R Extensions'. * checking for code/documentation mismatches ... WARNING Codoc mismatches from documentation object 'read.FCS': read.FCS Code: function(fileName, FCSobj.name = "", fcs.type = NULL, fcs.byte.size = 2, fcs.signed = TRUE, use.FCS.shortnames = FALSE, no.names = FALSE, UseS3 = FALSE, MY.DEBUG = TRUE) Docs: function(fileName, myFCSobj.name = "", fcs.type = NULL, fcs.byte.size = 2, fcs.signed = TRUE, fcs.endian = "auto", use.FCS.shortnames = FALSE, no.names = FALSE, UseS3 = FALSE, MY.DEBUG = TRUE) * checking Rd \usage sections ... OK * creating rflowcyt-Ex.R ... OK * checking examples ... OK * checking tests ... make[1]: Entering directory `/cygdrive/d/biocbld/1.9d/Rpacks/rflowcyt.Rcheck/tests' Running 'FCSclass-tests.R' make[1]: *** [FCSclass-tests.Rout] Error 1 make[1]: Leaving directory `/cygdrive/d/biocbld/1.9d/Rpacks/rflowcyt.Rcheck/tests' make: *** [all] Error 2 ERROR
rflowcyt.Rcheck/00install.out:
installing R.css in D:/biocbld/1.9d/Rpacks/rflowcyt.Rcheck ---------- Making package rflowcyt ------------ adding build stamp to DESCRIPTION installing NAMESPACE file and metadata installing R files installing inst files installing man source files installing indices installing help >>> Building/Updating help pages for package 'rflowcyt' Formats: text html latex example chm ContourScatterPlot text html latex example chm FCS-class text html latex example chm FCSgate-class text html latex example chm FCSggobi-class text html latex example chm FCSmetadata-class text html latex example chm FCSsummary-class text html latex example chm FHCRC.HVTNFCS text html latex example chm ImageParCoord text html latex example chm KS.flowcytest text html latex example chm MODE text html latex example chm PercentPos.FCS text html latex example chm ProbBin.FCS text html latex example chm ProbBin.flowcytest text html latex example chm ROC.FCS text html latex example chm VRC.HVTNFCS text html latex example chm WLR.flowcytest text html latex example chm add.parallel.coordinates text html latex example chm add.parallelCoordinates text html latex example chm addParameter-methods text html latex chm boxplot.FCS text html latex example chm breakpoints.ProbBin text html latex example chm checkvars-methods text html latex chm coerce-FCSformat text html latex example chm coerce-methods text html latex chm convertS3toS4 text html latex example chm createGate text html latex example chm cytoSet-class text html latex example chm dim.FCS-methods text html latex chm emp.f text html latex example chm equals-methods text html latex chm extractGateHistory text html latex example chm extractGatedData text html latex example chm fcs.type text html latex example chm fixvars-methods text html latex chm fluors-methods text html latex chm gate.IPC text html latex example chm get.h text html latex example chm get.num.modes text html latex example chm get.p text html latex example chm ggobi-methods text html latex chm legend.CSP text html latex example chm make.grid text html latex example chm metaData-methods text html latex chm pairs.CSP text html latex example chm parallel.coordinates text html latex example chm parallelCoordinates text html latex example chm pkci2.flowcytest text html latex example chm plot-methods text html latex chm plot.ProbBin.FCS text html latex example chm plot2sets.FCS text html latex example chm plotECDF.FCS text html latex example chm missing link(s): xyplot xyplot lattice lattice xyplot plotQA.FCS text html latex example chm plotdensity.FCS text html latex example chm missing link(s): density.lf locfit density.lf locfit density.lf plotvar.FCS text html latex example chm print-methods text html latex chm read.FCS text html latex example chm read.series.FCS text html latex example chm rect.box.idx text html latex example chm runflowcytests text html latex example chm show-methods text html latex chm showgate.FCS text html latex example chm standard text html latex example chm subset-methods text html latex chm subset2-methods text html latex chm subset2assign-methods text html latex chm subsetassign-methods text html latex chm summary-methods text html latex chm summary.ProbBin.FCS text html latex example chm xgobi.FCS text html latex example chm Microsoft HTML Help Compiler 4.74.8702 Compiling d:\biocbld\1.9d\Rpacks\rflowcyt.Rcheck\00_pkg_src\rflowcyt\chm\rflowcyt.chm Compile time: 0 minutes, 0 seconds 70 Topics 558 Local links 1 Internet link 1 Graphic Created d:\biocbld\1.9d\Rpacks\rflowcyt.Rcheck\00_pkg_src\rflowcyt\chm\rflowcyt.chm, 173,239 bytes Compression decreased file by 287,037 bytes. preparing package rflowcyt for lazy loading Creating a new generic function for 'print' in 'rflowcyt' adding MD5 sums * DONE (rflowcyt)