Back to the "Multiple platform build/check report"
Package 170/214 | Hostname | OS | Arch | BUILD | CHECK | BUILD BIN |
Resourcerer1.10.0Jianhua ZhangLast Changed Date: 2007-04-24 11:21:48 -0700 Last Changed Rev: 24214 | lamb1 | Linux (SUSE 10.1) | x86_64 | OK | OK | |
wellington | Linux (SUSE 9.2) | i686 | OK | OK | ||
churchill | Solaris 2.9 | sparc | ERROR | skipped | ||
lemming | Windows Server 2003 (32-bit) | x64 | OK | OK | OK | |
liverpool | Windows Server 2003 R2 (32-bit) | x64 | OK | [ ERROR ] | OK | |
derby | Mac OS X (10.4.9) | i686 | OK | OK |
Package: Resourcerer |
Version: 1.10.0 |
Command: E:\biocbld\bbs-2.0-bioc\R\bin\R.exe CMD check Resourcerer_1.10.0.tar.gz |
RetCode: 1 |
Time: 40.5 seconds |
Status: ERROR |
CheckDir: Resourcerer.Rcheck |
Warnings: NA |
* checking for working latex ... OK * using log directory 'E:/biocbld/bbs-2.0-bioc/meat/Resourcerer.Rcheck' * using R version 2.5.0 (2007-04-23) * checking for file 'Resourcerer/DESCRIPTION' ... OK * this is package 'Resourcerer' version '1.10.0' * checking package dependencies ... OK * checking if this is a source package ... OK * checking whether package 'Resourcerer' can be installed ... OK * checking package directory ... OK * checking for portable file names ... OK * checking DESCRIPTION meta-information ... OK * checking top-level files ... OK * checking index information ... OK * checking package subdirectories ... OK * checking R files for non-ASCII characters ... OK * checking R files for syntax errors ... OK * checking whether the package can be loaded ... OK * checking whether the package can be loaded with stated dependencies ... OK * checking whether the name space can be loaded with stated dependencies ... OK * checking for unstated dependencies in R code ... OK * checking S3 generic/method consistency ... OK * checking replacement functions ... OK * checking foreign function calls ... OK * checking R code for possible problems ... OK * checking Rd files ... OK * checking Rd cross-references ... OK * checking for missing documentation entries ... OK * checking for code/documentation mismatches ... WARNING Error: package 'Biobase' could not be loaded Call sequence: 3: stop(gettextf("package '%s' could not be loaded", pkg), call. = FALSE, domain = NA) 2: .getRequiredPackages2(pkgInfo) 1: library(package, lib.loc = lib.loc, character.only = TRUE, verbose = FALSE) Execution halted Error: package 'Biobase' could not be loaded Call sequence: 3: stop(gettextf("package '%s' could not be loaded", pkg), call. = FALSE, domain = NA) 2: .getRequiredPackages2(pkgInfo) 1: library(package, lib.loc = lib.loc, character.only = TRUE, verbose = FALSE) Execution halted Error: package 'Biobase' could not be loaded Call sequence: 3: stop(gettextf("package '%s' could not be loaded", pkg), call. = FALSE, domain = NA) 2: .getRequiredPackages2(pkgInfo) 1: library(package, lib.loc = lib.loc, character.only = TRUE, verbose = FALSE) Execution halted * checking Rd \usage sections ... OK * creating Resourcerer-Ex.R ... OK * checking examples ... ERROR Running examples in 'Resourcerer-Ex.R' failed.
Resourcerer.Rcheck/00install.out:
installing R.css in E:/biocbld/bbs-2.0-bioc/meat/Resourcerer.Rcheck ---------- Making package Resourcerer ------------ adding build stamp to DESCRIPTION installing NAMESPACE file and metadata installing R files installing inst files installing man source files installing indices installing help >>> Building/Updating help pages for package 'Resourcerer' Formats: text html latex example chm getRsourcerer text html latex example chm resourcerer2BioC text html latex example chm Microsoft HTML Help Compiler 4.74.8702 Compiling e:\biocbld\bbs-2.0-bioc\meat\Resourcerer.Rcheck\00_pkg_src\Resourcerer\chm\Resourcerer.chm Compile time: 0 minutes, 0 seconds 3 Topics 6 Local links 2 Internet links 1 Graphic Created e:\biocbld\bbs-2.0-bioc\meat\Resourcerer.Rcheck\00_pkg_src\Resourcerer\chm\Resourcerer.chm, 20,118 bytes Compression increased file by 4,963 bytes. preparing package Resourcerer for lazy loading Loading required package: Biobase Loading required package: tools Welcome to Bioconductor Vignettes contain introductory material. To view, type 'openVignette()'. To cite Bioconductor, see 'citation("Biobase")' and for packages 'citation(pkgname)'. Loading required package: AnnBuilder Loading required package: XML Loading required package: annotate adding MD5 sums * DONE (Resourcerer)