Back to the "Multiple platform build/check report"

NOTES: (1) a maintainance reboot of lemming prevented these builds to complete on this machine (2) these are the last builds with R 2.6.0 (2007-06-03 r41797) on lamb1 and lemming, next builds will be with R 2.6.0 (2007-06-10 r41908) configured with --enable-strict-barrier
Package 47/238HostnameOSArchBUILDCHECKBUILD BIN

ChromoViz

1.9.0

Jihoon Kim
Last Changed Date: 2007-04-24 11:31:42 -0700
Last Changed Rev: 24217
lamb1 Linux (SUSE 10.1) x86_64  OK  WARNINGS 
wellington Linux (SUSE 9.2) i686  OK  WARNINGS 
churchill Solaris 2.9 sparc  OK [ ERROR ]
lemming Windows Server 2003 (32-bit) x64  OK  WARNINGS skipped
Package: ChromoViz
Version: 1.9.0
Command: /loc/biocbuild/bbs-2.1-bioc/R/bin/R CMD check ChromoViz_1.9.0.tar.gz
RetCode: 1
Time: 10.1 seconds
Status: ERROR
CheckDir: ChromoViz.Rcheck
Warnings: NA

Command output

* checking for working latex ... OK
* using log directory '/loc/biocbuild/bbs-2.1-bioc/meat/ChromoViz.Rcheck'
* using R version 2.6.0 Under development (unstable) (2007-06-03 r41797)
* checking for file 'ChromoViz/DESCRIPTION' ... OK
* checking extension type ... Package
* this is package 'ChromoViz' version '1.9.0'
* checking package dependencies ... ERROR
Packages required but not available:
  XML

See the information on DESCRIPTION files in the chapter 'Creating R
packages' of the 'Writing R Extensions' manual.