ArrayTools 1.16.0 Arthur Li
Snapshot Date: 2012-03-31 17:01:49 -0700 (Sat, 31 Mar 2012) | URL: https://hedgehog.fhcrc.org/bioconductor/branches/RELEASE_2_10/madman/Rpacks/ArrayTools | Last Changed Rev: 64678 / Revision: 64719 | Last Changed Date: 2012-03-30 15:05:02 -0700 (Fri, 30 Mar 2012) |
| lamb2 | Linux (openSUSE 11.4) / x86_64 | OK | OK | |
puck5 | Linux (Ubuntu 12.04) / x86_64 | [ ERROR ] | skipped | |
moscato2 | Windows Server 2008 R2 Enterprise SP1 (64-bit) / x64 | OK | OK | OK |
petty | Mac OS X Leopard (10.5.8) / i386 | OK | OK | OK |
* checking for file 'ArrayTools/DESCRIPTION' ... OK
* preparing 'ArrayTools':
* checking DESCRIPTION meta-information ... OK
* installing the package to re-build vignettes
* creating vignettes ... ERROR
Loading required package: affy
Loading required package: BiocGenerics
Attaching package: 'BiocGenerics'
The following object(s) are masked from 'package:stats':
xtabs
The following object(s) are masked from 'package:base':
Filter, Find, Map, Position, Reduce, anyDuplicated, cbind,
colnames, duplicated, eval, get, intersect, lapply, mapply, mget,
order, paste, pmax, pmax.int, pmin, pmin.int, rbind, rep.int,
rownames, sapply, setdiff, table, tapply, union, unique
Loading required package: Biobase
Welcome to Bioconductor
Vignettes contain introductory material; view with
'browseVignettes()'. To cite Bioconductor, see
'citation("Biobase")', and for packages 'citation("pkgname")'.
Loading required package: AnnotationDbi
Loading required package: org.Hs.eg.db
Loading required package: DBI
Loading required package: annaffy
Loading required package: GO.db
Loading required package: KEGG.db
KEGG.db contains mappings based on older data because the original
resource was removed from the the public domain before the most
recent update was produced. This package should now be considered
deprecated and future versions of Bioconductor may not have it
available. One possible alternative to consider is to look at the
reactome.db package
Loading required package: R2HTML
Error in texi2dvi(file = file, pdf = TRUE, clean = clean, quiet = quiet, :
Running 'texi2dvi' on 'ArrayTools.tex' failed.
LaTeX errors:
! Package auto-pst-pdf Error:
"shell escape" (or "write18") is not enabled:
auto-pst-pdf will not work!
.
Calls: <Anonymous> -> texi2pdf -> texi2dvi
Execution halted