Back to the "Multiple platform build/check report" A  B  C  D  E  F [G] H  I  J  K  L  M  N  O  P  Q  R  S  T  U  V  W  X  Y  Z 

Package 224/554HostnameOS / ArchBUILDCHECKBUILD BIN
GenomicFeatures 1.8.0
Bioconductor Package Maintainer
Snapshot Date: 2012-03-31 17:01:49 -0700 (Sat, 31 Mar 2012)
URL: https://hedgehog.fhcrc.org/bioconductor/branches/RELEASE_2_10/madman/Rpacks/GenomicFeatures
Last Changed Rev: 64678 / Revision: 64719
Last Changed Date: 2012-03-30 15:05:02 -0700 (Fri, 30 Mar 2012)
lamb2 Linux (openSUSE 11.4) / x86_64  OK  WARNINGS 
puck5 Linux (Ubuntu 12.04) / x86_64  OK [ WARNINGS ]
moscato2 Windows Server 2008 R2 Enterprise SP1 (64-bit) / x64  OK  WARNINGS  OK 
petty Mac OS X Leopard (10.5.8) / i386  OK  WARNINGS  OK 

Summary

Package: GenomicFeatures
Version: 1.8.0
Command: /home/hpages/test-puck5/bbs-2.10-bioc/R/bin/R CMD check --no-vignettes --timings GenomicFeatures_1.8.0.tar.gz
StartedAt: 2012-04-01 01:12:55 -0700 (Sun, 01 Apr 2012)
EndedAt: 2012-04-01 01:21:03 -0700 (Sun, 01 Apr 2012)
EllapsedTime: 487.1 seconds
RetCode: 0
Status:  WARNINGS 
CheckDir: GenomicFeatures.Rcheck
Warnings: 1

Command output

* using log directory '/loc/home/hpages/test-puck5/bbs-2.10-bioc/meat/GenomicFeatures.Rcheck'
* using R version 2.15.0 RC (2012-03-22 r58802)
* using platform: x86_64-unknown-linux-gnu (64-bit)
* using session charset: ISO8859-1
* using option '--no-vignettes'
* checking for file 'GenomicFeatures/DESCRIPTION' ... OK
* this is package 'GenomicFeatures' version '1.8.0'
* checking package namespace information ... OK
* checking package dependencies ... OK
* checking if this is a source package ... OK
* checking if there is a namespace ... OK
* checking whether package 'GenomicFeatures' can be installed ... OK
* checking installed package size ... OK
* checking package directory ... OK
* checking for portable file names ... OK
* checking for sufficient/correct file permissions ... OK
* checking DESCRIPTION meta-information ... OK
* checking top-level files ... OK
* checking index information ... OK
* checking package subdirectories ... OK
* checking R files for non-ASCII characters ... OK
* checking R files for syntax errors ... OK
* checking whether the package can be loaded ... OK
* checking whether the package can be loaded with stated dependencies ... OK
* checking whether the package can be unloaded cleanly ... OK
* checking whether the namespace can be loaded with stated dependencies ... OK
* checking whether the namespace can be unloaded cleanly ... OK
* checking for unstated dependencies in R code ... OK
* checking S3 generic/method consistency ... OK
* checking replacement functions ... OK
* checking foreign function calls ... OK
* checking R code for possible problems ... NOTE
.getBiomartDbVersion: no visible binding for global variable 'mart'
.getMetaDataValue: no visible global function definition for 'error'
.valid.FeatureDb: no visible global function definition for
  '.valid.metadata.table'
.validate.colnames: no visible global function definition for
  '.valid.colnames'
* checking Rd files ... OK
* checking Rd metadata ... WARNING
Rd files with duplicated alias 'asBED,TranscriptDb-method':
  'TranscriptDb-class.Rd' 'as-format-methods.Rd'
Rd files with duplicated alias 'asGFF,TranscriptDb-method':
  'TranscriptDb-class.Rd' 'as-format-methods.Rd'
* checking Rd cross-references ... OK
* checking for missing documentation entries ... OK
* checking for code/documentation mismatches ... OK
* checking Rd \usage sections ... OK
* checking Rd contents ... OK
* checking for unstated dependencies in examples ... OK
* checking installed files from 'inst/doc' ... OK
* checking examples ... OK
* checking for unstated dependencies in tests ... OK
* checking tests ...
  Running 'GenomicFeatures_unit_tests.R'
 OK
* checking for unstated dependencies in vignettes ... NOTE
'library' or 'require' calls not declared from:
  'DESeq' 'DEXSeq' 'Rsamtools' 'xtable'
* checking package vignettes in 'inst/doc' ... OK
* checking running R code from vignettes ... SKIPPED
* checking re-building of vignettes ... SKIPPED
* checking PDF version of manual ... OK

WARNING: There was 1 warning.
NOTE: There were 2 notes.
See
  '/loc/home/hpages/test-puck5/bbs-2.10-bioc/meat/GenomicFeatures.Rcheck/00check.log'
for details.

GenomicFeatures.Rcheck/00install.out:

* installing *source* package 'GenomicFeatures' ...
** R
** inst
** preparing package for lazy loading
** help
*** installing help indices
** building package indices
** installing vignettes
   'GenomicFeatures.Rnw' 
   'spliceGraph.Rnw' 
** testing if installed package can be loaded

* DONE (GenomicFeatures)

GenomicFeatures.Rcheck/GenomicFeatures-Ex.timings:

nameusersystemelapsed
DEFAULT_CIRC_SEQS000
TranscriptDb-class0.8840.0600.955
as-format-methods2.0320.0082.044
extractTranscriptsFromGenome72.469 5.02077.672
features0.0800.0000.083
id2name0.0680.0000.076
makeFeatureDbFromUCSC 39.918 0.360139.824
makeTranscriptDb0.0600.0040.081
makeTranscriptDbFromBiomart 1.544 0.05623.175
makeTranscriptDbFromUCSC2.1240.0167.586
makeTxDbPackage0.4080.0040.447
saveFeatures0.0760.0120.096
spliceGraph0.0040.0000.001
transcripts0.4880.0000.494
transcriptsBy1.8410.0081.854
transcriptsByOverlaps0.2640.0040.276