Back to the "Multiple platform build/check report" A  B  C  D  E  F  G [H] I  J  K  L  M  N  O  P  Q  R  S  T  U  V  W  X  Y  Z 

Package 263/554HostnameOS / ArchBUILDCHECKBUILD BIN
HilbertVis 1.14.0
Simon Anders
Snapshot Date: 2012-03-31 17:01:49 -0700 (Sat, 31 Mar 2012)
URL: https://hedgehog.fhcrc.org/bioconductor/branches/RELEASE_2_10/madman/Rpacks/HilbertVis
Last Changed Rev: 64678 / Revision: 64719
Last Changed Date: 2012-03-30 15:05:02 -0700 (Fri, 30 Mar 2012)
lamb2 Linux (openSUSE 11.4) / x86_64  OK  OK 
puck5 Linux (Ubuntu 12.04) / x86_64  OK [ ERROR ]
moscato2 Windows Server 2008 R2 Enterprise SP1 (64-bit) / x64  OK  OK  OK 
petty Mac OS X Leopard (10.5.8) / i386 N O T   S U P P O R T E D

Summary

Package: HilbertVis
Version: 1.14.0
Command: /home/hpages/test-puck5/bbs-2.10-bioc/R/bin/R CMD check --no-vignettes --timings HilbertVis_1.14.0.tar.gz
StartedAt: 2012-04-01 01:37:15 -0700 (Sun, 01 Apr 2012)
EndedAt: 2012-04-01 01:37:15 -0700 (Sun, 01 Apr 2012)
EllapsedTime: 0.7 seconds
RetCode: 1
Status:  ERROR 
CheckDir: HilbertVis.Rcheck
Warnings: NA

Command output

* using log directory '/loc/home/hpages/test-puck5/bbs-2.10-bioc/meat/HilbertVis.Rcheck'
* using R version 2.15.0 RC (2012-03-22 r58802)
* using platform: x86_64-unknown-linux-gnu (64-bit)
* using session charset: ISO8859-1
* using option '--no-vignettes'
* checking for file 'HilbertVis/DESCRIPTION' ... OK
* this is package 'HilbertVis' version '1.14.0'
* checking package namespace information ... OK
* checking package dependencies ... ERROR
Package suggested but not available: 'EBImage'

The suggested packages are required for a complete check.
Checking can be attempted without them by setting the environment
variable _R_CHECK_FORCE_SUGGESTS_ to a false value.

See the information on DESCRIPTION files in the chapter 'Creating R
packages' of the 'Writing R Extensions' manual.