Back to the "Multiple platform build/check report" A  B  C  D  E  F  G  H  I  J  K  L  M  N  O  P  Q [R] S  T  U  V  W  X  Y  Z 

Package 448/554HostnameOS / ArchBUILDCHECKBUILD BIN
REDseq 1.2.0
Lihua Julie Zhu
Snapshot Date: 2012-03-31 17:01:49 -0700 (Sat, 31 Mar 2012)
URL: https://hedgehog.fhcrc.org/bioconductor/branches/RELEASE_2_10/madman/Rpacks/REDseq
Last Changed Rev: 64678 / Revision: 64719
Last Changed Date: 2012-03-30 15:05:02 -0700 (Fri, 30 Mar 2012)
lamb2 Linux (openSUSE 11.4) / x86_64  OK  WARNINGS 
puck5 Linux (Ubuntu 12.04) / x86_64  OK [ WARNINGS ]
moscato2 Windows Server 2008 R2 Enterprise SP1 (64-bit) / x64  OK  WARNINGS  OK 
petty Mac OS X Leopard (10.5.8) / i386  OK  WARNINGS  OK 

Summary

Package: REDseq
Version: 1.2.0
Command: /home/hpages/test-puck5/bbs-2.10-bioc/R/bin/R CMD check --no-vignettes --timings REDseq_1.2.0.tar.gz
StartedAt: 2012-04-01 03:01:11 -0700 (Sun, 01 Apr 2012)
EndedAt: 2012-04-01 03:04:14 -0700 (Sun, 01 Apr 2012)
EllapsedTime: 183.1 seconds
RetCode: 0
Status:  WARNINGS 
CheckDir: REDseq.Rcheck
Warnings: 1

Command output

* using log directory '/loc/home/hpages/test-puck5/bbs-2.10-bioc/meat/REDseq.Rcheck'
* using R version 2.15.0 RC (2012-03-22 r58802)
* using platform: x86_64-unknown-linux-gnu (64-bit)
* using session charset: ISO8859-1
* using option '--no-vignettes'
* checking for file 'REDseq/DESCRIPTION' ... OK
* checking extension type ... Package
* this is package 'REDseq' version '1.2.0'
* checking package namespace information ... OK
* checking package dependencies ... OK
* checking if this is a source package ... OK
* checking if there is a namespace ... OK
* checking whether package 'REDseq' can be installed ... OK
* checking installed package size ... OK
* checking package directory ... OK
* checking for portable file names ... OK
* checking for sufficient/correct file permissions ... OK
* checking DESCRIPTION meta-information ... OK
* checking top-level files ... OK
* checking index information ... OK
* checking package subdirectories ... OK
* checking R files for non-ASCII characters ... OK
* checking R files for syntax errors ... OK
* checking whether the package can be loaded ... OK
* checking whether the package can be loaded with stated dependencies ... OK
* checking whether the package can be unloaded cleanly ... OK
* checking whether the namespace can be loaded with stated dependencies ... OK
* checking whether the namespace can be unloaded cleanly ... OK
* checking for unstated dependencies in R code ... OK
* checking S3 generic/method consistency ... OK
* checking replacement functions ... OK
* checking foreign function calls ... OK
* checking R code for possible problems ... OK
* checking Rd files ... OK
* checking Rd metadata ... OK
* checking Rd cross-references ... OK
* checking for missing documentation entries ... OK
* checking for code/documentation mismatches ... OK
* checking Rd \usage sections ... OK
* checking Rd contents ... OK
* checking for unstated dependencies in examples ... OK
* checking contents of 'data' directory ... OK
* checking data for non-ASCII characters ... OK
* checking data for ASCII and uncompressed saves ... OK
* checking installed files from 'inst/doc' ... OK
* checking examples ... WARNING
Found the following significant warnings:

  Warning: 'matchMatrix' is deprecated.
  Warning: 'matchMatrix' is deprecated.
  Warning: 'matchMatrix' is deprecated.
  Warning: 'matchMatrix' is deprecated.
  Warning: 'matchMatrix' is deprecated.
Deprecated functions may be defunct as soon as of the next release of
R.
See ?Deprecated.
* checking for unstated dependencies in vignettes ... OK
* checking package vignettes in 'inst/doc' ... OK
* checking running R code from vignettes ... SKIPPED
* checking re-building of vignettes ... SKIPPED
* checking PDF version of manual ... OK

WARNING: There was 1 warning.
See
  '/loc/home/hpages/test-puck5/bbs-2.10-bioc/meat/REDseq.Rcheck/00check.log'
for details.

REDseq.Rcheck/00install.out:

* installing *source* package 'REDseq' ...
** R
** data
** inst
** preparing package for lazy loading
Warning: replacing previous import 'space' when loading 'IRanges'
** help
*** installing help indices
** building package indices
** installing vignettes
   'REDseq.Rnw' 
** testing if installed package can be loaded
Warning: replacing previous import 'space' when loading 'IRanges'

* DONE (REDseq)

REDseq.Rcheck/REDseq-Ex.timings:

nameusersystemelapsed
REDseq-package0.0000.0000.002
assignSeq2REsite0.6520.0040.693
binom.test.REDseq0.0120.0000.016
buildREmap4.4080.0604.487
compareREDseq0.0200.0000.023
distanceHistSeq2RE0.0160.0000.030
example.REDseq0.0040.0000.021
example.assignedREDseq0.0040.0000.037
example.map0.0040.0000.021
plotCutDistribution0.0280.0040.062
searchPattern2.3680.0442.423
summarizeByRE0.0080.0000.032
summarizeBySeq0.0080.0000.027
writeHits0.0080.0000.013