arrayMvout 1.14.0 V. Carey
Snapshot Date: 2012-03-31 17:01:49 -0700 (Sat, 31 Mar 2012) | URL: https://hedgehog.fhcrc.org/bioconductor/branches/RELEASE_2_10/madman/Rpacks/arrayMvout | Last Changed Rev: 64678 / Revision: 64719 | Last Changed Date: 2012-03-30 15:05:02 -0700 (Fri, 30 Mar 2012) |
| lamb2 | Linux (openSUSE 11.4) / x86_64 | OK | OK | |
puck5 | Linux (Ubuntu 12.04) / x86_64 | [ ERROR ] | skipped | |
moscato2 | Windows Server 2008 R2 Enterprise SP1 (64-bit) / x64 | OK | OK | OK |
petty | Mac OS X Leopard (10.5.8) / i386 | OK | OK | OK |
* checking for file 'arrayMvout/DESCRIPTION' ... OK
* preparing 'arrayMvout':
* checking DESCRIPTION meta-information ... OK
* installing the package to re-build vignettes
* creating vignettes ... ERROR
Loading required package: tools
Loading required package: parody
Loading required package: Biobase
Loading required package: BiocGenerics
Attaching package: 'BiocGenerics'
The following object(s) are masked from 'package:stats':
xtabs
The following object(s) are masked from 'package:base':
Filter, Find, Map, Position, Reduce, anyDuplicated, cbind,
colnames, duplicated, eval, get, intersect, lapply, mapply, mget,
order, paste, pmax, pmax.int, pmin, pmin.int, rbind, rep.int,
rownames, sapply, setdiff, table, tapply, union, unique
Welcome to Bioconductor
Vignettes contain introductory material; view with
'browseVignettes()'. To cite Bioconductor, see
'citation("Biobase")', and for packages 'citation("pkgname")'.
Loading required package: affy
Loading required package: lumi
Loading required package: methylumi
Loading required package: scales
Loading required package: reshape2
Loading required package: ggplot2
Warning: replacing previous import 'image' when loading 'graphics'
Loading required package: nleqslv
bigmemory >= 4.0 is a major revision since 3.1.2; please see package
biganalytics and http://www.bigmemory.org for more information.
Warning: replacing previous import 'density' when loading 'stats'
Warning: replacing previous import 'residuals' when loading 'stats'
KernSmooth 2.23 loaded
Copyright M. P. Wand 1997-2009
Attaching package: 'lumi'
The following object(s) are masked from 'package:methylumi':
estimateM, getHistory
The following object(s) are masked from 'package:affy':
MAplot, plotDensity
Error in texi2dvi(file = file, pdf = TRUE, clean = clean, quiet = quiet, :
Running 'texi2dvi' on 'arrayMvout.tex' failed.
LaTeX errors:
! Package auto-pst-pdf Error:
"shell escape" (or "write18") is not enabled:
auto-pst-pdf will not work!
.
Calls: <Anonymous> -> texi2pdf -> texi2dvi
Execution halted