cosmo 1.22.0 Oliver Bembom
Snapshot Date: 2012-09-23 17:01:39 -0700 (Sun, 23 Sep 2012) | URL: https://hedgehog.fhcrc.org/bioconductor/branches/RELEASE_2_10/madman/Rpacks/cosmo | Last Changed Rev: 64678 / Revision: 69725 | Last Changed Date: 2012-03-30 15:05:02 -0700 (Fri, 30 Mar 2012) |
| lamb2 | Linux (openSUSE 11.4) / x86_64 | ERROR | skipped | |
moscato2 | Windows Server 2008 R2 Enterprise SP1 (64-bit) / x64 | [ ERROR ] | skipped | skipped |
petty | Mac OS X Leopard (10.5.8) / i386 | ERROR | skipped | skipped |
* checking for file 'cosmo/DESCRIPTION' ... OK
* preparing 'cosmo':
* checking DESCRIPTION meta-information ... OK
* cleaning src
* installing the package to re-build vignettes
* creating vignettes ... ERROR
Loading required package: seqLogo
Loading required package: grid
Error: processing vignette 'cosmo.Rnw' failed with diagnostics:
chunk 20 (label = candModels)
Error in eval(expr, envir, enclos) :
trying to get slot "cand" from an object of a basic class ("NULL") with no slots
Execution halted