Back to the "Multiple platform build/check report" A  B  C  D  E  F  G  H  I  J  K  L [M] N  O  P  Q  R  S  T  U  V  W  X  Y  Z 

Package 341/554HostnameOS / ArchBUILDCHECKBUILD BIN
methVisual 1.8.0
Arie Zackay
Snapshot Date: 2012-03-31 17:01:49 -0700 (Sat, 31 Mar 2012)
URL: https://hedgehog.fhcrc.org/bioconductor/branches/RELEASE_2_10/madman/Rpacks/methVisual
Last Changed Rev: 64678 / Revision: 64719
Last Changed Date: 2012-03-30 15:05:02 -0700 (Fri, 30 Mar 2012)
lamb2 Linux (openSUSE 11.4) / x86_64  OK  WARNINGS 
puck5 Linux (Ubuntu 12.04) / x86_64  OK [ WARNINGS ]
moscato2 Windows Server 2008 R2 Enterprise SP1 (64-bit) / x64  OK  WARNINGS  OK 
petty Mac OS X Leopard (10.5.8) / i386  OK  WARNINGS  OK 

Summary

Package: methVisual
Version: 1.8.0
Command: /home/hpages/test-puck5/bbs-2.10-bioc/R/bin/R CMD check --no-vignettes --timings methVisual_1.8.0.tar.gz
StartedAt: 2012-04-01 02:07:08 -0700 (Sun, 01 Apr 2012)
EndedAt: 2012-04-01 02:08:36 -0700 (Sun, 01 Apr 2012)
EllapsedTime: 88.3 seconds
RetCode: 0
Status:  WARNINGS 
CheckDir: methVisual.Rcheck
Warnings: 1

Command output

* using log directory '/loc/home/hpages/test-puck5/bbs-2.10-bioc/meat/methVisual.Rcheck'
* using R version 2.15.0 RC (2012-03-22 r58802)
* using platform: x86_64-unknown-linux-gnu (64-bit)
* using session charset: ISO8859-1
* using option '--no-vignettes'
* checking for file 'methVisual/DESCRIPTION' ... OK
* this is package 'methVisual' version '1.8.0'
* checking package namespace information ... OK
* checking package dependencies ... OK
* checking if this is a source package ... OK
* checking if there is a namespace ... OK
* checking whether package 'methVisual' can be installed ... OK
* checking installed package size ... OK
* checking package directory ... OK
* checking for portable file names ... OK
* checking for sufficient/correct file permissions ... OK
* checking DESCRIPTION meta-information ... OK
* checking top-level files ... OK
* checking index information ... OK
* checking package subdirectories ... OK
* checking R files for non-ASCII characters ... OK
* checking R files for syntax errors ... OK
* checking whether the package can be loaded ... OK
* checking whether the package can be loaded with stated dependencies ... OK
* checking whether the package can be unloaded cleanly ... OK
* checking whether the namespace can be loaded with stated dependencies ... OK
* checking whether the namespace can be unloaded cleanly ... OK
* checking for unstated dependencies in R code ... OK
* checking S3 generic/method consistency ... OK
* checking replacement functions ... OK
* checking foreign function calls ... OK
* checking R code for possible problems ... OK
* checking Rd files ... OK
* checking Rd metadata ... OK
* checking Rd cross-references ... OK
* checking for missing documentation entries ... OK
* checking for code/documentation mismatches ... OK
* checking Rd \usage sections ... OK
* checking Rd contents ... OK
* checking for unstated dependencies in examples ... OK
* checking contents of 'data' directory ... OK
* checking data for non-ASCII characters ... OK
* checking data for ASCII and uncompressed saves ... OK
* checking installed files from 'inst/doc' ... OK
* checking examples ... WARNING
Found the following significant warnings:

  Warning: 'readFASTA' is deprecated.
Deprecated functions may be defunct as soon as of the next release of
R.
See ?Deprecated.
* checking for unstated dependencies in vignettes ... OK
* checking package vignettes in 'inst/doc' ... OK
* checking running R code from vignettes ... SKIPPED
* checking re-building of vignettes ... SKIPPED
* checking PDF version of manual ... OK

WARNING: There was 1 warning.
See
  '/loc/home/hpages/test-puck5/bbs-2.10-bioc/meat/methVisual.Rcheck/00check.log'
for details.

methVisual.Rcheck/00install.out:

* installing *source* package 'methVisual' ...
** R
** data
** inst
** preparing package for lazy loading
** help
*** installing help indices
** building package indices
** installing vignettes
   'methVisual.Rnw' 
** testing if installed package can be loaded

* DONE (methVisual)

methVisual.Rcheck/methVisual-Ex.timings:

nameusersystemelapsed
Cooccurrence0.4800.0200.522
MethAlignNW1.1000.0441.245
MethDataInput0.0360.0080.089
MethLollipops0.0120.0000.019
MethylQC0.8600.0240.969
cgInAlign0.000.000.01
cgMethFinder0.0000.0000.001
coversionGenom0.0000.0000.001
findNonAligned0.0040.0000.012
heatMapMeth0.0600.0120.080
makeDataMethGFF0.1320.0000.189
makeLocalExpDir0.0200.0160.087
makeTabFilePath0.0000.0040.003
matrixSNP0.2320.0080.261
methCA0.0040.0080.021
methData0.000.000.01
methFisherTest0.0240.0000.031
methWhitneyUTest0.0040.0000.013
plotAbsMethyl0.0040.0000.012
plotMatrixSNP0.5160.0080.558
readBisulfFASTA0.0560.0040.121
selectRefSeq0.0400.0200.113