Back to the "Multiple platform build/check report" A  B  C  D  E  F  G  H  I  J  K  L  M  N  O  P  Q [R] S  T  U  V  W  X  Y  Z 

Package 446/554HostnameOS / ArchBUILDCHECKBUILD BIN
reb 1.32.0
Karl J. Dykema
Snapshot Date: 2012-03-31 17:01:49 -0700 (Sat, 31 Mar 2012)
URL: https://hedgehog.fhcrc.org/bioconductor/branches/RELEASE_2_10/madman/Rpacks/reb
Last Changed Rev: 64678 / Revision: 64719
Last Changed Date: 2012-03-30 15:05:02 -0700 (Fri, 30 Mar 2012)
lamb2 Linux (openSUSE 11.4) / x86_64  OK  WARNINGS 
puck5 Linux (Ubuntu 12.04) / x86_64  OK [ WARNINGS ]
moscato2 Windows Server 2008 R2 Enterprise SP1 (64-bit) / x64  OK  WARNINGS  OK 
petty Mac OS X Leopard (10.5.8) / i386  OK  WARNINGS  OK 

Summary

Package: reb
Version: 1.32.0
Command: /home/hpages/test-puck5/bbs-2.10-bioc/R/bin/R CMD check --no-vignettes --timings reb_1.32.0.tar.gz
StartedAt: 2012-04-01 02:59:58 -0700 (Sun, 01 Apr 2012)
EndedAt: 2012-04-01 03:01:42 -0700 (Sun, 01 Apr 2012)
EllapsedTime: 103.8 seconds
RetCode: 0
Status:  WARNINGS 
CheckDir: reb.Rcheck
Warnings: 1

Command output

* using log directory '/loc/home/hpages/test-puck5/bbs-2.10-bioc/meat/reb.Rcheck'
* using R version 2.15.0 RC (2012-03-22 r58802)
* using platform: x86_64-unknown-linux-gnu (64-bit)
* using session charset: ISO8859-1
* using option '--no-vignettes'
* checking for file 'reb/DESCRIPTION' ... OK
* this is package 'reb' version '1.32.0'
* checking package namespace information ... OK
* checking package dependencies ... OK
* checking if this is a source package ... OK
* checking if there is a namespace ... OK
* checking whether package 'reb' can be installed ... OK
* checking installed package size ... OK
* checking package directory ... OK
* checking for portable file names ... OK
* checking for sufficient/correct file permissions ... OK
* checking DESCRIPTION meta-information ... OK
* checking top-level files ... OK
* checking index information ... OK
* checking package subdirectories ... OK
* checking R files for non-ASCII characters ... OK
* checking R files for syntax errors ... OK
* checking whether the package can be loaded ... OK
* checking whether the package can be loaded with stated dependencies ... OK
* checking whether the package can be unloaded cleanly ... OK
* checking whether the namespace can be loaded with stated dependencies ... OK
* checking whether the namespace can be unloaded cleanly ... OK
* checking for unstated dependencies in R code ... OK
* checking S3 generic/method consistency ... OK
* checking replacement functions ... OK
* checking foreign function calls ... OK
* checking R code for possible problems ... NOTE
.MAP2chromLoc: warning in mget(subnames, env = chrEnv, ifnotfound =
  NA): partial argument match of 'env' to 'envir'
rmAmbigMappings: warning in ls(env = get(package)): partial argument
  match of 'env' to 'envir'
* checking Rd files ... OK
* checking Rd metadata ... OK
* checking Rd cross-references ... OK
* checking for missing documentation entries ... OK
* checking for code/documentation mismatches ... OK
* checking Rd \usage sections ... OK
* checking Rd contents ... OK
* checking for unstated dependencies in examples ... WARNING
'library' or 'require' calls not declared from:
  'annotate' 'golubEsets' 'hu6800'
* checking contents of 'data' directory ... OK
* checking data for non-ASCII characters ... OK
* checking data for ASCII and uncompressed saves ... OK
* checking line endings in C/C++/Fortran sources/headers ... OK
* checking line endings in Makefiles ... OK
* checking for portable use of $(BLAS_LIBS) and $(LAPACK_LIBS) ... OK
* checking compiled code ... NOTE
File '/loc/home/hpages/test-puck5/bbs-2.10-bioc/meat/reb.Rcheck/reb/libs/reb.so':
  Found 'putchar', possibly from 'putchar' (C)
    Object: 'movbin.o'
  Found 'puts', possibly from 'printf' (C), 'puts' (C)
    Object: 'movbin.o'

Compiled code should not call functions which might terminate R nor
write to stdout/stderr instead of to the console.

See 'Writing portable packages' in the 'Writing R Extensions' manual.
* checking installed files from 'inst/doc' ... OK
* checking examples ... OK
* checking for unstated dependencies in vignettes ... OK
* checking package vignettes in 'inst/doc' ... OK
* checking running R code from vignettes ... SKIPPED
* checking re-building of vignettes ... SKIPPED
* checking PDF version of manual ... OK

WARNING: There was 1 warning.
NOTE: There were 2 notes.
See
  '/loc/home/hpages/test-puck5/bbs-2.10-bioc/meat/reb.Rcheck/00check.log'
for details.

reb.Rcheck/00install.out:

* installing *source* package 'reb' ...
** libs
gcc -std=gnu99 -I/home/hpages/test-puck5/bbs-2.10-bioc/R/include -DNDEBUG  -I/usr/local/include    -fpic  -g -O2  -c movbin.c -o movbin.o
gcc -std=gnu99 -shared -L/usr/local/lib -o reb.so movbin.o -L/home/hpages/test-puck5/bbs-2.10-bioc/R/lib -lR
installing to /loc/home/hpages/test-puck5/bbs-2.10-bioc/meat/reb.Rcheck/reb/libs
** R
** data
** inst
** preparing package for lazy loading
** help
*** installing help indices
** building package indices
** installing vignettes
   'reb.Rnw' 
** testing if installed package can be loaded

* DONE (reb)

reb.Rcheck/reb-Ex.timings:

nameusersystemelapsed
absMax000
buildChromCytoband0.0040.0040.008
buildChromMap0.0040.0000.008
cset2band6.1120.0806.228
fromRevIsh4.5560.0204.605
isAbnormal0.0000.0000.001
mcr.eset0.3080.0080.333
movbin0.0240.0000.025
movt0.7440.0000.746
naMean000
regmap0.0040.0000.006
revish0.1040.0040.131
rmAmbigMappings0.0040.0000.021
smoothByRegion4.0050.0044.085
summarizeByRegion3.1560.0163.208
tBinomTest000
writeGFF30.1600.0040.184