Back to the "Multiple platform build/check report" A  B  C  D  E  F [G] H  I  J  K  L  M  N  O  P  Q  R  S  T  U  V  W  X  Y  Z 

Package 225/554HostnameOS / ArchBUILDCHECKBUILD BIN
GenomicRanges 1.8.0
Bioconductor Package Maintainer
Snapshot Date: 2012-03-31 17:01:49 -0700 (Sat, 31 Mar 2012)
URL: https://hedgehog.fhcrc.org/bioconductor/branches/RELEASE_2_10/madman/Rpacks/GenomicRanges
Last Changed Rev: 64684 / Revision: 64719
Last Changed Date: 2012-03-30 15:40:15 -0700 (Fri, 30 Mar 2012)
lamb2 Linux (openSUSE 11.4) / x86_64  OK  WARNINGS 
puck5 Linux (Ubuntu 12.04) / x86_64  OK [ WARNINGS ]
moscato2 Windows Server 2008 R2 Enterprise SP1 (64-bit) / x64  OK  WARNINGS  OK 
petty Mac OS X Leopard (10.5.8) / i386  OK  WARNINGS  OK 

Summary

Package: GenomicRanges
Version: 1.8.0
Command: /home/hpages/test-puck5/bbs-2.10-bioc/R/bin/R CMD check --no-vignettes --timings GenomicRanges_1.8.0.tar.gz
StartedAt: 2012-04-01 01:13:11 -0700 (Sun, 01 Apr 2012)
EndedAt: 2012-04-01 01:15:34 -0700 (Sun, 01 Apr 2012)
EllapsedTime: 143.1 seconds
RetCode: 0
Status:  WARNINGS 
CheckDir: GenomicRanges.Rcheck
Warnings: 3

Command output

* using log directory '/loc/home/hpages/test-puck5/bbs-2.10-bioc/meat/GenomicRanges.Rcheck'
* using R version 2.15.0 RC (2012-03-22 r58802)
* using platform: x86_64-unknown-linux-gnu (64-bit)
* using session charset: ISO8859-1
* using option '--no-vignettes'
* checking for file 'GenomicRanges/DESCRIPTION' ... OK
* this is package 'GenomicRanges' version '1.8.0'
* checking package namespace information ... OK
* checking package dependencies ... OK
* checking if this is a source package ... OK
* checking if there is a namespace ... OK
* checking whether package 'GenomicRanges' can be installed ... OK
* checking installed package size ... OK
* checking package directory ... OK
* checking for portable file names ... OK
* checking for sufficient/correct file permissions ... OK
* checking DESCRIPTION meta-information ... OK
* checking top-level files ... OK
* checking index information ... OK
* checking package subdirectories ... OK
* checking R files for non-ASCII characters ... OK
* checking R files for syntax errors ... OK
* checking whether the package can be loaded ... OK
* checking whether the package can be loaded with stated dependencies ... OK
* checking whether the package can be unloaded cleanly ... OK
* checking whether the namespace can be loaded with stated dependencies ... OK
* checking whether the namespace can be unloaded cleanly ... OK
* checking for unstated dependencies in R code ... OK
* checking S3 generic/method consistency ... OK
* checking replacement functions ... OK
* checking foreign function calls ... OK
* checking R code for possible problems ... OK
* checking Rd files ... OK
* checking Rd metadata ... OK
* checking Rd cross-references ... WARNING
Missing link(s) in documentation object '/loc/home/hpages/test-puck5/bbs-2.10-bioc/meat/GenomicRanges.Rcheck/00_pkg_src/GenomicRanges/man/findOverlaps-methods.Rd':
  '[IRanges]{Hits}'

See the information in section 'Cross-references' of the 'Writing R
Extensions' manual.

* checking for missing documentation entries ... WARNING
Undocumented S4 methods:
  generic '$<-' and siglist 'SummarizedExperiment'
  generic '[[<-' and siglist 'GRangesList,ANY,ANY'
  generic '[[<-' and siglist 'SummarizedExperiment,ANY,missing'
All user-level objects in a package (including S4 classes and methods)
should have documentation entries.
See the chapter 'Writing R documentation files' in the 'Writing R
Extensions' manual.
* checking for code/documentation mismatches ... OK
* checking Rd \usage sections ... WARNING
Objects in \usage without \alias in documentation object 'encodeOverlaps-methods':
  '\S4method{encodeOverlaps}{GRangesList,GRangesList}'

Functions with \usage entries need to have the appropriate \alias
entries, and all their arguments documented.
The \usage entries must correspond to syntactically valid R code.
See the chapter 'Writing R documentation files' in the 'Writing R
Extensions' manual.
* checking Rd contents ... OK
* checking for unstated dependencies in examples ... OK
* checking line endings in C/C++/Fortran sources/headers ... OK
* checking line endings in Makefiles ... OK
* checking for portable use of $(BLAS_LIBS) and $(LAPACK_LIBS) ... OK
* checking compiled code ... OK
* checking installed files from 'inst/doc' ... OK
* checking examples ... OK
* checking for unstated dependencies in tests ... OK
* checking tests ...
  Running 'GenomicRanges_unit_tests.R'
 OK
* checking for unstated dependencies in vignettes ... OK
* checking package vignettes in 'inst/doc' ... OK
* checking running R code from vignettes ... SKIPPED
* checking re-building of vignettes ... SKIPPED
* checking PDF version of manual ... OK

WARNING: There were 3 warnings.
See
  '/loc/home/hpages/test-puck5/bbs-2.10-bioc/meat/GenomicRanges.Rcheck/00check.log'
for details.

GenomicRanges.Rcheck/00install.out:

* installing *source* package 'GenomicRanges' ...
** libs
gcc -std=gnu99 -I/home/hpages/test-puck5/bbs-2.10-bioc/R/include -DNDEBUG  -I/usr/local/include -I"/loc/home/hpages/test-puck5/bbs-2.10-bioc/R/library/IRanges/include"   -fpic  -g -O2  -c IRanges_stubs.c -o IRanges_stubs.o
gcc -std=gnu99 -I/home/hpages/test-puck5/bbs-2.10-bioc/R/include -DNDEBUG  -I/usr/local/include -I"/loc/home/hpages/test-puck5/bbs-2.10-bioc/R/library/IRanges/include"   -fpic  -g -O2  -c R_init_GenomicRanges.c -o R_init_GenomicRanges.o
gcc -std=gnu99 -I/home/hpages/test-puck5/bbs-2.10-bioc/R/include -DNDEBUG  -I/usr/local/include -I"/loc/home/hpages/test-puck5/bbs-2.10-bioc/R/library/IRanges/include"   -fpic  -g -O2  -c cigar_utils.c -o cigar_utils.o
gcc -std=gnu99 -I/home/hpages/test-puck5/bbs-2.10-bioc/R/include -DNDEBUG  -I/usr/local/include -I"/loc/home/hpages/test-puck5/bbs-2.10-bioc/R/library/IRanges/include"   -fpic  -g -O2  -c transcript_utils.c -o transcript_utils.o
gcc -std=gnu99 -shared -L/usr/local/lib -o GenomicRanges.so IRanges_stubs.o R_init_GenomicRanges.o cigar_utils.o transcript_utils.o -L/home/hpages/test-puck5/bbs-2.10-bioc/R/lib -lR
installing to /loc/home/hpages/test-puck5/bbs-2.10-bioc/meat/GenomicRanges.Rcheck/GenomicRanges/libs
** R
** inst
** preparing package for lazy loading
** help
*** installing help indices
** building package indices
** installing vignettes
   'GenomicRangesIntroduction.Rnw' 
   'GenomicRangesUseCases.Rnw' 
   'OverlapEncodings.Rnw' 
   'summarizeOverlaps.Rnw' 
** testing if installed package can be loaded

* DONE (GenomicRanges)

GenomicRanges.Rcheck/GenomicRanges-Ex.timings:

nameusersystemelapsed
GRanges-class0.6920.0120.706
GRangesList-class0.8760.0040.890
GappedAlignmentPairs-class2.4440.0482.552
GappedAlignments-class0.8840.0040.924
GenomicRanges-comparison0.7520.0000.755
Seqinfo-class0.0480.0000.051
SummarizedExperiment-class0.0440.0000.043
cigar-utils0.3520.0120.393
constraint0.5560.0000.561
countGenomicOverlaps000
coverage-methods1.3520.0121.407
encodeOverlaps-methods000
findOverlaps-methods2.4560.0002.498
seqinfo0.0080.0000.007
seqlevels-utils0.3280.0200.386
setops-methods1.8680.0161.920
strand-utils0.0040.0000.007
summarizeOverlaps4.9570.0685.248