Back to the "Multiple platform build/check report" A  B  C  D  E  F  G  H  I  J  K  L  M  N  O  P  Q  R [S] T  U  V  W  X  Y  Z 

Package 488/554HostnameOS / ArchBUILDCHECKBUILD BIN
ShortRead 1.14.0
Bioconductor Package Maintainer
Snapshot Date: 2012-03-31 17:01:49 -0700 (Sat, 31 Mar 2012)
URL: https://hedgehog.fhcrc.org/bioconductor/branches/RELEASE_2_10/madman/Rpacks/ShortRead
Last Changed Rev: 64678 / Revision: 64719
Last Changed Date: 2012-03-30 15:05:02 -0700 (Fri, 30 Mar 2012)
lamb2 Linux (openSUSE 11.4) / x86_64  OK  WARNINGS 
puck5 Linux (Ubuntu 12.04) / x86_64  OK [ WARNINGS ]
moscato2 Windows Server 2008 R2 Enterprise SP1 (64-bit) / x64  OK  WARNINGS  OK 
petty Mac OS X Leopard (10.5.8) / i386  OK  WARNINGS  OK 

Summary

Package: ShortRead
Version: 1.14.0
Command: /home/hpages/test-puck5/bbs-2.10-bioc/R/bin/R CMD check --no-vignettes --timings ShortRead_1.14.0.tar.gz
StartedAt: 2012-04-01 03:23:24 -0700 (Sun, 01 Apr 2012)
EndedAt: 2012-04-01 03:26:42 -0700 (Sun, 01 Apr 2012)
EllapsedTime: 197.9 seconds
RetCode: 0
Status:  WARNINGS 
CheckDir: ShortRead.Rcheck
Warnings: 1

Command output

* using log directory '/loc/home/hpages/test-puck5/bbs-2.10-bioc/meat/ShortRead.Rcheck'
* using R version 2.15.0 RC (2012-03-22 r58802)
* using platform: x86_64-unknown-linux-gnu (64-bit)
* using session charset: ISO8859-1
* using option '--no-vignettes'
* checking for file 'ShortRead/DESCRIPTION' ... OK
* checking extension type ... Package
* this is package 'ShortRead' version '1.14.0'
* checking package namespace information ... OK
* checking package dependencies ... NOTE
Package which this enhances but not available for checking: 'Rmpi'
* checking if this is a source package ... OK
* checking if there is a namespace ... OK
* checking whether package 'ShortRead' can be installed ... OK
* checking installed package size ... NOTE
  installed size is  5.1Mb
  sub-directories of 1Mb or more:
    doc       1.6Mb
    extdata   1.4Mb
* checking package directory ... OK
* checking for portable file names ... OK
* checking for sufficient/correct file permissions ... OK
* checking DESCRIPTION meta-information ... OK
* checking top-level files ... OK
* checking index information ... OK
* checking package subdirectories ... OK
* checking R files for non-ASCII characters ... OK
* checking R files for syntax errors ... OK
* checking whether the package can be loaded ... OK
* checking whether the package can be loaded with stated dependencies ... OK
* checking whether the package can be unloaded cleanly ... OK
* checking whether the namespace can be loaded with stated dependencies ... OK
* checking whether the namespace can be unloaded cleanly ... OK
* checking for unstated dependencies in R code ... OK
* checking S3 generic/method consistency ... OK
* checking replacement functions ... OK
* checking foreign function calls ... OK
* checking R code for possible problems ... OK
* checking Rd files ... OK
* checking Rd metadata ... OK
* checking Rd cross-references ... OK
* checking for missing documentation entries ... WARNING
Undocumented code objects:
  'FastqSamplerList' 'FastqStreamerList' 'QA' 'QAAdapterContamination'
  'QACollate' 'QAData' 'QAFastqSource' 'QAFiltered' 'QAFlagged'
  'QAFrequentSequence' 'QANucleotideByCycle' 'QANucleotideUse'
  'QAQualityByCycle' 'QAQualityUse' 'QAReadQuality' 'QASequenceUse'
  'flag' 'qa2'
Undocumented S4 classes:
  '.QA2' 'FastqSamplerList' 'FastqStreamerList' 'QA'
  'QAAdapterContamination' 'QACollate' 'QAData' 'QAFastqSource'
  'QAFiltered' 'QAFlagged' 'QAFrequentSequence' 'QANucleotideByCycle'
  'QANucleotideUse' 'QAQualityByCycle' 'QAQualityUse' 'QAReadQuality'
  'QASequenceUse' 'QASource' 'QASummary'
Undocumented S4 methods:
  generic 'FastqSamplerList' and siglist 'ANY'
  generic 'FastqSamplerList' and siglist 'character'
  generic 'FastqStreamerList' and siglist 'ANY'
  generic 'FastqStreamerList' and siglist 'character'
  generic 'QACollate' and siglist 'QAFastqSource'
  generic 'QACollate' and siglist 'missing'
  generic 'flag' and siglist '.QA2'
  generic 'flag' and siglist 'QAReadQuality'
  generic 'flag' and siglist 'QASource'
  generic 'qa2' and siglist 'FastqSampler'
  generic 'qa2' and siglist 'QAAdapterContamination'
  generic 'qa2' and siglist 'QACollate'
  generic 'qa2' and siglist 'QAFastqSource'
  generic 'qa2' and siglist 'QAFrequentSequence'
  generic 'qa2' and siglist 'QANucleotideByCycle'
  generic 'qa2' and siglist 'QANucleotideUse'
  generic 'qa2' and siglist 'QAQualityByCycle'
  generic 'qa2' and siglist 'QAQualityUse'
  generic 'qa2' and siglist 'QAReadQuality'
  generic 'qa2' and siglist 'QASequenceUse'
  generic 'rbind' and siglist 'QASummary'
  generic 'report' and siglist 'QA'
  generic 'report' and siglist 'QAAdapterContamination'
  generic 'report' and siglist 'QAFiltered'
  generic 'report' and siglist 'QAFlagged'
  generic 'report' and siglist 'QAFrequentSequence'
  generic 'report' and siglist 'QANucleotideByCycle'
  generic 'report' and siglist 'QANucleotideUse'
  generic 'report' and siglist 'QAQualityByCycle'
  generic 'report' and siglist 'QAQualityUse'
  generic 'report' and siglist 'QAReadQuality'
  generic 'report' and siglist 'QASequenceUse'
  generic 'report' and siglist 'QASource'
  generic 'show' and siglist 'QAAdapterContamination'
  generic 'show' and siglist 'QACollate'
  generic 'show' and siglist 'QAFastqSource'
  generic 'show' and siglist 'QAFrequentSequence'
  generic 'show' and siglist 'QAReadQuality'
  generic 'show' and siglist 'QASummary'
All user-level objects in a package (including S4 classes and methods)
should have documentation entries.
See the chapter 'Writing R documentation files' in the 'Writing R
Extensions' manual.
* checking for code/documentation mismatches ... OK
* checking Rd \usage sections ... OK
* checking Rd contents ... OK
* checking for unstated dependencies in examples ... OK
* checking line endings in C/C++/Fortran sources/headers ... OK
* checking line endings in Makefiles ... OK
* checking for portable compilation flags in Makevars ... OK
* checking for portable use of $(BLAS_LIBS) and $(LAPACK_LIBS) ... OK
* checking compiled code ... OK
* checking installed files from 'inst/doc' ... OK
* checking examples ... OK
* checking for unstated dependencies in tests ... OK
* checking tests ...
  Running 'ShortRead_unit_tests.R'
 OK
* checking for unstated dependencies in vignettes ... OK
* checking package vignettes in 'inst/doc' ... OK
* checking running R code from vignettes ... SKIPPED
* checking re-building of vignettes ... SKIPPED
* checking PDF version of manual ... OK

WARNING: There was 1 warning.
NOTE: There were 2 notes.
See
  '/loc/home/hpages/test-puck5/bbs-2.10-bioc/meat/ShortRead.Rcheck/00check.log'
for details.

ShortRead.Rcheck/00install.out:

* installing *source* package 'ShortRead' ...
checking for gcc... gcc
checking whether the C compiler works... yes
checking for C compiler default output file name... a.out
checking for suffix of executables... 
checking whether we are cross compiling... no
checking for suffix of object files... o
checking whether we are using the GNU C compiler... yes
checking whether gcc accepts -g... yes
checking for gcc option to accept ISO C89... none needed
checking for gzeof in -lz... yes
checking how to run the C preprocessor... gcc -E
checking for grep that handles long lines and -e... /bin/grep
checking for egrep... /bin/grep -E
checking for ANSI C header files... yes
checking for sys/types.h... yes
checking for sys/stat.h... yes
checking for stdlib.h... yes
checking for string.h... yes
checking for memory.h... yes
checking for strings.h... yes
checking for inttypes.h... yes
checking for stdint.h... yes
checking for unistd.h... yes
checking size of unsigned long... 8
configure: creating ./config.status
config.status: creating src/Makevars
** libs
gcc -std=gnu99 -I/home/hpages/test-puck5/bbs-2.10-bioc/R/include -DNDEBUG  -I/usr/local/include -I"/loc/home/hpages/test-puck5/bbs-2.10-bioc/R/library/IRanges/include" -I"/loc/home/hpages/test-puck5/bbs-2.10-bioc/R/library/Biostrings/include"  -fopenmp -fpic  -g -O2  -c Biostrings_stubs.c -o Biostrings_stubs.o
gcc -std=gnu99 -I/home/hpages/test-puck5/bbs-2.10-bioc/R/include -DNDEBUG  -I/usr/local/include -I"/loc/home/hpages/test-puck5/bbs-2.10-bioc/R/library/IRanges/include" -I"/loc/home/hpages/test-puck5/bbs-2.10-bioc/R/library/Biostrings/include"  -fopenmp -fpic  -g -O2  -c IRanges_stubs.c -o IRanges_stubs.o
gcc -std=gnu99 -I/home/hpages/test-puck5/bbs-2.10-bioc/R/include -DNDEBUG  -I/usr/local/include -I"/loc/home/hpages/test-puck5/bbs-2.10-bioc/R/library/IRanges/include" -I"/loc/home/hpages/test-puck5/bbs-2.10-bioc/R/library/Biostrings/include"  -fopenmp -fpic  -g -O2  -c R_init_ShortRead.c -o R_init_ShortRead.o
gcc -std=gnu99 -I/home/hpages/test-puck5/bbs-2.10-bioc/R/include -DNDEBUG  -I/usr/local/include -I"/loc/home/hpages/test-puck5/bbs-2.10-bioc/R/library/IRanges/include" -I"/loc/home/hpages/test-puck5/bbs-2.10-bioc/R/library/Biostrings/include"  -fopenmp -fpic  -g -O2  -c alphabet.c -o alphabet.o
gcc -std=gnu99 -I/home/hpages/test-puck5/bbs-2.10-bioc/R/include -DNDEBUG  -I/usr/local/include -I"/loc/home/hpages/test-puck5/bbs-2.10-bioc/R/library/IRanges/include" -I"/loc/home/hpages/test-puck5/bbs-2.10-bioc/R/library/Biostrings/include"  -fopenmp -fpic  -g -O2  -c io.c -o io.o
gcc -std=gnu99 -I/home/hpages/test-puck5/bbs-2.10-bioc/R/include -DNDEBUG  -I/usr/local/include -I"/loc/home/hpages/test-puck5/bbs-2.10-bioc/R/library/IRanges/include" -I"/loc/home/hpages/test-puck5/bbs-2.10-bioc/R/library/Biostrings/include"  -fopenmp -fpic  -g -O2  -c io_bowtie.c -o io_bowtie.o
gcc -std=gnu99 -I/home/hpages/test-puck5/bbs-2.10-bioc/R/include -DNDEBUG  -I/usr/local/include -I"/loc/home/hpages/test-puck5/bbs-2.10-bioc/R/library/IRanges/include" -I"/loc/home/hpages/test-puck5/bbs-2.10-bioc/R/library/Biostrings/include"  -fopenmp -fpic  -g -O2  -c io_soap.c -o io_soap.o
gcc -std=gnu99 -I/home/hpages/test-puck5/bbs-2.10-bioc/R/include -DNDEBUG  -I/usr/local/include -I"/loc/home/hpages/test-puck5/bbs-2.10-bioc/R/library/IRanges/include" -I"/loc/home/hpages/test-puck5/bbs-2.10-bioc/R/library/Biostrings/include"  -fopenmp -fpic  -g -O2  -c pileup.c -o pileup.o
g++ -I/home/hpages/test-puck5/bbs-2.10-bioc/R/include -DNDEBUG  -I/usr/local/include -I"/loc/home/hpages/test-puck5/bbs-2.10-bioc/R/library/IRanges/include" -I"/loc/home/hpages/test-puck5/bbs-2.10-bioc/R/library/Biostrings/include"  -DPACKAGE_NAME=\"\" -DPACKAGE_TARNAME=\"\" -DPACKAGE_VERSION=\"\" -DPACKAGE_STRING=\"\" -DPACKAGE_BUGREPORT=\"\" -DPACKAGE_URL=\"\" -DHAVE_LIBZ=1 -DSTDC_HEADERS=1 -DHAVE_SYS_TYPES_H=1 -DHAVE_SYS_STAT_H=1 -DHAVE_STDLIB_H=1 -DHAVE_STRING_H=1 -DHAVE_MEMORY_H=1 -DHAVE_STRINGS_H=1 -DHAVE_INTTYPES_H=1 -DHAVE_STDINT_H=1 -DHAVE_UNISTD_H=1 -DSIZEOF_UNSIGNED_LONG=8 -fpic  -g -O2  -c readBfaToc.cc -o readBfaToc.o
readBfaToc.cc: In function 'SEXPREC* readBfaToc(SEXP)':
readBfaToc.cc:36:52: warning: ignoring return value of 'size_t fread(void*, size_t, size_t, FILE*)', declared with attribute warn_unused_result [-Wunused-result]
readBfaToc.cc:37:48: warning: ignoring return value of 'size_t fread(void*, size_t, size_t, FILE*)', declared with attribute warn_unused_result [-Wunused-result]
readBfaToc.cc:38:44: warning: ignoring return value of 'size_t fread(void*, size_t, size_t, FILE*)', declared with attribute warn_unused_result [-Wunused-result]
g++ -I/home/hpages/test-puck5/bbs-2.10-bioc/R/include -DNDEBUG  -I/usr/local/include -I"/loc/home/hpages/test-puck5/bbs-2.10-bioc/R/library/IRanges/include" -I"/loc/home/hpages/test-puck5/bbs-2.10-bioc/R/library/Biostrings/include"  -DPACKAGE_NAME=\"\" -DPACKAGE_TARNAME=\"\" -DPACKAGE_VERSION=\"\" -DPACKAGE_STRING=\"\" -DPACKAGE_BUGREPORT=\"\" -DPACKAGE_URL=\"\" -DHAVE_LIBZ=1 -DSTDC_HEADERS=1 -DHAVE_SYS_TYPES_H=1 -DHAVE_SYS_STAT_H=1 -DHAVE_STDLIB_H=1 -DHAVE_STRING_H=1 -DHAVE_MEMORY_H=1 -DHAVE_STRINGS_H=1 -DHAVE_INTTYPES_H=1 -DHAVE_STDINT_H=1 -DHAVE_UNISTD_H=1 -DSIZEOF_UNSIGNED_LONG=8 -fpic  -g -O2  -c read_maq_map.cc -o read_maq_map.o
gcc -std=gnu99 -I/home/hpages/test-puck5/bbs-2.10-bioc/R/include -DNDEBUG  -I/usr/local/include -I"/loc/home/hpages/test-puck5/bbs-2.10-bioc/R/library/IRanges/include" -I"/loc/home/hpages/test-puck5/bbs-2.10-bioc/R/library/Biostrings/include"  -fopenmp -fpic  -g -O2  -c sampler.c -o sampler.o
gcc -std=gnu99 -I/home/hpages/test-puck5/bbs-2.10-bioc/R/include -DNDEBUG  -I/usr/local/include -I"/loc/home/hpages/test-puck5/bbs-2.10-bioc/R/library/IRanges/include" -I"/loc/home/hpages/test-puck5/bbs-2.10-bioc/R/library/Biostrings/include"  -fopenmp -fpic  -g -O2  -c trim.c -o trim.o
gcc -std=gnu99 -I/home/hpages/test-puck5/bbs-2.10-bioc/R/include -DNDEBUG  -I/usr/local/include -I"/loc/home/hpages/test-puck5/bbs-2.10-bioc/R/library/IRanges/include" -I"/loc/home/hpages/test-puck5/bbs-2.10-bioc/R/library/Biostrings/include"  -fopenmp -fpic  -g -O2  -c util.c -o util.o
gcc -std=gnu99 -I/home/hpages/test-puck5/bbs-2.10-bioc/R/include -DNDEBUG  -I/usr/local/include -I"/loc/home/hpages/test-puck5/bbs-2.10-bioc/R/library/IRanges/include" -I"/loc/home/hpages/test-puck5/bbs-2.10-bioc/R/library/Biostrings/include"  -fopenmp -fpic  -g -O2  -c xsnap.c -o xsnap.o
g++ -shared -L/usr/local/lib -o ShortRead.so Biostrings_stubs.o IRanges_stubs.o R_init_ShortRead.o alphabet.o io.o io_bowtie.o io_soap.o pileup.o readBfaToc.o read_maq_map.o sampler.o trim.o util.o xsnap.o -lz -fopenmp -L/home/hpages/test-puck5/bbs-2.10-bioc/R/lib -lR
installing to /loc/home/hpages/test-puck5/bbs-2.10-bioc/meat/ShortRead.Rcheck/ShortRead/libs
** R
** inst
** preparing package for lazy loading
** help
*** installing help indices
** building package indices
** installing vignettes
   'Overview.Rnw' 
** testing if installed package can be loaded

* DONE (ShortRead)

ShortRead.Rcheck/ShortRead-Ex.timings:

nameusersystemelapsed
AlignedRead-class0.4960.0080.511
BAMQA-class0.0000.0000.001
BowtieQA-class0.0000.0000.001
ExperimentPath-class0.0000.0000.001
FastqQA-class000
GappedReads-class0.1920.0040.207
Intensity-class0.2040.0080.225
MAQMapQA-class0.0000.0000.001
QA-class0.0000.0000.001
QualityScore-class000
QualityScore0.0040.0000.005
RochePath-class0.0040.0000.000
RocheSet-class0.0000.0000.001
RtaIntensity-class0.0640.0000.064
RtaIntensity0.0320.0000.034
SRFilter-class000
SRFilterResult-class0.0560.0000.056
SRSet-class0.0000.0000.001
SRUtil-class0.0040.0000.004
Sampler-class1.2280.0040.688
ShortRead-class0.0640.0040.068
ShortReadQ-class0.2760.0000.259
Snapshot-class8.0290.0888.230
SnapshotFunction-class0.0000.0000.001
SolexaExportQA-class000
SolexaIntensity-class0.1160.0000.127
SolexaPath-class0.1000.0000.106
SolexaSet-class0.0800.0040.090
SpTrellis-class0.6320.0000.634
accessors0.0000.0040.008
alphabetByCycle0.0200.0040.029
clean0.0000.0000.001
countLines0.0080.0080.062
deprecated000
dustyScore0.3040.0000.310
polyn0.0000.0000.001
qa0.5640.0000.573
readAligned0.2200.0040.259
readBaseQuality0.0240.0040.039
readFasta0.0720.0000.088
readFastq0.1160.0040.129
readIntensities0.0800.0000.091
readPrb0.0440.0040.056
readQseq0.0120.0000.019
readXStringColumns0.1240.0040.139
renew0.0640.0000.071
report0.0080.0000.012
spViewPerFeature1.8800.0161.937
srFilter0.3120.0000.328
srapply0.0040.0000.005
srdistance0.1840.0000.216
srduplicated0.0920.0000.098
tables0.1160.0000.121
trimTails0.3080.0120.082