ChemmineR 2.11.9 ChemmineR Team
Snapshot Date: 2013-01-15 17:01:14 -0800 (Tue, 15 Jan 2013) | URL: https://hedgehog.fhcrc.org/bioconductor/trunk/madman/Rpacks/ChemmineR | Last Changed Rev: 72461 / Revision: 72575 | Last Changed Date: 2013-01-11 07:20:04 -0800 (Fri, 11 Jan 2013) |
| george2 | Linux (Ubuntu 12.04.1 LTS) / x86_64 | OK | WARNINGS | |
lamb2 | Linux (openSUSE 11.4) / x86_64 | OK | [ WARNINGS ] | |
moscato2 | Windows Server 2008 R2 Enterprise SP1 (64-bit) / x64 | OK | WARNINGS | OK |
petty | Mac OS X Leopard (10.5.8) / i386 | OK | WARNINGS | OK |
* using log directory ‘/loc/home/biocbuild/bbs-2.12-bioc/meat/ChemmineR.Rcheck’
* using R Under development (unstable) (2012-12-17 r61365)
* using platform: x86_64-unknown-linux-gnu (64-bit)
* using session charset: UTF-8
* using option ‘--no-vignettes’
* checking for file ‘ChemmineR/DESCRIPTION’ ... OK
* checking extension type ... Package
* this is package ‘ChemmineR’ version ‘2.11.9’
* checking package namespace information ... OK
* checking package dependencies ... OK
* checking if this is a source package ... OK
* checking if there is a namespace ... OK
* checking for hidden files and directories ... OK
* checking for portable file names ... OK
* checking for sufficient/correct file permissions ... OK
* checking whether package ‘ChemmineR’ can be installed ... OK
* checking installed package size ... OK
* checking package directory ... OK
* checking DESCRIPTION meta-information ... OK
* checking top-level files ... OK
* checking for left-over files ... OK
* checking index information ... OK
* checking package subdirectories ... OK
* checking R files for non-ASCII characters ... OK
* checking R files for syntax errors ... OK
* checking whether the package can be loaded ... OK
* checking whether the package can be loaded with stated dependencies ... OK
* checking whether the package can be unloaded cleanly ... OK
* checking whether the namespace can be loaded with stated dependencies ... OK
* checking whether the namespace can be unloaded cleanly ... OK
* checking for unstated dependencies in R code ... OK
* checking S3 generic/method consistency ... OK
* checking replacement functions ... OK
* checking foreign function calls ... OK
* checking R code for possible problems ... NOTE
Found the following possibly unsafe calls:
File ‘ChemmineR/R/sim.R’:
unlockBinding(".progress_bar_int_cnt", environment(.progress_bar))
.data.frame.to.str: no visible binding for global variable ‘string’
.gen_atom_pair: no visible global function definition for
‘Descriptors_get_len’
.gen_atom_pair: no visible global function definition for
‘Descriptors_get_descriptor’
.parse: no visible global function definition for ‘Descriptors’
.parse: no visible global function definition for
‘Descriptors_parse_sdf’
cmp.parse: no visible global function definition for ‘batch_parse’
cmp.parse1: no visible global function definition for
‘delete_Descriptors’
datablock2ma: no visible binding for global variable ‘sdfset’
sdf_to_desc: no visible global function definition for
‘delete_Descriptors’
sdfs_to_desc: no visible global function definition for ‘batch_parse’
* checking Rd files ... NOTE
prepare_Rd: batchByIndex.Rd:27-29: Dropping empty section \details
prepare_Rd: batchByIndex.Rd:30-36: Dropping empty section \value
prepare_Rd: batchByIndex.Rd:43-45: Dropping empty section \note
prepare_Rd: batchByIndex.Rd:40-42: Dropping empty section \author
prepare_Rd: batchByIndex.Rd:37-39: Dropping empty section \references
prepare_Rd: batchByIndex.Rd:49-51: Dropping empty section \seealso
prepare_Rd: bufferLines.Rd:25-27: Dropping empty section \details
prepare_Rd: bufferLines.Rd:28-34: Dropping empty section \value
prepare_Rd: bufferLines.Rd:41-43: Dropping empty section \note
prepare_Rd: bufferLines.Rd:38-40: Dropping empty section \author
prepare_Rd: bufferLines.Rd:35-37: Dropping empty section \references
prepare_Rd: bufferLines.Rd:47-49: Dropping empty section \seealso
prepare_Rd: bufferResultSet.Rd:28-30: Dropping empty section \details
prepare_Rd: bufferResultSet.Rd:31-37: Dropping empty section \value
prepare_Rd: bufferResultSet.Rd:44-46: Dropping empty section \note
prepare_Rd: bufferResultSet.Rd:41-43: Dropping empty section \author
prepare_Rd: bufferResultSet.Rd:38-40: Dropping empty section \references
prepare_Rd: bufferResultSet.Rd:50-52: Dropping empty section \seealso
prepare_Rd: findCompounds.Rd:27-29: Dropping empty section \details
prepare_Rd: findCompounds.Rd:30-36: Dropping empty section \value
prepare_Rd: findCompounds.Rd:43-45: Dropping empty section \note
prepare_Rd: findCompounds.Rd:40-42: Dropping empty section \author
prepare_Rd: findCompounds.Rd:37-39: Dropping empty section \references
prepare_Rd: findCompounds.Rd:49-51: Dropping empty section \seealso
prepare_Rd: findCompoundsByName.Rd:25-27: Dropping empty section \details
prepare_Rd: findCompoundsByName.Rd:28-34: Dropping empty section \value
prepare_Rd: findCompoundsByName.Rd:41-43: Dropping empty section \note
prepare_Rd: findCompoundsByName.Rd:38-40: Dropping empty section \author
prepare_Rd: findCompoundsByName.Rd:35-37: Dropping empty section \references
prepare_Rd: findCompoundsByName.Rd:47-49: Dropping empty section \seealso
prepare_Rd: getCompoundNames.Rd:22-24: Dropping empty section \details
prepare_Rd: getCompoundNames.Rd:25-31: Dropping empty section \value
prepare_Rd: getCompoundNames.Rd:38-40: Dropping empty section \note
prepare_Rd: getCompoundNames.Rd:35-37: Dropping empty section \author
prepare_Rd: getCompoundNames.Rd:32-34: Dropping empty section \references
prepare_Rd: getCompoundNames.Rd:44-46: Dropping empty section \seealso
prepare_Rd: getCompounds.Rd:25-27: Dropping empty section \details
prepare_Rd: getCompounds.Rd:28-34: Dropping empty section \value
prepare_Rd: getCompounds.Rd:41-43: Dropping empty section \note
prepare_Rd: getCompounds.Rd:38-40: Dropping empty section \author
prepare_Rd: getCompounds.Rd:35-37: Dropping empty section \references
prepare_Rd: getCompounds.Rd:47-49: Dropping empty section \seealso
prepare_Rd: initDb.Rd:21-23: Dropping empty section \details
prepare_Rd: initDb.Rd:24-30: Dropping empty section \value
prepare_Rd: initDb.Rd:37-39: Dropping empty section \note
prepare_Rd: initDb.Rd:34-36: Dropping empty section \author
prepare_Rd: initDb.Rd:31-33: Dropping empty section \references
prepare_Rd: initDb.Rd:43-45: Dropping empty section \seealso
prepare_Rd: loadSdf.Rd:31-33: Dropping empty section \details
prepare_Rd: loadSdf.Rd:34-40: Dropping empty section \value
prepare_Rd: loadSdf.Rd:47-49: Dropping empty section \note
prepare_Rd: loadSdf.Rd:44-46: Dropping empty section \author
prepare_Rd: loadSdf.Rd:41-43: Dropping empty section \references
prepare_Rd: loadSdf.Rd:53-55: Dropping empty section \seealso
prepare_Rd: loadSmiles.Rd:25-27: Dropping empty section \details
prepare_Rd: loadSmiles.Rd:28-34: Dropping empty section \value
prepare_Rd: loadSmiles.Rd:41-43: Dropping empty section \note
prepare_Rd: loadSmiles.Rd:38-40: Dropping empty section \author
prepare_Rd: loadSmiles.Rd:35-37: Dropping empty section \references
prepare_Rd: loadSmiles.Rd:47-49: Dropping empty section \seealso
prepare_Rd: selectInBatches.Rd:30-32: Dropping empty section \details
prepare_Rd: selectInBatches.Rd:33-39: Dropping empty section \value
prepare_Rd: selectInBatches.Rd:46-48: Dropping empty section \note
prepare_Rd: selectInBatches.Rd:43-45: Dropping empty section \author
prepare_Rd: selectInBatches.Rd:40-42: Dropping empty section \references
prepare_Rd: selectInBatches.Rd:52-54: Dropping empty section \seealso
* checking Rd metadata ... OK
* checking Rd cross-references ... OK
* checking for missing documentation entries ... OK
* checking for code/documentation mismatches ... OK
* checking Rd \usage sections ... OK
* checking Rd contents ... OK
* checking for unstated dependencies in examples ... OK
* checking contents of ‘data’ directory ... OK
* checking data for non-ASCII characters ... OK
* checking data for ASCII and uncompressed saves ... OK
* checking installed files from ‘inst/doc’ ... OK
* checking examples ... OK
Examples with CPU or elapsed time > 5s
user system elapsed
sdf2ap 13.268 0.036 13.305
APset-class 13.245 0.036 13.286
AP-class 13.048 0.060 13.115
ap 12.833 0.004 12.840
apset2descdb 12.781 0.048 12.837
jarvisPatrick 5.696 0.364 6.060
* checking for unstated dependencies in tests ... WARNING
‘::’ or ‘:::’ import not declared from: ‘BiocGenerics’
* checking tests ...
Running ‘runTests.R’
OK
* checking for unstated dependencies in vignettes ... OK
* checking package vignettes in ‘inst/doc’ ... OK
* checking running R code from vignettes ... SKIPPED
* checking re-building of vignettes ... SKIPPED
* checking PDF version of manual ... OK
WARNING: There was 1 warning.
NOTE: There were 2 notes.
See
‘/loc/home/biocbuild/bbs-2.12-bioc/meat/ChemmineR.Rcheck/00check.log’
for details.
* installing *source* package ‘ChemmineR’ ...
** R
** data
** inst
** preparing package for lazy loading
Creating a generic function for ‘as.vector’ from package ‘base’ in package ‘ChemmineR’
Creating a generic function for ‘as.matrix’ from package ‘base’ in package ‘ChemmineR’
Creating a generic function for ‘plot’ from package ‘graphics’ in package ‘ChemmineR’
** help
*** installing help indices
** building package indices
** installing vignettes
‘ChemmineR.Rnw’
** testing if installed package can be loaded
* DONE (ChemmineR)