CGEN 2.0.1 William Wheeler
Snapshot Date: 2013-01-15 17:01:14 -0800 (Tue, 15 Jan 2013) | URL: https://hedgehog.fhcrc.org/bioconductor/trunk/madman/Rpacks/CGEN | Last Changed Rev: 70588 / Revision: 72575 | Last Changed Date: 2012-10-16 05:17:10 -0700 (Tue, 16 Oct 2012) |
| george2 | Linux (Ubuntu 12.04.1 LTS) / x86_64 | OK | WARNINGS | |
lamb2 | Linux (openSUSE 11.4) / x86_64 | OK | [ WARNINGS ] | |
moscato2 | Windows Server 2008 R2 Enterprise SP1 (64-bit) / x64 | OK | WARNINGS | OK |
petty | Mac OS X Leopard (10.5.8) / i386 | OK | WARNINGS | OK |
* using log directory ‘/loc/home/biocbuild/bbs-2.12-bioc/meat/CGEN.Rcheck’
* using R Under development (unstable) (2012-12-17 r61365)
* using platform: x86_64-unknown-linux-gnu (64-bit)
* using session charset: UTF-8
* using option ‘--no-vignettes’
* checking for file ‘CGEN/DESCRIPTION’ ... OK
* this is package ‘CGEN’ version ‘2.0.1’
* checking package namespace information ... OK
* checking package dependencies ... OK
* checking if this is a source package ... OK
* checking if there is a namespace ... OK
* checking for hidden files and directories ... OK
* checking for portable file names ... OK
* checking for sufficient/correct file permissions ... OK
* checking whether package ‘CGEN’ can be installed ... OK
* checking installed package size ... OK
* checking package directory ... OK
* checking DESCRIPTION meta-information ... OK
* checking top-level files ... OK
* checking for left-over files ... OK
* checking index information ... OK
* checking package subdirectories ... OK
* checking R files for non-ASCII characters ... OK
* checking R files for syntax errors ... OK
* checking whether the package can be loaded ... OK
* checking whether the package can be loaded with stated dependencies ... OK
* checking whether the package can be unloaded cleanly ... OK
* checking whether the namespace can be loaded with stated dependencies ... OK
* checking whether the namespace can be unloaded cleanly ... OK
* checking for unstated dependencies in R code ... OK
* checking S3 generic/method consistency ... OK
* checking replacement functions ... OK
* checking foreign function calls ... OK
* checking R code for possible problems ... OK
* checking Rd files ... OK
* checking Rd metadata ... OK
* checking Rd cross-references ... OK
* checking for missing documentation entries ... OK
* checking for code/documentation mismatches ... OK
* checking Rd \usage sections ... OK
* checking Rd contents ... OK
* checking for unstated dependencies in examples ... WARNING
‘library’ or ‘require’ call not declared from: ‘cluster’
* checking contents of ‘data’ directory ... OK
* checking data for non-ASCII characters ... OK
* checking data for ASCII and uncompressed saves ... OK
* checking line endings in C/C++/Fortran sources/headers ... OK
* checking line endings in Makefiles ... OK
* checking for portable use of $(BLAS_LIBS) and $(LAPACK_LIBS) ... OK
* checking compiled code ... WARNING
File ‘/loc/home/biocbuild/bbs-2.12-bioc/meat/CGEN.Rcheck/CGEN/libs/CGEN.so’:
Found ‘exit’, possibly from ‘exit’ (C)
Objects: ‘ccl.o’, ‘hcl.o’
Found ‘printf’, possibly from ‘printf’ (C)
Objects: ‘Additive.o’, ‘CML.o’
Found ‘puts’, possibly from ‘printf’ (C), ‘puts’ (C)
Objects: ‘Additive.o’, ‘CML.o’, ‘ccl.o’, ‘hcl.o’
Compiled code should not call functions which might terminate R nor
write to stdout/stderr instead of to the console.
See ‘Writing portable packages’ in the ‘Writing R Extensions’ manual.
* checking installed files from ‘inst/doc’ ... OK
* checking examples ... OK
Examples with CPU or elapsed time > 5s
user system elapsed
getMatchedSets 29.589 0.3 29.904
snp.matched 22.009 0.0 22.012
* checking for unstated dependencies in vignettes ... NOTE
‘library’ or ‘require’ call not declared from: ‘cluster’
* checking package vignettes in ‘inst/doc’ ... OK
* checking running R code from vignettes ... SKIPPED
* checking re-building of vignettes ... SKIPPED
* checking PDF version of manual ... OK
WARNING: There were 2 warnings.
NOTE: There was 1 note.
See
‘/loc/home/biocbuild/bbs-2.12-bioc/meat/CGEN.Rcheck/00check.log’
for details.
* installing *source* package ‘CGEN’ ...
** libs
gcc -std=gnu99 -I/home/biocbuild/bbs-2.12-bioc/R/include -DNDEBUG -I/usr/local/include -fpic -g -O2 -c Additive.c -o Additive.o
gcc -std=gnu99 -I/home/biocbuild/bbs-2.12-bioc/R/include -DNDEBUG -I/usr/local/include -fpic -g -O2 -c CML.c -o CML.o
gcc -std=gnu99 -I/home/biocbuild/bbs-2.12-bioc/R/include -DNDEBUG -I/usr/local/include -fpic -g -O2 -c ccl.c -o ccl.o
gfortran -fpic -g -O2 -c csclust.f -o csclust.o
gcc -std=gnu99 -I/home/biocbuild/bbs-2.12-bioc/R/include -DNDEBUG -I/usr/local/include -fpic -g -O2 -c fsclust.c -o fsclust.o
gcc -std=gnu99 -I/home/biocbuild/bbs-2.12-bioc/R/include -DNDEBUG -I/usr/local/include -fpic -g -O2 -c hcl.c -o hcl.o
gcc -std=gnu99 -I/home/biocbuild/bbs-2.12-bioc/R/include -DNDEBUG -I/usr/local/include -fpic -g -O2 -c pmatch.c -o pmatch.o
gcc -std=gnu99 -shared -L/usr/local/lib64 -o CGEN.so Additive.o CML.o ccl.o csclust.o fsclust.o hcl.o pmatch.o -lgfortran -lm -L/home/biocbuild/bbs-2.12-bioc/R/lib -lR
installing to /loc/home/biocbuild/bbs-2.12-bioc/meat/CGEN.Rcheck/CGEN/libs
** R
** data
** exec
** inst
** preparing package for lazy loading
** help
*** installing help indices
** building package indices
** installing vignettes
‘vignette.Rnw’
** testing if installed package can be loaded
* DONE (CGEN)