ensemblVEP 1.0.1 Valerie Obenchain
Snapshot Date: 2013-04-30 17:01:37 -0700 (Tue, 30 Apr 2013) | URL: https://hedgehog.fhcrc.org/bioconductor/branches/RELEASE_2_12/madman/Rpacks/ensemblVEP | Last Changed Rev: 75588 / Revision: 76155 | Last Changed Date: 2013-04-11 11:15:19 -0700 (Thu, 11 Apr 2013) |
| george2 | Linux (Ubuntu 12.04.1 LTS) / x86_64 | OK | OK | |
moscato2 | Windows Server 2008 R2 Enterprise SP1 (64-bit) / x64 | OK | OK | OK |
petty | Mac OS X Snow Leopard (10.6.8) / x86_64 | OK | OK | OK |
pelham | Mac OS X Snow Leopard (10.6.8) / x86_64 | [ ERROR ] | skipped | skipped |
* checking for file 'ensemblVEP/DESCRIPTION' ... OK
* preparing 'ensemblVEP':
* checking DESCRIPTION meta-information ... OK
* installing the package to re-build vignettes
* creating vignettes ... ERROR
Loading required package: BiocGenerics
Loading required package: parallel
Attaching package: 'BiocGenerics'
The following objects are masked from 'package:parallel':
clusterApply, clusterApplyLB, clusterCall, clusterEvalQ,
clusterExport, clusterMap, parApply, parCapply, parLapply,
parLapplyLB, parRapply, parSapply, parSapplyLB
The following object is masked from 'package:stats':
xtabs
The following objects are masked from 'package:base':
Filter, Find, Map, Position, Reduce, anyDuplicated, as.data.frame,
cbind, colnames, duplicated, eval, get, intersect, lapply, mapply,
match, mget, order, paste, pmax, pmax.int, pmin, pmin.int, rank,
rbind, rep.int, rownames, sapply, setdiff, sort, table, tapply,
union, unique, unlist
Loading required package: GenomicRanges
Loading required package: IRanges
Loading required package: VariantAnnotation
Loading required package: Rsamtools
Loading required package: Biostrings
Unknown option: database
ERROR: Failed to parse command-line flags
Error: processing vignette 'ensemblVEP.Rnw' failed with diagnostics:
chunk 4 (label = rtn_GRanges)
Error in .io_check_exists(path(con)) : file(s) do not exist:
'/tmp/RtmpiUGa8y/file12b6fa99083f'
Execution halted