makecdfenv 1.36.0 James W. MacDonald
Snapshot Date: 2013-04-30 17:01:37 -0700 (Tue, 30 Apr 2013) | URL: https://hedgehog.fhcrc.org/bioconductor/branches/RELEASE_2_12/madman/Rpacks/makecdfenv | Last Changed Rev: 75289 / Revision: 76155 | Last Changed Date: 2013-04-04 10:51:44 -0700 (Thu, 04 Apr 2013) |
| george2 | Linux (Ubuntu 12.04.1 LTS) / x86_64 | OK | OK | |
moscato2 | Windows Server 2008 R2 Enterprise SP1 (64-bit) / x64 | OK | OK | OK |
petty | Mac OS X Snow Leopard (10.6.8) / x86_64 | OK | OK | OK |
pelham | Mac OS X Snow Leopard (10.6.8) / x86_64 | OK | [ WARNINGS ] | OK |
* using log directory '/Users/biocbuild/bbs-2.12-bioc/meat/makecdfenv.Rcheck'
* using R version 3.0.0 Patched (2013-04-08 r62531)
* using platform: x86_64-apple-darwin10.8.0 (64-bit)
* using session charset: ASCII
* using option '--no-vignettes'
* checking for file 'makecdfenv/DESCRIPTION' ... OK
* this is package 'makecdfenv' version '1.36.0'
* checking package namespace information ... OK
* checking package dependencies ... OK
* checking if this is a source package ... OK
* checking if there is a namespace ... OK
* checking for hidden files and directories ... OK
* checking for portable file names ... OK
* checking for sufficient/correct file permissions ... OK
* checking whether package 'makecdfenv' can be installed ... [6s/7s] OK
* checking installed package size ... OK
* checking package directory ... OK
* checking DESCRIPTION meta-information ... OK
* checking top-level files ... OK
* checking for left-over files ... OK
* checking index information ... OK
* checking package subdirectories ... OK
* checking R files for non-ASCII characters ... OK
* checking R files for syntax errors ... OK
* checking whether the package can be loaded ... OK
* checking whether the package can be loaded with stated dependencies ... OK
* checking whether the package can be unloaded cleanly ... OK
* checking whether the namespace can be loaded with stated dependencies ... OK
* checking whether the namespace can be unloaded cleanly ... OK
* checking for unstated dependencies in R code ... OK
* checking S3 generic/method consistency ... OK
* checking replacement functions ... OK
* checking foreign function calls ... NOTE
Foreign function calls with 'PACKAGE' argument in a different package:
.Call("CheckCDFXDA", ..., PACKAGE = "affyio")
.Call("ReadCDFFile", ..., PACKAGE = "affyio")
See the chapter 'System and foreign language interfaces' of the
'Writing R Extensions' manual.
* checking R code for possible problems ... OK
* checking Rd files ... OK
* checking Rd metadata ... OK
* checking Rd cross-references ... OK
* checking for missing documentation entries ... OK
* checking for code/documentation mismatches ... OK
* checking Rd \usage sections ... OK
* checking Rd contents ... OK
* checking for unstated dependencies in examples ... OK
* checking line endings in C/C++/Fortran sources/headers ... OK
* checking line endings in Makefiles ... OK
* checking for portable compilation flags in Makevars ... OK
* checking for portable use of $(BLAS_LIBS) and $(LAPACK_LIBS) ... OK
* checking compiled code ... OK
* checking installed files from 'inst/doc' ... OK
* checking examples ... [62s/64s] WARNING
Found the following significant warnings:
Warning: '.path.package' is deprecated.
Deprecated functions may be defunct as soon as of the next release of
R.
See ?Deprecated.
Examples with CPU or elapsed time > 5s
user system elapsed
make.cdf.env 20.093 0.560 21.162
make.cdf.package 19.900 0.472 20.909
read.cdffile 17.981 0.344 19.441
* checking for unstated dependencies in vignettes ... OK
* checking package vignettes in 'inst/doc' ... OK
* checking running R code from vignettes ... SKIPPED
* checking re-building of vignettes ... SKIPPED
* checking PDF version of manual ... OK
WARNING: There was 1 warning.
NOTE: There was 1 note.
See
'/Users/biocbuild/bbs-2.12-bioc/meat/makecdfenv.Rcheck/00check.log'
for details.
* installing *source* package 'makecdfenv' ...
creating cache ./config.cache
checking how to run the C preprocessor... cc -E
checking for main in -lz... yes
checking for zlib.h... yes
checking if zlib version >= 1.1.3... yes
updating cache ./config.cache
creating ./config.status
creating src/Makevars
** libs
clang -I/Library/Frameworks/R.framework/Resources/include -DNDEBUG -DHAVE_ZLIB=1 -I/usr/local/include -fPIC -mtune=native -ggdb -O0 -Wall -pedantic -Wconversion -c read_cdffile.c -o read_cdffile.o
read_cdffile.c:406:15: warning: implicit conversion loses integer precision: 'size_t' (aka 'unsigned long') to 'int' [-Wshorten-64-to-32]
stringLen = strcspn(retour, "\t");
˜ ^˜˜˜˜˜˜˜˜˜˜˜˜˜˜˜˜˜˜˜˜
read_cdffile.c:443:39: warning: implicit conversion changes signedness: 'int' to 'size_t' (aka 'unsigned long') [-Wsign-conversion]
if (strncmp(search_string, buffy, size) == 0) {
˜˜˜˜˜˜˜ ^˜˜˜
read_cdffile.c:432:10: warning: implicit conversion loses integer precision: 'size_t' (aka 'unsigned long') to 'int' [-Wshorten-64-to-32]
size = strlen(search_string);
˜ ^˜˜˜˜˜˜˜˜˜˜˜˜˜˜˜˜˜˜˜˜
read_cdffile.c:490:39: warning: implicit conversion changes signedness: 'int' to 'size_t' (aka 'unsigned long') [-Wsign-conversion]
if (strncmp(search_string, buffy, size) == 0) {
˜˜˜˜˜˜˜ ^˜˜˜
read_cdffile.c:475:10: warning: implicit conversion loses integer precision: 'size_t' (aka 'unsigned long') to 'int' [-Wshorten-64-to-32]
size = strlen(search_string);
˜ ^˜˜˜˜˜˜˜˜˜˜˜˜˜˜˜˜˜˜˜˜
read_cdffile.c:538:39: warning: implicit conversion changes signedness: 'int' to 'size_t' (aka 'unsigned long') [-Wsign-conversion]
if (strncmp(search_string, buffy, size) == 0) {
˜˜˜˜˜˜˜ ^˜˜˜
read_cdffile.c:539:41: warning: implicit conversion changes signedness: 'int' to 'size_t' (aka 'unsigned long') [-Wsign-conversion]
result_string = R_alloc( SIZE_LINE-size, SIZE_CHAR );
˜˜˜˜˜˜˜ ˜˜˜˜˜˜˜˜˜^˜˜˜˜
read_cdffile.c:527:10: warning: implicit conversion loses integer precision: 'size_t' (aka 'unsigned long') to 'int' [-Wshorten-64-to-32]
size = strlen(search_string);
˜ ^˜˜˜˜˜˜˜˜˜˜˜˜˜˜˜˜˜˜˜˜
read_cdffile.c:652:9: warning: implicit conversion turns floating-point number into integer: 'double' to 'int' [-Wconversion]
x = atof(buffer);
˜ ^˜˜˜˜˜˜˜˜˜˜˜
read_cdffile.c:656:9: warning: implicit conversion turns floating-point number into integer: 'double' to 'int' [-Wconversion]
y = atof(buffer);
˜ ^˜˜˜˜˜˜˜˜˜˜˜
read_cdffile.c:681:19: warning: implicit conversion loses integer precision: 'size_t' (aka 'unsigned long') to 'int' [-Wshorten-64-to-32]
stringLen = strcspn(buffer2, "\t");
˜ ^˜˜˜˜˜˜˜˜˜˜˜˜˜˜˜˜˜˜˜˜˜
11 warnings generated.
clang -dynamiclib -Wl,-headerpad_max_install_names -undefined dynamic_lookup -single_module -multiply_defined suppress -L/usr/local/lib -L/usr/local/lib -o makecdfenv.so read_cdffile.o -lz -F/Library/Frameworks/R.framework/.. -framework R -Wl,-framework -Wl,CoreFoundation
installing to /Users/biocbuild/bbs-2.12-bioc/meat/makecdfenv.Rcheck/makecdfenv/libs
** R
** inst
** preparing package for lazy loading
** help
*** installing help indices
** building package indices
** installing vignettes
** testing if installed package can be loaded
* DONE (makecdfenv)