Back to the "Multiple platform build/check report"

Package 94/140HostnameOS / ArchBUILDCHECKBUILD BIN
msdata 0.1.12
Steffen Neumann
Snapshot Date: 2013-01-17 10:15:10 -0800 (Thu, 17 Jan 2013)
URL: https://hedgehog.fhcrc.org/bioc-data/trunk/experiment/pkgs/msdata
Last Changed Rev: 2199 / Revision: 2199
Last Changed Date: 2013-01-16 06:08:28 -0800 (Wed, 16 Jan 2013)
george2 Linux (Ubuntu 12.04.1 LTS) / x86_64  OK  WARNINGS 
lamb2 Linux (openSUSE 11.4) / x86_64  OK [ WARNINGS ]
moscato2 Windows Server 2008 R2 Enterprise SP1 (64-bit) / x64  OK  WARNINGS  OK 
petty Mac OS X Leopard (10.5.8) / i386  OK  WARNINGS  OK 

Summary

Package: msdata
Version: 0.1.12
Command: /home/biocbuild/bbs-2.12-bioc/R/bin/R CMD check --no-vignettes --timings msdata_0.1.12.tar.gz
StartedAt: 2013-01-17 13:12:17 -0800 (Thu, 17 Jan 2013)
EndedAt: 2013-01-17 13:12:39 -0800 (Thu, 17 Jan 2013)
EllapsedTime: 21.5 seconds
RetCode: 0
Status:  WARNINGS 
CheckDir: msdata.Rcheck
Warnings: 5

Command output

* using log directory ‘/loc/home/biocbuild/bbs-2.12-data-experiment/meat/msdata.Rcheck’
* using R Under development (unstable) (2012-12-17 r61365)
* using platform: x86_64-unknown-linux-gnu (64-bit)
* using session charset: UTF-8
* using option ‘--no-vignettes’
* checking for file ‘msdata/DESCRIPTION’ ... OK
* this is package ‘msdata’ version ‘0.1.12’
* checking package namespace information ... OK
* checking package dependencies ... OK
* checking if this is a source package ... OK
* checking if there is a namespace ... OK
* checking for hidden files and directories ... OK
* checking for portable file names ... OK
* checking for sufficient/correct file permissions ... OK
* checking whether package ‘msdata’ can be installed ... OK
* checking installed package size ... NOTE
  installed size is 28.2Mb
  sub-directories of 1Mb or more:
    fticr       5.8Mb
    iontrap     1.7Mb
    lockmass    4.1Mb
    microtofq  16.2Mb
* checking package directory ... OK
* checking DESCRIPTION meta-information ... OK
* checking top-level files ... OK
* checking for left-over files ... OK
* checking index information ... OK
* checking package subdirectories ... WARNING
Found directory ‘R’ with no source files.
* checking R files for non-ASCII characters ... OK
* checking R files for syntax errors ... OK
* checking whether the package can be loaded ... OK
* checking whether the package can be loaded with stated dependencies ... OK
* checking whether the package can be unloaded cleanly ... OK
* checking whether the namespace can be loaded with stated dependencies ... OK
* checking whether the namespace can be unloaded cleanly ... OK
* checking for unstated dependencies in R code ... WARNING
Error in tools:::.check_packages_used(package = "msdata") : 
  directory ‘/loc/home/biocbuild/bbs-2.12-data-experiment/meat/msdata.Rcheck/msdata’ does not contain R code
Execution halted
See the information on DESCRIPTION files in the chapter ‘Creating R
packages’ of the ‘Writing R Extensions’ manual.
* checking S3 generic/method consistency ... WARNING
Error in tools::checkS3methods(package = "msdata") : 
  directory ‘/loc/home/biocbuild/bbs-2.12-data-experiment/meat/msdata.Rcheck/msdata’ does not contain R code
Execution halted
See section ‘Generic functions and methods’ of the ‘Writing R
Extensions’ manual.
* checking replacement functions ... WARNING
Error in tools::checkReplaceFuns(package = "msdata") : 
  directory ‘/loc/home/biocbuild/bbs-2.12-data-experiment/meat/msdata.Rcheck/msdata’ does not contain R code
Execution halted
The argument of a replacement function which corresponds to the right
hand side must be named ‘value’.
* checking foreign function calls ... NOTE
Error in tools::checkFF(package = "msdata") : 
  directory ‘/loc/home/biocbuild/bbs-2.12-data-experiment/meat/msdata.Rcheck/msdata’ does not contain R code
Execution halted
See the chapter ‘System and foreign language interfaces’ of the
‘Writing R Extensions’ manual.
* checking R code for possible problems ... OK
* checking Rd files ... OK
* checking Rd metadata ... OK
* checking Rd cross-references ... OK
* checking for missing documentation entries ... OK
* checking for code/documentation mismatches ... WARNING
Error in tools::codoc(package = "msdata") : 
  directory '/loc/home/biocbuild/bbs-2.12-data-experiment/meat/msdata.Rcheck/msdata' does not contain R code
Execution halted
Error in tools::codocClasses(package = "msdata") : 
  directory '/loc/home/biocbuild/bbs-2.12-data-experiment/meat/msdata.Rcheck/msdata' does not contain R code
Execution halted
* checking Rd \usage sections ... NOTE
Error in tools::checkDocStyle(package = "msdata") : 
  directory '/loc/home/biocbuild/bbs-2.12-data-experiment/meat/msdata.Rcheck/msdata' does not contain R code
Execution halted
The \usage entries for S3 methods should use the \method markup and not
their full name.
See the chapter ‘Writing R documentation files’ in the ‘Writing R
Extensions’ manual.
* checking Rd contents ... OK
* checking for unstated dependencies in examples ... OK
* checking contents of ‘data’ directory ... OK
* checking data for non-ASCII characters ... OK
* checking data for ASCII and uncompressed saves ... OK
* checking examples ... OK
* checking PDF version of manual ... OK

WARNING: There were 5 warnings.
NOTE: There were 3 notes.
See
  ‘/loc/home/biocbuild/bbs-2.12-data-experiment/meat/msdata.Rcheck/00check.log’
for details.

msdata.Rcheck/00install.out:

* installing *source* package ‘msdata’ ...
** data
** inst
** help
*** installing help indices
** building package indices
** testing if installed package can be loaded

* DONE (msdata)

msdata.Rcheck/msdata-Ex.timings:

nameusersystemelapsed
msdata3.1000.0603.164