GeneAnswers 1.2.0 Gang Feng and Pan Du
Snapshot Date: 2010-04-02 23:28:25 -0700 (Fri, 02 Apr 2010) | URL: https://hedgehog.fhcrc.org/bioconductor/branches/RELEASE_2_5/madman/Rpacks/GeneAnswers | Last Changed Rev: 44492 / Revision: 45705 | Last Changed Date: 2010-02-04 10:54:01 -0800 (Thu, 04 Feb 2010) |
| wilson2 | Linux (openSUSE 11.1) / x86_64 | ERROR | skipped | |
liverpool | Windows Server 2003 R2 (32-bit) / x64 | [ ERROR ] | skipped | skipped |
pitt | Mac OS X Tiger (10.4.11) / i386 | OK | OK | OK |
pelham | Mac OS X Leopard (10.5.8) / i386 | OK | OK | OK |
* checking for file 'GeneAnswers/DESCRIPTION' ... OK
* preparing 'GeneAnswers':
* checking DESCRIPTION meta-information ... OK
* installing the package to re-build vignettes
* installing *source* package 'GeneAnswers' ...
** R
** data
** inst
** preparing package for lazy loading
Loading required package: bitops
Loading required package: AnnotationDbi
Loading required package: Biobase
Welcome to Bioconductor
Vignettes contain introductory material. To view, type
'openVignette()'. To cite Bioconductor, see
'citation("Biobase")' and for packages 'citation(pkgname)'.
Loading required package: DBI
** help
*** installing help indices
** building package indices ...
** MD5 sums
* DONE (GeneAnswers)
* creating vignettes ... ERROR
Loading required package: igraph
Loading required package: RCurl
Loading required package: bitops
Loading required package: annotate
Loading required package: AnnotationDbi
Loading required package: Biobase
Welcome to Bioconductor
Vignettes contain introductory material. To view, type
'openVignette()'. To cite Bioconductor, see
'citation("Biobase")' and for packages 'citation(pkgname)'.
Loading required package: XML
Loading required package: RSQLite
Loading required package: DBI
Loading required package: MASS
Loading required package: org.Hs.eg.db
Loading required package: GO.db
Error: processing vignette 'geneAnswers.Rnw' failed with diagnostics:
chunk 3 (label=build customized GeneAnswers)
Error in UseMethod("xmlSApply") :
no applicable method for 'xmlSApply' applied to an object of class "NULL"
Execution halted