RTools4TB 1.9.0 Aurelie Bergon
Snapshot Date: 2011-05-09 07:20:56 -0700 (Mon, 09 May 2011) | URL: https://hedgehog.fhcrc.org/bioconductor/trunk/madman/Rpacks/RTools4TB | Last Changed Rev: 54802 / Revision: 55359 | Last Changed Date: 2011-04-13 15:36:43 -0700 (Wed, 13 Apr 2011) |
| wilson2 | Linux (openSUSE 11.4) / x86_64 | OK | OK | |
liverpool | Windows Server 2003 R2 (32-bit) / x64 | [ ERROR ] | skipped | skipped |
gewurz | Windows Server 2008 R2 Enterprise (64-bit) / x64 | OK | OK | OK |
pelham | Mac OS X Leopard (10.5.8) / i386 | OK | OK | OK |
* checking for file 'RTools4TB/DESCRIPTION' ... OK
* preparing 'RTools4TB':
* checking DESCRIPTION meta-information ... OK
* cleaning src
* installing the package to re-build vignettes
* creating vignettes ... ERROR
Loading required package: Biobase
Welcome to Bioconductor
Vignettes contain introductory material. To view, type
'browseVignettes()'. To cite Bioconductor, see
'citation("Biobase")' and for packages 'citation("pkgname")'.
Loading required package: limma
Warning in file(con, "r") : cannot open: HTTP status was '0 (nil)'
Error: processing vignette 'RTools4TB.Rnw' failed with diagnostics:
chunk 3
Error in file(con, "r") : cannot open the connection
Execution halted