GeneR 2.23.0 Y. d'Aubenton-Carafa
Snapshot Date: 2011-07-06 19:21:50 -0700 (Wed, 06 Jul 2011) | URL: https://hedgehog.fhcrc.org/bioconductor/trunk/madman/Rpacks/GeneR | Last Changed Rev: 54802 / Revision: 56603 | Last Changed Date: 2011-04-13 15:36:43 -0700 (Wed, 13 Apr 2011) |
| wilson2 | Linux (openSUSE 11.4) / x86_64 | OK | OK | |
liverpool | Windows Server 2003 R2 (32-bit) / x64 | OK | OK | OK |
gewurz | Windows Server 2008 R2 Enterprise (64-bit) / x64 | OK | ERROR | OK |
moscato1 | Windows Server 2008 R2 Enterprise (64-bit) / x64 | OK | [ ERROR ] | ERROR |
pitt | Mac OS X Leopard (10.5.8) / i386 | OK | OK | OK |
* using log directory 'D:/biocbld/bbs-2.9-bioc/meat/GeneR.Rcheck'
* using R version 2.14.0 Under development (unstable) (2011-06-20 r56188)
* using platform: i386-pc-mingw32 (32-bit)
* using session charset: ISO8859-1
* using option '--no-vignettes'
* checking for file 'GeneR/DESCRIPTION' ... OK
* this is package 'GeneR' version '2.23.0'
* checking package name space information ... OK
* checking package dependencies ... OK
* checking if this is a source package ... OK
* checking whether package 'GeneR' can be installed ... OK
* checking installed package size ... OK
* checking package directory ... OK
* checking for portable file names ... OK
* checking DESCRIPTION meta-information ... OK
* checking top-level files ... OK
* checking index information ... OK
* checking package subdirectories ... OK
* checking R files for non-ASCII characters ... OK
* checking R files for syntax errors ... OK
* loading checks for arch 'i386'
** checking whether the package can be loaded ... OK
** checking whether the package can be loaded with stated dependencies ... OK
** checking whether the package can be unloaded cleanly ... OK
** checking whether the name space can be loaded with stated dependencies ... OK
** checking whether the name space can be unloaded cleanly ... OK
* loading checks for arch 'x64'
** checking whether the package can be loaded ... OK
** checking whether the package can be loaded with stated dependencies ... OK
** checking whether the package can be unloaded cleanly ... OK
** checking whether the name space can be loaded with stated dependencies ... OK
** checking whether the name space can be unloaded cleanly ... OK
* checking for unstated dependencies in R code ... OK
* checking S3 generic/method consistency ... OK
* checking replacement functions ... OK
* checking foreign function calls ... OK
* checking R code for possible problems ... NOTE
and.segSet: possible error in as.segSet(deb, fin): unused argument(s)
(fin)
relist: no visible global function definition for 'error'
setParam: no visible global function definition for 'seqSize'
* checking Rd files ... OK
* checking Rd metadata ... OK
* checking Rd cross-references ... OK
* checking for missing documentation entries ... OK
* checking for code/documentation mismatches ... OK
* checking Rd \usage sections ... OK
* checking Rd contents ... OK
* checking for unstated dependencies in examples ... OK
* checking line endings in C/C++/Fortran sources/headers ... OK
* checking line endings in Makefiles ... OK
* checking for portable use of $(BLAS_LIBS) and $(LAPACK_LIBS) ... OK
* checking examples ...
** running examples for arch 'i386' ... OK
** running examples for arch 'x64' ... ERROR
Running examples in 'GeneR-Ex.R' failed
The error most likely occurred in:
> assign(".ptime", proc.time(), pos = "CheckExEnv")
> ### Name: bankSummary
> ### Title: Computes informations on all a bank file
> ### Aliases: bankSummary
> ### Keywords: utilities
>
> ### ** Examples
>
> for(i in 1:8)
+ {
+ s=randomSeq(n=100)
+ placeString(s,seqno=0)
+ writeFasta("toto_norm.fa",append=TRUE,name=i)
+ }
> bankSummary(file="toto_norm.fa")
[1] "<readseq paramFromIndex error>"
Warning in .transf.limites(seqno, limites) : NA in from or To
Warning in fun() : error in the transformation of the limits
[1] "<readseq paramFromIndex error>"
Warning in .transf.limites(seqno, limites) : NA in from or To
Warning in fun() : error in the transformation of the limits
[1] "<readseq paramFromIndex error>"
Warning in .transf.limites(seqno, limites) : NA in from or To
Warning in fun() : error in the transformation of the limits
[1] "<readseq paramFromIndex error>"
Warning in .transf.limites(seqno, limites) : NA in from or To
Warning in fun() : error in the transformation of the limits
[1] "<readseq paramFromIndex error>"
Warning in .transf.limites(seqno, limites) : NA in from or To
Warning in fun() : error in the transformation of the limits
[1] "<readseq paramFromIndex error>"
Warning in .transf.limites(seqno, limites) : NA in from or To
Warning in fun() : error in the transformation of the limits
[1] "<readseq paramFromIndex error>"
Warning in .transf.limites(seqno, limites) : NA in from or To
Warning in fun() : error in the transformation of the limits
[1] "<readseq paramFromIndex error>"
Warning in .transf.limites(seqno, limites) : NA in from or To
Warning in fun() : error in the transformation of the limits
[1] "<readseq paramFromIndex error>"
Warning in .transf.limites(seqno, limites) : NA in from or To
Warning in fun() : error in the transformation of the limits
[1] "<readseq paramFromIndex error>"
Warning in .transf.limites(seqno, limites) : NA in from or To
Warning in fun() : error in the transformation of the limits
[1] "<readseq paramFromIndex error>"
Warning in .transf.limites(seqno, limites) : NA in from or To
Warning in fun() : error in the transformation of the limits
[1] "<readseq paramFromIndex error>"
Warning in .transf.limites(seqno, limites) : NA in from or To
Warning in fun() : error in the transformation of the limits
[1] "<readseq paramFromIndex error>"
Warning in .transf.limites(seqno, limites) : NA in from or To
Warning in fun() : error in the transformation of the limits
[1] "<readseq paramFromIndex error>"
Warning in .transf.limites(seqno, limites) : NA in from or To
Warning in fun() : error in the transformation of the limits
[1] "<readseq paramFromIndex error>"
Warning in .transf.limites(seqno, limites) : NA in from or To
Warning in fun() : error in the transformation of the limits
[1] "<readseq paramFromIndex error>"
Warning in .transf.limites(seqno, limites) : NA in from or To
Warning in fun() : error in the transformation of the limits
[1] "<readseq paramFromIndex error>"
Warning in .transf.limites(seqno, limites) : NA in from or To
Warning in fun() : error in the transformation of the limits
[1] "<readseq paramFromIndex error>"
Warning in .transf.limites(seqno, limites) : NA in from or To
Warning in fun() : error in the transformation of the limits
[1] "<readseq paramFromIndex error>"
Warning in .transf.limites(seqno, limites) : NA in from or To
Warning in fun() : error in the transformation of the limits
[1] "<readseq paramFromIndex error>"
Warning in .transf.limites(seqno, limites) : NA in from or To
Warning in fun() : error in the transformation of the limits
[1] "<readseq paramFromIndex error>"
Warning in .transf.limites(seqno, limites) : NA in from or To
Warning in fun() : error in the transformation of the limits
[1] "<readseq paramFromIndex error>"
Warning in .transf.limites(seqno, limites) : NA in from or To
Warning in fun() : error in the transformation of the limits
[1] "<readseq paramFromIndex error>"
Warning in .transf.limites(seqno, limites) : NA in from or To
Warning in fun() : error in the transformation of the limits
[1] "<readseq paramFromIndex error>"
Warning in .transf.limites(seqno, limites) : NA in from or To
Warning in fun() : error in the transformation of the limits
[1] "<readseq paramFromIndex error>"
Warning in .transf.limites(seqno, limites) : NA in from or To
Warning in fun() : error in the transformation of the limits
[1] "<readseq paramFromIndex error>"
Warning in .transf.limites(seqno, limites) : NA in from or To
Warning in fun() : error in the transformation of the limits
[1] "<readseq paramFromIndex error>"
Warning in .transf.limites(seqno, limites) : NA in from or To
Warning in fun() : error in the transformation of the limits
[1] "<readseq paramFromIndex error>"
Warning in .transf.limites(seqno, limites) : NA in from or To
Warning in fun() : error in the transformation of the limits
[1] "<readseq paramFromIndex error>"
Warning in .transf.limites(seqno, limites) : NA in from or To
Warning in fun() : error in the transformation of the limits
[1] "<readseq paramFromIndex error>"
Warning in .transf.limites(seqno, limites) : NA in from or To
Warning in fun() : error in the transformation of the limits
[1] "<readseq paramFromIndex error>"
Warning in .transf.limites(seqno, limites) : NA in from or To
Warning in fun() : error in the transformation of the limits
[1] "<readseq paramFromIndex error>"
Warning in .transf.limites(seqno, limites) : NA in from or To
Warning in fun() : error in the transformation of the limits
name T C A G X
1 1 0.2 0.27 0.32 0.21 0
2 1 0.2 0.27 0.32 0.21 0
3 1 0.2 0.27 0.32 0.21 0
4 1 0.2 0.27 0.32 0.21 0
5 10 0.2 0.27 0.32 0.21 0
6 10 0.2 0.27 0.32 0.21 0
7 2 0.2 0.27 0.32 0.21 0
8 2 0.2 0.27 0.32 0.21 0
9 2 0.2 0.27 0.32 0.21 0
10 2 0.2 0.27 0.32 0.21 0
11 3 0.2 0.27 0.32 0.21 0
12 3 0.2 0.27 0.32 0.21 0
13 3 0.2 0.27 0.32 0.21 0
14 3 0.2 0.27 0.32 0.21 0
15 4 0.2 0.27 0.32 0.21 0
16 4 0.2 0.27 0.32 0.21 0
17 4 0.2 0.27 0.32 0.21 0
18 4 0.2 0.27 0.32 0.21 0
19 5 0.2 0.27 0.32 0.21 0
20 5 0.2 0.27 0.32 0.21 0
21 5 0.2 0.27 0.32 0.21 0
22 5 0.2 0.27 0.32 0.21 0
23 6 0.2 0.27 0.32 0.21 0
24 6 0.2 0.27 0.32 0.21 0
25 6 0.2 0.27 0.32 0.21 0
26 6 0.2 0.27 0.32 0.21 0
27 7 0.2 0.27 0.32 0.21 0
28 7 0.2 0.27 0.32 0.21 0
29 7 0.2 0.27 0.32 0.21 0
30 7 0.2 0.27 0.32 0.21 0
31 8 0.2 0.27 0.32 0.21 0
32 8 0.2 0.27 0.32 0.21 0
33 8 0.2 0.27 0.32 0.21 0
34 8 0.2 0.27 0.32 0.21 0
35 9 0.2 0.27 0.32 0.21 0
36 9 0.2 0.27 0.32 0.21 0
> bankSummary(file="toto_norm.fa",fun=seqSkew)
[1] "<readseq paramFromIndex error>"
Warning in .transf.limites(seqno, limites) : NA in from or To
Warning in compoSeq(seqno = seqno, from = from, to = to, strand = strand, :
error in the transformation of the limits
Warning in is.na(compos[1]) :
is.na() applied to non-(list or vector) of type 'NULL'
Error in if (!is.na(compos[1])) { : argument is of length zero
Calls: bankSummary -> fun
Execution halted
install for i386
* installing *source* package 'GeneR' ...
** libs
g++ -I"D:/biocbld/BBS-2˜1.9-B/R/include" -O2 -Wall -mtune=core2 -c GeneR_glob.cc -o GeneR_glob.o
g++ -I"D:/biocbld/BBS-2˜1.9-B/R/include" -O2 -Wall -mtune=core2 -c GeneR_seq.cc -o GeneR_seq.o
g++ -I"D:/biocbld/BBS-2˜1.9-B/R/include" -O2 -Wall -mtune=core2 -c complementaire.cc -o complementaire.o
g++ -I"D:/biocbld/BBS-2˜1.9-B/R/include" -O2 -Wall -mtune=core2 -c compoSeq.cc -o compoSeq.o
g++ -I"D:/biocbld/BBS-2˜1.9-B/R/include" -O2 -Wall -mtune=core2 -c dnaRna.cc -o dnaRna.o
dnaRna.cc: In function 'void dna_rna(int*, int*, int*, int*, int*)':
dnaRna.cc:62:15: warning: value computed is not used
dnaRna.cc:63:13: warning: value computed is not used
dnaRna.cc: In function 'void rna_dna(int*, int*, int*, int*, int*)':
dnaRna.cc:108:15: warning: value computed is not used
dnaRna.cc:109:13: warning: value computed is not used
g++ -I"D:/biocbld/BBS-2˜1.9-B/R/include" -O2 -Wall -mtune=core2 -c libIndex.cc -o libIndex.o
g++ -I"D:/biocbld/BBS-2˜1.9-B/R/include" -O2 -Wall -mtune=core2 -c libStrings.cc -o libStrings.o
g++ -I"D:/biocbld/BBS-2˜1.9-B/R/include" -O2 -Wall -mtune=core2 -c makeIndex.cc -o makeIndex.o
g++ -I"D:/biocbld/BBS-2˜1.9-B/R/include" -O2 -Wall -mtune=core2 -c masked.cc -o masked.o
g++ -I"D:/biocbld/BBS-2˜1.9-B/R/include" -O2 -Wall -mtune=core2 -c misc.cc -o misc.o
misc.cc: In function 'SEXPREC* str_to_nbstr(SEXPREC*, SEXPREC*)':
misc.cc:31:18: warning: 'multiple' may be used uninitialized in this function
misc.cc:30:8: warning: 'ans' may be used uninitialized in this function
g++ -I"D:/biocbld/BBS-2˜1.9-B/R/include" -O2 -Wall -mtune=core2 -c readEmblDescript.cc -o readEmblDescript.o
g++ -I"D:/biocbld/BBS-2˜1.9-B/R/include" -O2 -Wall -mtune=core2 -c readIndex.cc -o readIndex.o
g++ -I"D:/biocbld/BBS-2˜1.9-B/R/include" -O2 -Wall -mtune=core2 -c readLocation.cc -o readLocation.o
g++ -I"D:/biocbld/BBS-2˜1.9-B/R/include" -O2 -Wall -mtune=core2 -c readSeqEmbl.cc -o readSeqEmbl.o
g++ -I"D:/biocbld/BBS-2˜1.9-B/R/include" -O2 -Wall -mtune=core2 -c readSeqFasta.cc -o readSeqFasta.o
g++ -I"D:/biocbld/BBS-2˜1.9-B/R/include" -O2 -Wall -mtune=core2 -c readSeqGbk.cc -o readSeqGbk.o
g++ -I"D:/biocbld/BBS-2˜1.9-B/R/include" -O2 -Wall -mtune=core2 -c seqManip.cc -o seqManip.o
gcc -I"D:/biocbld/BBS-2˜1.9-B/R/include" -O3 -Wall -std=gnu99 -mtune=core2 -c strcasestr.c -o strcasestr.o
g++ -I"D:/biocbld/BBS-2˜1.9-B/R/include" -O2 -Wall -mtune=core2 -c translate.cc -o translate.o
g++ -I"D:/biocbld/BBS-2˜1.9-B/R/include" -O2 -Wall -mtune=core2 -c upperSeq.cc -o upperSeq.o
g++ -I"D:/biocbld/BBS-2˜1.9-B/R/include" -O2 -Wall -mtune=core2 -c vecteurs.cc -o vecteurs.o
g++ -I"D:/biocbld/BBS-2˜1.9-B/R/include" -O2 -Wall -mtune=core2 -c writeFasta.cc -o writeFasta.o
g++ -shared -s -static-libgcc -o GeneR.dll tmp.def GeneR_glob.o GeneR_seq.o complementaire.o compoSeq.o dnaRna.o libIndex.o libStrings.o makeIndex.o masked.o misc.o readEmblDescript.o readIndex.o readLocation.o readSeqEmbl.o readSeqFasta.o readSeqGbk.o seqManip.o strcasestr.o translate.o upperSeq.o vecteurs.o writeFasta.o -LD:/biocbld/BBS-2˜1.9-B/R/bin/i386 -lR
installing to D:/biocbld/bbs-2.9-bioc/meat/GeneR.buildbin-libdir/GeneR/libs/i386
** R
** demo
** inst
** preparing package for lazy loading
** help
*** installing help indices
** building package indices ...
*** tangling vignette sources ...
'GeneR.Rnw'
** testing if installed package can be loaded
add DLL for x64
* installing *source* package 'GeneR' ...
** libs
x86_64-w64-mingw32-g++ -I"D:/biocbld/BBS-2˜1.9-B/R/include" -O2 -Wall -mtune=core2 -c GeneR_glob.cc -o GeneR_glob.o
x86_64-w64-mingw32-g++ -I"D:/biocbld/BBS-2˜1.9-B/R/include" -O2 -Wall -mtune=core2 -c GeneR_seq.cc -o GeneR_seq.o
x86_64-w64-mingw32-g++ -I"D:/biocbld/BBS-2˜1.9-B/R/include" -O2 -Wall -mtune=core2 -c complementaire.cc -o complementaire.o
x86_64-w64-mingw32-g++ -I"D:/biocbld/BBS-2˜1.9-B/R/include" -O2 -Wall -mtune=core2 -c compoSeq.cc -o compoSeq.o
x86_64-w64-mingw32-g++ -I"D:/biocbld/BBS-2˜1.9-B/R/include" -O2 -Wall -mtune=core2 -c dnaRna.cc -o dnaRna.o
dnaRna.cc: In function 'void dna_rna(int*, int*, int*, int*, int*)':
dnaRna.cc:62:15: warning: value computed is not used
dnaRna.cc:63:13: warning: value computed is not used
dnaRna.cc: In function 'void rna_dna(int*, int*, int*, int*, int*)':
dnaRna.cc:108:15: warning: value computed is not used
dnaRna.cc:109:13: warning: value computed is not used
x86_64-w64-mingw32-g++ -I"D:/biocbld/BBS-2˜1.9-B/R/include" -O2 -Wall -mtune=core2 -c libIndex.cc -o libIndex.o
x86_64-w64-mingw32-g++ -I"D:/biocbld/BBS-2˜1.9-B/R/include" -O2 -Wall -mtune=core2 -c libStrings.cc -o libStrings.o
x86_64-w64-mingw32-g++ -I"D:/biocbld/BBS-2˜1.9-B/R/include" -O2 -Wall -mtune=core2 -c makeIndex.cc -o makeIndex.o
x86_64-w64-mingw32-g++ -I"D:/biocbld/BBS-2˜1.9-B/R/include" -O2 -Wall -mtune=core2 -c masked.cc -o masked.o
x86_64-w64-mingw32-g++ -I"D:/biocbld/BBS-2˜1.9-B/R/include" -O2 -Wall -mtune=core2 -c misc.cc -o misc.o
misc.cc: In function 'SEXPREC* str_to_nbstr(SEXPREC*, SEXPREC*)':
misc.cc:31:18: warning: 'multiple' may be used uninitialized in this function
misc.cc:30:8: warning: 'ans' may be used uninitialized in this function
x86_64-w64-mingw32-g++ -I"D:/biocbld/BBS-2˜1.9-B/R/include" -O2 -Wall -mtune=core2 -c readEmblDescript.cc -o readEmblDescript.o
x86_64-w64-mingw32-g++ -I"D:/biocbld/BBS-2˜1.9-B/R/include" -O2 -Wall -mtune=core2 -c readIndex.cc -o readIndex.o
x86_64-w64-mingw32-g++ -I"D:/biocbld/BBS-2˜1.9-B/R/include" -O2 -Wall -mtune=core2 -c readLocation.cc -o readLocation.o
x86_64-w64-mingw32-g++ -I"D:/biocbld/BBS-2˜1.9-B/R/include" -O2 -Wall -mtune=core2 -c readSeqEmbl.cc -o readSeqEmbl.o
x86_64-w64-mingw32-g++ -I"D:/biocbld/BBS-2˜1.9-B/R/include" -O2 -Wall -mtune=core2 -c readSeqFasta.cc -o readSeqFasta.o
x86_64-w64-mingw32-g++ -I"D:/biocbld/BBS-2˜1.9-B/R/include" -O2 -Wall -mtune=core2 -c readSeqGbk.cc -o readSeqGbk.o
x86_64-w64-mingw32-g++ -I"D:/biocbld/BBS-2˜1.9-B/R/include" -O2 -Wall -mtune=core2 -c seqManip.cc -o seqManip.o
x86_64-w64-mingw32-gcc -I"D:/biocbld/BBS-2˜1.9-B/R/include" -O2 -Wall -std=gnu99 -mtune=core2 -c strcasestr.c -o strcasestr.o
x86_64-w64-mingw32-g++ -I"D:/biocbld/BBS-2˜1.9-B/R/include" -O2 -Wall -mtune=core2 -c translate.cc -o translate.o
x86_64-w64-mingw32-g++ -I"D:/biocbld/BBS-2˜1.9-B/R/include" -O2 -Wall -mtune=core2 -c upperSeq.cc -o upperSeq.o
x86_64-w64-mingw32-g++ -I"D:/biocbld/BBS-2˜1.9-B/R/include" -O2 -Wall -mtune=core2 -c vecteurs.cc -o vecteurs.o
x86_64-w64-mingw32-g++ -I"D:/biocbld/BBS-2˜1.9-B/R/include" -O2 -Wall -mtune=core2 -c writeFasta.cc -o writeFasta.o
x86_64-w64-mingw32-g++ -shared -s -static-libgcc -o GeneR.dll tmp.def GeneR_glob.o GeneR_seq.o complementaire.o compoSeq.o dnaRna.o libIndex.o libStrings.o makeIndex.o masked.o misc.o readEmblDescript.o readIndex.o readLocation.o readSeqEmbl.o readSeqFasta.o readSeqGbk.o seqManip.o strcasestr.o translate.o upperSeq.o vecteurs.o writeFasta.o -LD:/biocbld/BBS-2˜1.9-B/R/bin/x64 -lR
installing to D:/biocbld/bbs-2.9-bioc/meat/GeneR.buildbin-libdir/GeneR/libs/x64
** testing if installed package can be loaded
* MD5 sums
packaged installation of 'GeneR' as GeneR_2.23.0.zip
* DONE (GeneR)