GOFunction 1.0.0 Zheng Guo
Snapshot Date: 2012-01-08 18:22:44 -0800 (Sun, 08 Jan 2012) | URL: https://hedgehog.fhcrc.org/bioconductor/branches/RELEASE_2_9/madman/Rpacks/GOFunction | Last Changed Rev: 59920 / Revision: 61898 | Last Changed Date: 2011-10-31 15:59:03 -0700 (Mon, 31 Oct 2011) |
| wilson2 | Linux (openSUSE 11.4) / x86_64 | OK | OK | |
liverpool | Windows Server 2003 R2 (32-bit) / x64 | [ ERROR ] | skipped | skipped |
gewurz | Windows Server 2008 R2 Enterprise SP1 (64-bit) / x64 | OK | OK | OK |
moscato1 | Windows Server 2008 R2 Enterprise SP1 (64-bit) / x64 | OK | OK | OK |
pitt | Mac OS X Leopard (10.5.8) / i386 | OK | OK | OK |
* checking for file 'GOFunction/DESCRIPTION' ... OK
* preparing 'GOFunction':
* checking DESCRIPTION meta-information ... OK
* installing the package to re-build vignettes
* creating vignettes ... ERROR
Loading required package: Biobase
Welcome to Bioconductor
Vignettes contain introductory material. To view, type
'browseVignettes()'. To cite Bioconductor, see
'citation("Biobase")' and for packages 'citation("pkgname")'.
Loading required package: graph
Loading required package: Rgraphviz
Loading required package: grid
Loading required package: GO.db
Loading required package: AnnotationDbi
Warning in .simpleDuplicateClass(def, prev) :
A specification for S3 class "connection" in package 'IRanges' seems equivalent to one from package 'graph' and is not turning on duplicate class definitions for this class
Warning in .simpleDuplicateClass(def, prev) :
A specification for S3 class "file" in package 'IRanges' seems equivalent to one from package 'graph' and is not turning on duplicate class definitions for this class
Loading required package: DBI
Loading required package: SparseM
Package SparseM (0.91) loaded.
To cite, see citation("SparseM")
Attaching package: 'SparseM'
The following object(s) are masked from 'package:base':
backsolve
Loading required package: org.Hs.eg.db
Warning in bmp(filename, width = bmpSize, height = bmpSize, res = 300, antialias = "none") :
Unable to allocate bitmap
Warning in bmp(filename, width = bmpSize, height = bmpSize, res = 300, antialias = "none") :
opening device failed
Error: processing vignette 'GOFunction.Rnw' failed with diagnostics:
chunk 1 (label = Example)
Error in bmp(filename, width = bmpSize, height = bmpSize, res = 300, antialias = "none") :
unable to start bmp() device
Execution halted