rtracklayer 1.14.4 Michael Lawrence
Snapshot Date: 2012-01-08 18:22:44 -0800 (Sun, 08 Jan 2012) | URL: https://hedgehog.fhcrc.org/bioconductor/branches/RELEASE_2_9/madman/Rpacks/rtracklayer | Last Changed Rev: 60820 / Revision: 61898 | Last Changed Date: 2011-11-23 08:02:43 -0800 (Wed, 23 Nov 2011) |
| wilson2 | Linux (openSUSE 11.4) / x86_64 | OK | OK | |
liverpool | Windows Server 2003 R2 (32-bit) / x64 | [ ERROR ] | skipped | skipped |
gewurz | Windows Server 2008 R2 Enterprise SP1 (64-bit) / x64 | OK | OK | OK |
moscato1 | Windows Server 2008 R2 Enterprise SP1 (64-bit) / x64 | OK | OK | OK |
pitt | Mac OS X Leopard (10.5.8) / i386 | OK | OK | OK |
* checking for file 'rtracklayer/DESCRIPTION' ... OK
* preparing 'rtracklayer':
* checking DESCRIPTION meta-information ... OK
* cleaning src
* installing the package to re-build vignettes
* creating vignettes ... ERROR
Loading required package: Biobase
Welcome to Bioconductor
Vignettes contain introductory material. To view, type
'browseVignettes()'. To cite Bioconductor, see
'citation("Biobase")' and for packages 'citation("pkgname")'.
Loading required package: hgu133plus2.db
Loading required package: AnnotationDbi
Loading required package: org.Hs.eg.db
Loading required package: DBI
Loading required package: RCurl
Loading required package: bitops
Loading required package: IRanges
Attaching package: 'IRanges'
The following object(s) are masked from 'package:Biobase':
updateObject
The following object(s) are masked from 'package:base':
Map, cbind, eval, intersect, mapply, order, paste, pmax,
pmax.int, pmin, pmin.int, rbind, rep.int, setdiff, table,
union
Warning in grDevices::png(filename = paste(chunkprefix, "png", sep = "."), :
Unable to allocate bitmap
Warning in grDevices::png(filename = paste(chunkprefix, "png", sep = "."), :
opening device failed
Error: processing vignette 'rtracklayer.Rnw' failed with diagnostics:
unable to start png() device
Execution halted