Back to Multiple platform build/check report for BioC 3.10 |
|
This page was generated on 2020-04-15 12:07:21 -0400 (Wed, 15 Apr 2020).
Package 156/1823 | Hostname | OS / Arch | INSTALL | BUILD | CHECK | BUILD BIN | ||||||
BiocParallel 1.20.1 Bioconductor Package Maintainer
| malbec1 | Linux (Ubuntu 18.04.4 LTS) / x86_64 | OK | OK | [ WARNINGS ] | ![]() | ||||||
tokay1 | Windows Server 2012 R2 Standard / x64 | OK | OK | WARNINGS | OK | ![]() | ||||||
merida1 | OS X 10.11.6 El Capitan / x86_64 | OK | OK | WARNINGS | OK | ![]() |
Package: BiocParallel |
Version: 1.20.1 |
Command: /home/biocbuild/bbs-3.10-bioc/R/bin/R CMD check --install=check:BiocParallel.install-out.txt --library=/home/biocbuild/bbs-3.10-bioc/R/library --no-vignettes --timings BiocParallel_1.20.1.tar.gz |
StartedAt: 2020-04-15 01:30:38 -0400 (Wed, 15 Apr 2020) |
EndedAt: 2020-04-15 01:36:08 -0400 (Wed, 15 Apr 2020) |
EllapsedTime: 329.8 seconds |
RetCode: 0 |
Status: WARNINGS |
CheckDir: BiocParallel.Rcheck |
Warnings: 1 |
############################################################################## ############################################################################## ### ### Running command: ### ### /home/biocbuild/bbs-3.10-bioc/R/bin/R CMD check --install=check:BiocParallel.install-out.txt --library=/home/biocbuild/bbs-3.10-bioc/R/library --no-vignettes --timings BiocParallel_1.20.1.tar.gz ### ############################################################################## ############################################################################## * using log directory ‘/home/biocbuild/bbs-3.10-bioc/meat/BiocParallel.Rcheck’ * using R version 3.6.3 (2020-02-29) * using platform: x86_64-pc-linux-gnu (64-bit) * using session charset: UTF-8 * using option ‘--no-vignettes’ * checking for file ‘BiocParallel/DESCRIPTION’ ... OK * checking extension type ... Package * this is package ‘BiocParallel’ version ‘1.20.1’ * checking package namespace information ... OK * checking package dependencies ... OK * checking if this is a source package ... OK * checking if there is a namespace ... OK * checking for hidden files and directories ... OK * checking for portable file names ... OK * checking for sufficient/correct file permissions ... OK * checking whether package ‘BiocParallel’ can be installed ... OK * checking installed package size ... OK * checking package directory ... OK * checking ‘build’ directory ... OK * checking DESCRIPTION meta-information ... OK * checking top-level files ... OK * checking for left-over files ... OK * checking index information ... OK * checking package subdirectories ... OK * checking R files for non-ASCII characters ... OK * checking R files for syntax errors ... OK * checking whether the package can be loaded ... OK * checking whether the package can be loaded with stated dependencies ... OK * checking whether the package can be unloaded cleanly ... OK * checking whether the namespace can be loaded with stated dependencies ... OK * checking whether the namespace can be unloaded cleanly ... OK * checking dependencies in R code ... NOTE -------------------------------------------------------------------------- [[2722,1],0]: A high-performance Open MPI point-to-point messaging module was unable to find any relevant network interfaces: Module: OpenFabrics (openib) Host: malbec1 Another transport will be used instead, although this may result in lower performance. NOTE: You can disable this warning by setting the MCA parameter btl_base_warn_component_unused to 0. -------------------------------------------------------------------------- Unexported objects imported by ':::' calls: ‘parallel:::closeNode’ ‘parallel:::recvData’ ‘parallel:::recvOneData’ ‘parallel:::sendData’ See the note in ?`:::` about the use of this operator. * checking S3 generic/method consistency ... OK * checking replacement functions ... OK * checking foreign function calls ... OK * checking R code for possible problems ... OK * checking Rd files ... OK * checking Rd metadata ... OK * checking Rd cross-references ... OK * checking for missing documentation entries ... OK * checking for code/documentation mismatches ... OK * checking Rd \usage sections ... WARNING Documented arguments not in \usage in documentation object 'bpschedule': ‘...’ Functions with \usage entries need to have the appropriate \alias entries, and all their arguments documented. The \usage entries must correspond to syntactically valid R code. See chapter ‘Writing R documentation files’ in the ‘Writing R Extensions’ manual. * checking Rd contents ... OK * checking for unstated dependencies in examples ... OK * checking line endings in shell scripts ... OK * checking line endings in C/C++/Fortran sources/headers ... OK * checking line endings in Makefiles ... OK * checking compilation flags in Makevars ... OK * checking for GNU extensions in Makefiles ... OK * checking for portable use of $(BLAS_LIBS) and $(LAPACK_LIBS) ... OK * checking compiled code ... NOTE Note: information on .o files is not available * checking files in ‘vignettes’ ... OK * checking examples ... OK Examples with CPU or elapsed time > 5s user system elapsed BatchtoolsParam-class 10.304 0.616 13.040 bpvalidate 4.940 0.140 5.073 SnowParam-class 0.896 0.108 5.875 * checking for unstated dependencies in ‘tests’ ... OK * checking tests ... Running ‘test.R’ OK * checking for unstated dependencies in vignettes ... OK * checking package vignettes in ‘inst/doc’ ... OK * checking running R code from vignettes ... SKIPPED * checking re-building of vignette outputs ... SKIPPED * checking PDF version of manual ... OK * DONE Status: 1 WARNING, 2 NOTEs See ‘/home/biocbuild/bbs-3.10-bioc/meat/BiocParallel.Rcheck/00check.log’ for details.
BiocParallel.Rcheck/00install.out
############################################################################## ############################################################################## ### ### Running command: ### ### /home/biocbuild/bbs-3.10-bioc/R/bin/R CMD INSTALL BiocParallel ### ############################################################################## ############################################################################## * installing to library ‘/home/biocbuild/bbs-3.10-bioc/R/library’ * installing *source* package ‘BiocParallel’ ... ** using staged installation checking for gcc... gcc checking whether the C compiler works... yes checking for C compiler default output file name... a.out checking for suffix of executables... checking whether we are cross compiling... no checking for suffix of object files... o checking whether we are using the GNU C compiler... yes checking whether gcc accepts -g... yes checking for gcc option to accept ISO C89... none needed checking for shm_open in -lrt... yes configure: creating ./config.status config.status: creating src/Makevars ** libs g++ -std=gnu++11 -I"/home/biocbuild/bbs-3.10-bioc/R/include" -DNDEBUG -I"/home/biocbuild/bbs-3.10-bioc/R/library/BH/include" -I/usr/local/include -fpic -g -O2 -Wall -c ipcmutex.cpp -o ipcmutex.o g++ -std=gnu++11 -shared -L/home/biocbuild/bbs-3.10-bioc/R/lib -L/usr/local/lib -o BiocParallel.so ipcmutex.o -lrt -L/home/biocbuild/bbs-3.10-bioc/R/lib -lR installing to /home/biocbuild/bbs-3.10-bioc/R/library/00LOCK-BiocParallel/00new/BiocParallel/libs ** R ** inst ** byte-compile and prepare package for lazy loading ** help *** installing help indices ** building package indices ** installing vignettes ** testing if installed package can be loaded from temporary location ** checking absolute paths in shared objects and dynamic libraries ** testing if installed package can be loaded from final location ** testing if installed package keeps a record of temporary installation path * DONE (BiocParallel)
BiocParallel.Rcheck/tests/test.Rout
R version 3.6.3 (2020-02-29) -- "Holding the Windsock" Copyright (C) 2020 The R Foundation for Statistical Computing Platform: x86_64-pc-linux-gnu (64-bit) R is free software and comes with ABSOLUTELY NO WARRANTY. You are welcome to redistribute it under certain conditions. Type 'license()' or 'licence()' for distribution details. R is a collaborative project with many contributors. Type 'contributors()' for more information and 'citation()' on how to cite R or R packages in publications. Type 'demo()' for some demos, 'help()' for on-line help, or 'help.start()' for an HTML browser interface to help. Type 'q()' to quit R. > BiocGenerics:::testPackage("BiocParallel") Submitting 5 jobs in 4 chunks using cluster functions 'Multicore' ... Submitting 5 jobs in 4 chunks using cluster functions 'Socket' ... Submitting 5 jobs in 4 chunks using cluster functions 'Socket' ... > > > > > > > > Submitting 5 jobs in 4 chunks using cluster functions 'Multicore' ... > > > > > > > > Timing stopped at: 0 0 0 Error in DEACTIVATED("MPI tests not run") : MPI tests not run -------------------------------------------------------------------------- [[28449,1],0]: A high-performance Open MPI point-to-point messaging module was unable to find any relevant network interfaces: Module: OpenFabrics (openib) Host: malbec1 Another transport will be used instead, although this may result in lower performance. NOTE: You can disable this warning by setting the MCA parameter btl_base_warn_component_unused to 0. -------------------------------------------------------------------------- Timing stopped at: 0.024 0.016 0.271 Error in DEACTIVATED("MPI tests not run") : MPI tests not run > > RUNIT TEST PROTOCOL -- Wed Apr 15 01:36:03 2020 *********************************************** Number of test functions: 74 Number of deactivated test functions: 2 Number of errors: 0 Number of failures: 0 1 Test Suite : BiocParallel RUnit Tests - 74 test functions, 0 errors, 0 failures Number of test functions: 74 Number of deactivated test functions: 2 Number of errors: 0 Number of failures: 0 > > proc.time() user system elapsed 165.976 7.048 263.449
BiocParallel.Rcheck/BiocParallel-Ex.timings
name | user | system | elapsed | |
BatchJobsParam-class | 3.604 | 0.040 | 3.657 | |
BatchtoolsParam-class | 10.304 | 0.616 | 13.040 | |
BiocParallelParam-class | 0.000 | 0.000 | 0.002 | |
DeveloperInterface | 0.000 | 0.000 | 0.001 | |
DoparParam-class | 0.000 | 0.000 | 0.001 | |
MulticoreParam-class | 0.904 | 0.344 | 2.842 | |
SerialParam-class | 0.020 | 0.016 | 0.025 | |
SnowParam-class | 0.896 | 0.108 | 5.875 | |
bpaggregate | 0.000 | 0.000 | 0.001 | |
bpiterate | 0.000 | 0.000 | 0.013 | |
bplapply | 0.340 | 0.096 | 0.423 | |
bploop | 0 | 0 | 0 | |
bpmapply | 0.256 | 0.044 | 0.294 | |
bpok | 0.412 | 0.068 | 2.562 | |
bpschedule | 0.272 | 0.064 | 0.353 | |
bptry | 0.040 | 0.048 | 0.058 | |
bpvalidate | 4.940 | 0.140 | 5.073 | |
bpvec | 0.488 | 0.100 | 0.535 | |
bpvectorize | 0.016 | 0.084 | 0.069 | |
ipcmutex | 0.448 | 0.152 | 0.951 | |
register | 0.056 | 0.144 | 0.125 | |