Back to Multiple platform build/check report for BioC 3.10 |
|
This page was generated on 2020-04-15 12:08:44 -0400 (Wed, 15 Apr 2020).
Package 492/1823 | Hostname | OS / Arch | INSTALL | BUILD | CHECK | BUILD BIN | ||||||
DupChecker 1.24.0 "Quanhu SHENG"
| malbec1 | Linux (Ubuntu 18.04.4 LTS) / x86_64 | OK | [ ERROR ] | skipped | |||||||
tokay1 | Windows Server 2012 R2 Standard / x64 | OK | ERROR | skipped | skipped | |||||||
merida1 | OS X 10.11.6 El Capitan / x86_64 | OK | ERROR | skipped | skipped |
Package: DupChecker |
Version: 1.24.0 |
Command: /home/biocbuild/bbs-3.10-bioc/R/bin/R CMD build --keep-empty-dirs --no-resave-data DupChecker |
StartedAt: 2020-04-14 20:54:13 -0400 (Tue, 14 Apr 2020) |
EndedAt: 2020-04-14 20:54:17 -0400 (Tue, 14 Apr 2020) |
EllapsedTime: 3.5 seconds |
RetCode: 1 |
Status: ERROR |
PackageFile: None |
PackageFileSize: NA |
############################################################################## ############################################################################## ### ### Running command: ### ### /home/biocbuild/bbs-3.10-bioc/R/bin/R CMD build --keep-empty-dirs --no-resave-data DupChecker ### ############################################################################## ############################################################################## * checking for file ‘DupChecker/DESCRIPTION’ ... OK * preparing ‘DupChecker’: * checking DESCRIPTION meta-information ... OK * installing the package to build vignettes * creating vignettes ... ERROR --- re-building ‘DupChecker.Rnw’ using knitr Downloading data to /tmp/DupChecker ... Dataset GSE1478 is downloading to /tmp/DupChecker/GSE1478 ... Quitting from lines 84-100 (DupChecker.Rnw) Error: processing vignette 'DupChecker.Rnw' failed with diagnostics: Server denied you to change to the given directory --- failed re-building ‘DupChecker.Rnw’ SUMMARY: processing the following file failed: ‘DupChecker.Rnw’ Error: Vignette re-building failed. Execution halted