CHECK report for LineagePulse on merida1
This page was generated on 2020-04-15 12:46:33 -0400 (Wed, 15 Apr 2020).
LineagePulse 1.6.0 David S Fischer
Snapshot Date: 2020-04-14 16:46:13 -0400 (Tue, 14 Apr 2020) |
URL: https://git.bioconductor.org/packages/LineagePulse |
Branch: RELEASE_3_10 |
Last Commit: aab186f |
Last Changed Date: 2019-10-29 13:10:55 -0400 (Tue, 29 Oct 2019) |
| malbec1 | Linux (Ubuntu 18.04.4 LTS) / x86_64 | OK | OK | WARNINGS | | |
tokay1 | Windows Server 2012 R2 Standard / x64 | OK | OK | WARNINGS | OK | |
merida1 | OS X 10.11.6 El Capitan / x86_64 | OK | OK | [ WARNINGS ] | OK | |
Summary
Command output
##############################################################################
##############################################################################
###
### Running command:
###
### /Library/Frameworks/R.framework/Versions/Current/Resources/bin/R CMD check --install=check:LineagePulse.install-out.txt --library=/Library/Frameworks/R.framework/Versions/Current/Resources/library --no-vignettes --timings LineagePulse_1.6.0.tar.gz
###
##############################################################################
##############################################################################
* using log directory ‘/Users/biocbuild/bbs-3.10-bioc/meat/LineagePulse.Rcheck’
* using R version 3.6.3 (2020-02-29)
* using platform: x86_64-apple-darwin15.6.0 (64-bit)
* using session charset: UTF-8
* using option ‘--no-vignettes’
* checking for file ‘LineagePulse/DESCRIPTION’ ... OK
* checking extension type ... Package
* this is package ‘LineagePulse’ version ‘1.6.0’
* package encoding: UTF-8
* checking package namespace information ... OK
* checking package dependencies ... OK
* checking if this is a source package ... OK
* checking if there is a namespace ... OK
* checking for hidden files and directories ... OK
* checking for portable file names ... OK
* checking for sufficient/correct file permissions ... OK
* checking whether package ‘LineagePulse’ can be installed ... WARNING
Found the following significant warnings:
Note: possible error in 'evalLogLikGeneMM(vecCounts = vecCounts, ': unused arguments (matDispParam = matDispParam, matDropParam = matDropParam, matWeights = matWeights)
Note: possible error in 'evalLogLikGeneMM(vecCounts = vecCounts, ': unused arguments (matDispParam = do.call(cbind, lapply(seq_len(ncol(matWeights)), function(m) vecDispParam)), matDropParam = do.call(cbind, lapply(seq_len(ncol(matWeights)), function(m) vecPiParam)), matWeights = matWeights)
See ‘/Users/biocbuild/bbs-3.10-bioc/meat/LineagePulse.Rcheck/00install.out’ for details.
Information on the location(s) of code generating the ‘Note’s can be
obtained by re-running with environment variable R_KEEP_PKG_SOURCE set
to ‘yes’.
* checking installed package size ... OK
* checking package directory ... OK
* checking ‘build’ directory ... OK
* checking DESCRIPTION meta-information ... OK
* checking top-level files ... OK
* checking for left-over files ... OK
* checking index information ... OK
* checking package subdirectories ... OK
* checking R files for non-ASCII characters ... OK
* checking R files for syntax errors ... OK
* checking whether the package can be loaded ... OK
* checking whether the package can be loaded with stated dependencies ... OK
* checking whether the package can be unloaded cleanly ... OK
* checking whether the namespace can be loaded with stated dependencies ... OK
* checking whether the namespace can be unloaded cleanly ... OK
* checking dependencies in R code ... OK
* checking S3 generic/method consistency ... OK
* checking replacement functions ... OK
* checking foreign function calls ... OK
* checking R code for possible problems ... NOTE
decompressDispByGeneMM: no visible binding for global variable
‘lsDispModel’
evalLogLikMatrix : <anonymous>: possible error in
evalLogLikGeneMM(vecCounts = vecCounts, matMuParam = matMuParam,
vecNormConst = lsMuModel$lsMuModelGlobal$vecNormConst, matDispParam =
matDispParam, matDropParam = matDropParam, matWeights = matWeights,
vecidxNotZero = which(!is.na(vecCounts) & vecCounts > 0), vecidxZero
= which(!is.na(vecCounts) & vecCounts == 0), scaNCells =
length(vecCounts)): unused arguments (matDispParam = matDispParam,
matDropParam = matDropParam, matWeights = matWeights)
evalLogLikMatrix : <anonymous>: possible error in
evalLogLikGeneMM(vecCounts = vecCounts, matMuParam = do.call(cbind,
lapply(seq_len(ncol(matWeights)), function(m) vecMuParam)),
vecNormConst = lsMuModel$lsMuModelGlobal$vecNormConst, matDispParam =
do.call(cbind, lapply(seq_len(ncol(matWeights)), function(m)
vecDispParam)), matDropParam = do.call(cbind,
lapply(seq_len(ncol(matWeights)), function(m) vecPiParam)),
matWeights = matWeights, vecidxNotZero = which(!is.na(vecCounts) &
vecCounts > 0), vecidxZero = which(!is.na(vecCounts) & vecCounts ==
0), : unused arguments (matDispParam = do.call(cbind,
lapply(seq_len(ncol(matWeights)), function(m) vecDispParam)),
matDropParam = do.call(cbind, lapply(seq_len(ncol(matWeights)),
function(m) vecPiParam)), matWeights = matWeights)
evalLogLikMatrix : <anonymous>: possible error in scaNCells =
length(vecCounts)): unused arguments (matDispParam = do.call(cbind,
lapply(seq_len(ncol(matWeights)), function(m) vecDispParam)),
matDropParam = do.call(cbind, lapply(seq_len(ncol(matWeights)),
function(m) vecPiParam)), matWeights = matWeights)
plotCellDensity: no visible binding for global variable ‘continuous’
plotGene: no visible binding for global variable ‘x’
plotGene: no visible binding for global variable ‘dropout_posterior’
plotGene: no visible binding for global variable ‘groups’
plotGene: no visible binding for global variable ‘dfAnnot’
plotGene: no visible binding for global variable ‘mean_count’
plotGene: no visible binding for global variable ‘quantile_25’
plotGene: no visible binding for global variable ‘quantile_75’
plotGene: no visible binding for global variable ‘model’
plotGene: no visible binding for global variable ‘continuous’
plotGene: no visible binding for global variable ‘trajectory_contour’
plotGene: no visible binding for global variable ‘ncells’
Undefined global functions or variables:
continuous dfAnnot dropout_posterior groups lsDispModel mean_count
model ncells quantile_25 quantile_75 trajectory_contour x
* checking Rd files ... OK
* checking Rd metadata ... OK
* checking Rd cross-references ... OK
* checking for missing documentation entries ... OK
* checking for code/documentation mismatches ... OK
* checking Rd \usage sections ... OK
* checking Rd contents ... OK
* checking for unstated dependencies in examples ... OK
* checking files in ‘vignettes’ ... OK
* checking examples ... OK
Examples with CPU or elapsed time > 5s
user system elapsed
plotCellDensity 54.833 1.441 56.818
writeReport 22.080 0.584 23.362
sub-sub-LineagePulseObject-character-missing-method 20.872 0.101 21.302
accessors 20.710 0.260 21.138
getFitsDropout 19.973 0.133 20.470
getFitsMean 19.652 0.120 20.126
getFitsDispersion 19.153 0.186 19.496
names-LineagePulseObject-method 19.132 0.084 19.337
getNormData 18.876 0.111 19.170
cash-LineagePulseObject-method 18.823 0.102 19.046
getPostDrop 18.177 0.116 18.413
testDropout 14.096 0.113 14.539
plotGene 13.335 0.111 13.561
sortGeneTrajectories 13.296 0.100 13.490
runLineagePulse 13.090 0.098 13.312
* checking for unstated dependencies in vignettes ... OK
* checking package vignettes in ‘inst/doc’ ... OK
* checking running R code from vignettes ... SKIPPED
* checking re-building of vignette outputs ... SKIPPED
* checking PDF version of manual ... OK
* DONE
Status: 1 WARNING, 1 NOTE
See
‘/Users/biocbuild/bbs-3.10-bioc/meat/LineagePulse.Rcheck/00check.log’
for details.
Installation output
LineagePulse.Rcheck/00install.out
Tests output
Example timings
LineagePulse.Rcheck/LineagePulse-Ex.timings