Back to Multiple platform build/check report for BioC 3.10 |
|
This page was generated on 2019-12-10 13:17:32 -0500 (Tue, 10 Dec 2019).
Package 140/1823 | Hostname | OS / Arch | INSTALL | BUILD | CHECK | BUILD BIN | ||||||
BiGGR 1.22.0 Anand K. Gavai
| malbec1 | Linux (Ubuntu 18.04.3 LTS) / x86_64 | OK | OK | WARNINGS | ![]() | ||||||
tokay1 | Windows Server 2012 R2 Standard / x64 | OK | OK | WARNINGS | OK | ![]() | ||||||
merida1 | OS X 10.11.6 El Capitan / x86_64 | OK | OK | [ WARNINGS ] | OK | ![]() |
Package: BiGGR |
Version: 1.22.0 |
Command: /Library/Frameworks/R.framework/Versions/Current/Resources/bin/R CMD check --install=check:BiGGR.install-out.txt --library=/Library/Frameworks/R.framework/Versions/Current/Resources/library --no-vignettes --timings BiGGR_1.22.0.tar.gz |
StartedAt: 2019-12-10 00:40:04 -0500 (Tue, 10 Dec 2019) |
EndedAt: 2019-12-10 00:46:23 -0500 (Tue, 10 Dec 2019) |
EllapsedTime: 378.2 seconds |
RetCode: 0 |
Status: WARNINGS |
CheckDir: BiGGR.Rcheck |
Warnings: 1 |
############################################################################## ############################################################################## ### ### Running command: ### ### /Library/Frameworks/R.framework/Versions/Current/Resources/bin/R CMD check --install=check:BiGGR.install-out.txt --library=/Library/Frameworks/R.framework/Versions/Current/Resources/library --no-vignettes --timings BiGGR_1.22.0.tar.gz ### ############################################################################## ############################################################################## * using log directory ‘/Users/biocbuild/bbs-3.10-bioc/meat/BiGGR.Rcheck’ * using R version 3.6.1 (2019-07-05) * using platform: x86_64-apple-darwin15.6.0 (64-bit) * using session charset: UTF-8 * using option ‘--no-vignettes’ * checking for file ‘BiGGR/DESCRIPTION’ ... OK * checking extension type ... Package * this is package ‘BiGGR’ version ‘1.22.0’ * checking package namespace information ... OK * checking package dependencies ... OK * checking if this is a source package ... OK * checking if there is a namespace ... OK * checking for hidden files and directories ... NOTE Found the following hidden files and directories: .BBSoptions These were most likely included in error. See section ‘Package structure’ in the ‘Writing R Extensions’ manual. * checking for portable file names ... OK * checking for sufficient/correct file permissions ... OK * checking whether package ‘BiGGR’ can be installed ... WARNING Found the following significant warnings: Warning: multiple methods tables found for ‘type’ Warning: multiple methods tables found for ‘type<-’ See ‘/Users/biocbuild/bbs-3.10-bioc/meat/BiGGR.Rcheck/00install.out’ for details. * checking installed package size ... OK * checking package directory ... OK * checking ‘build’ directory ... OK * checking DESCRIPTION meta-information ... OK * checking top-level files ... OK * checking for left-over files ... OK * checking index information ... OK * checking package subdirectories ... OK * checking R files for non-ASCII characters ... OK * checking R files for syntax errors ... OK * checking whether the package can be loaded ... OK * checking whether the package can be loaded with stated dependencies ... OK * checking whether the package can be unloaded cleanly ... OK * checking whether the namespace can be loaded with stated dependencies ... OK * checking whether the namespace can be unloaded cleanly ... OK * checking dependencies in R code ... NOTE Package in Depends field not imported from: ‘stringr’ These packages need to be imported from (in the NAMESPACE file) for when this namespace is loaded but not attached. * checking S3 generic/method consistency ... OK * checking replacement functions ... OK * checking foreign function calls ... OK * checking R code for possible problems ... NOTE .buildSubModel: no visible global function definition for ‘new’ buildSBMLFromBiGG: no visible global function definition for ‘read.delim’ buildSBMLFromBiGG :: no visible global function definition for ‘new’ buildSBMLFromBiGG: no visible global function definition for ‘new’ createLIMFromSBML: no visible global function definition for ‘hasArg’ gprMapping: no visible global function definition for ‘str_detect’ gprMapping: no visible global function definition for ‘na.omit’ gprMappingAvg: no visible global function definition for ‘na.omit’ sampleFluxEnsemble: no visible global function definition for ‘Xsample’ sbml2hyperdraw : : no visible binding for global variable ‘species’ sbml2hyperdraw: no visible global function definition for ‘hasArg’ sbml2hyperdraw: no visible global function definition for ‘graphLayout’ sbml2hyperdraw: no visible global function definition for ‘nodeDataDefaults<-’ sbml2hyperdraw: no visible global function definition for ‘edgeDataDefaults<-’ sbml2hyperdraw: no visible global function definition for ‘graphDataDefaults<-’ sbml2hyperdraw : : no visible global function definition for ‘edgeData<-’ Undefined global functions or variables: Xsample edgeData<- edgeDataDefaults<- graphDataDefaults<- graphLayout hasArg na.omit new nodeDataDefaults<- read.delim species str_detect Consider adding importFrom("methods", "hasArg", "new") importFrom("stats", "na.omit") importFrom("utils", "read.delim") to your NAMESPACE file (and ensure that your DESCRIPTION Imports field contains 'methods'). * checking Rd files ... OK * checking Rd metadata ... OK * checking Rd cross-references ... OK * checking for missing documentation entries ... OK * checking for code/documentation mismatches ... OK * checking Rd \usage sections ... OK * checking Rd contents ... OK * checking for unstated dependencies in examples ... OK * checking contents of ‘data’ directory ... OK * checking data for non-ASCII characters ... OK * checking data for ASCII and uncompressed saves ... OK * checking sizes of PDF files under ‘inst/doc’ ... OK * checking installed files from ‘inst/doc’ ... OK * checking files in ‘vignettes’ ... OK * checking examples ... OK Examples with CPU or elapsed time > 5s user system elapsed gprMapping 163.752 2.372 169.689 gprMappingAvg 24.325 0.983 25.894 buildSBMLFromGenes 8.671 0.095 8.911 buildSBMLFromPathways 6.321 0.075 6.529 * checking for unstated dependencies in vignettes ... OK * checking package vignettes in ‘inst/doc’ ... OK * checking running R code from vignettes ... SKIPPED * checking re-building of vignette outputs ... SKIPPED * checking PDF version of manual ... OK * DONE Status: 1 WARNING, 3 NOTEs See ‘/Users/biocbuild/bbs-3.10-bioc/meat/BiGGR.Rcheck/00check.log’ for details.
BiGGR.Rcheck/00install.out
############################################################################## ############################################################################## ### ### Running command: ### ### /Library/Frameworks/R.framework/Versions/Current/Resources/bin/R CMD INSTALL BiGGR ### ############################################################################## ############################################################################## * installing to library ‘/Library/Frameworks/R.framework/Versions/3.6/Resources/library’ * installing *source* package ‘BiGGR’ ... ** using staged installation ** R ** data ** inst ** byte-compile and prepare package for lazy loading Warning messages: 1: multiple methods tables found for ‘type’ 2: multiple methods tables found for ‘type<-’ ** help *** installing help indices ** building package indices ** installing vignettes ** testing if installed package can be loaded from temporary location Warning: multiple methods tables found for ‘type’ Warning: multiple methods tables found for ‘type<-’ ** testing if installed package can be loaded from final location Warning: multiple methods tables found for ‘type’ Warning: multiple methods tables found for ‘type<-’ ** testing if installed package keeps a record of temporary installation path * DONE (BiGGR)
BiGGR.Rcheck/BiGGR-Ex.timings
name | user | system | elapsed | |
BiGGR-package | 4.655 | 0.109 | 4.962 | |
E.coli_iAF1260 | 1.557 | 0.045 | 1.687 | |
E.coli_iJR904 | 0.824 | 0.016 | 0.847 | |
E.coli_textbook | 0.054 | 0.003 | 0.059 | |
H.pylori_ilT341 | 0.378 | 0.010 | 0.390 | |
H.sapiens_Recon1 | 2.681 | 0.060 | 2.902 | |
M.barkeri_iAF692 | 0.480 | 0.011 | 0.494 | |
M.tuberculosis_iNJ661 | 0.711 | 0.016 | 0.728 | |
P.putida_iJN746 | 0.723 | 0.017 | 0.755 | |
Recon2 | 3.230 | 0.173 | 3.481 | |
S.aureus_iSB619 | 0.529 | 0.022 | 0.558 | |
S.cerevisiae_iND750 | 0.719 | 0.032 | 0.770 | |
buildSBMLFromBiGG | 0.168 | 0.025 | 0.194 | |
buildSBMLFromGenes | 8.671 | 0.095 | 8.911 | |
buildSBMLFromPathways | 6.321 | 0.075 | 6.529 | |
buildSBMLFromReactionIDs | 3.392 | 0.027 | 3.613 | |
createLIMFromBiGG | 0.164 | 0.003 | 0.179 | |
createLIMFromSBML | 2.360 | 0.017 | 2.497 | |
extractGeneAssociations | 3.987 | 0.030 | 4.166 | |
extractPathways | 3.542 | 0.014 | 3.608 | |
getPathwaysForSBML | 4.303 | 0.030 | 4.654 | |
getRates | 0.004 | 0.002 | 0.006 | |
gprMapping | 163.752 | 2.372 | 169.689 | |
gprMappingAvg | 24.325 | 0.983 | 25.894 | |
lying.tunell.data | 0.002 | 0.001 | 0.004 | |
rmvSpliceVariant | 3.562 | 0.017 | 3.644 | |
sampleFluxEnsemble | 3.602 | 0.173 | 3.842 | |
sbml2hyperdraw | 3.417 | 0.038 | 3.516 | |