Back to Multiple platform build/check report for BioC 3.10 |
|
This page was generated on 2020-04-15 12:48:23 -0400 (Wed, 15 Apr 2020).
Package 1109/1823 | Hostname | OS / Arch | INSTALL | BUILD | CHECK | BUILD BIN | ||||||
MTseeker 1.4.0 Tim Triche
| malbec1 | Linux (Ubuntu 18.04.4 LTS) / x86_64 | OK | ERROR | skipped | |||||||
tokay1 | Windows Server 2012 R2 Standard / x64 | ERROR | ERROR | skipped | skipped | |||||||
merida1 | OS X 10.11.6 El Capitan / x86_64 | OK | [ ERROR ] | skipped | skipped |
Package: MTseeker |
Version: 1.4.0 |
Command: /Library/Frameworks/R.framework/Versions/Current/Resources/bin/R CMD build --keep-empty-dirs --no-resave-data MTseeker |
StartedAt: 2020-04-14 23:18:26 -0400 (Tue, 14 Apr 2020) |
EndedAt: 2020-04-14 23:19:50 -0400 (Tue, 14 Apr 2020) |
EllapsedTime: 83.8 seconds |
RetCode: 1 |
Status: ERROR |
PackageFile: None |
PackageFileSize: NA |
############################################################################## ############################################################################## ### ### Running command: ### ### /Library/Frameworks/R.framework/Versions/Current/Resources/bin/R CMD build --keep-empty-dirs --no-resave-data MTseeker ### ############################################################################## ############################################################################## * checking for file ‘MTseeker/DESCRIPTION’ ... OK * preparing ‘MTseeker’: * checking DESCRIPTION meta-information ... OK * installing the package to build vignettes * creating vignettes ... ERROR --- re-building ‘oncocytomas.Rmd’ using rmarkdown Error: C stack usage 7970816 is too close to the limit Execution halted