Back to Multiple platform build/check report for BioC 3.10 |
|
This page was generated on 2020-04-15 12:43:43 -0400 (Wed, 15 Apr 2020).
Package 1267/1823 | Hostname | OS / Arch | INSTALL | BUILD | CHECK | BUILD BIN | ||||||
Pigengene 1.12.0 Habil Zare
| malbec1 | Linux (Ubuntu 18.04.4 LTS) / x86_64 | OK | OK | ERROR | |||||||
tokay1 | Windows Server 2012 R2 Standard / x64 | OK | OK | ERROR | OK | |||||||
merida1 | OS X 10.11.6 El Capitan / x86_64 | OK | OK | [ ERROR ] | OK |
Package: Pigengene |
Version: 1.12.0 |
Command: /Library/Frameworks/R.framework/Versions/Current/Resources/bin/R CMD check --install=check:Pigengene.install-out.txt --library=/Library/Frameworks/R.framework/Versions/Current/Resources/library --no-vignettes --timings Pigengene_1.12.0.tar.gz |
StartedAt: 2020-04-15 04:36:57 -0400 (Wed, 15 Apr 2020) |
EndedAt: 2020-04-15 04:41:54 -0400 (Wed, 15 Apr 2020) |
EllapsedTime: 297.6 seconds |
RetCode: 1 |
Status: ERROR |
CheckDir: Pigengene.Rcheck |
Warnings: NA |
############################################################################## ############################################################################## ### ### Running command: ### ### /Library/Frameworks/R.framework/Versions/Current/Resources/bin/R CMD check --install=check:Pigengene.install-out.txt --library=/Library/Frameworks/R.framework/Versions/Current/Resources/library --no-vignettes --timings Pigengene_1.12.0.tar.gz ### ############################################################################## ############################################################################## * using log directory ‘/Users/biocbuild/bbs-3.10-bioc/meat/Pigengene.Rcheck’ * using R version 3.6.3 (2020-02-29) * using platform: x86_64-apple-darwin15.6.0 (64-bit) * using session charset: UTF-8 * using option ‘--no-vignettes’ * checking for file ‘Pigengene/DESCRIPTION’ ... OK * checking extension type ... Package * this is package ‘Pigengene’ version ‘1.12.0’ * checking package namespace information ... OK * checking package dependencies ... OK * checking if this is a source package ... OK * checking if there is a namespace ... OK * checking for hidden files and directories ... OK * checking for portable file names ... OK * checking for sufficient/correct file permissions ... OK * checking whether package ‘Pigengene’ can be installed ... OK * checking installed package size ... OK * checking package directory ... OK * checking ‘build’ directory ... OK * checking DESCRIPTION meta-information ... OK * checking top-level files ... OK * checking for left-over files ... OK * checking index information ... OK * checking package subdirectories ... OK * checking R files for non-ASCII characters ... OK * checking R files for syntax errors ... OK * checking whether the package can be loaded ... OK * checking whether the package can be loaded with stated dependencies ... OK * checking whether the package can be unloaded cleanly ... OK * checking whether the namespace can be loaded with stated dependencies ... OK * checking whether the namespace can be unloaded cleanly ... OK * checking dependencies in R code ... NOTE 'library' or 'require' calls in package code: ‘AnnotationDbi’ ‘biomaRt’ ‘energy’ ‘org.Hs.eg.db’ ‘org.Mm.eg.db’ Please use :: or requireNamespace() instead. See section 'Suggested packages' in the 'Writing R Extensions' manual. * checking S3 generic/method consistency ... OK * checking replacement functions ... OK * checking foreign function calls ... OK * checking R code for possible problems ... NOTE Found the following possibly unsafe calls: File ‘Pigengene/R/bn.calculation.R’: assignInNamespace("supported.clusters", fixArgs, "bnlearn") * checking Rd files ... OK * checking Rd metadata ... OK * checking Rd cross-references ... OK * checking for missing documentation entries ... OK * checking for code/documentation mismatches ... OK * checking Rd \usage sections ... OK * checking Rd contents ... OK * checking for unstated dependencies in examples ... OK * checking contents of ‘data’ directory ... NOTE Output for data("pigengene", package = "Pigengene"): * checking data for non-ASCII characters ... OK * checking data for ASCII and uncompressed saves ... OK * checking sizes of PDF files under ‘inst/doc’ ... OK * checking files in ‘vignettes’ ... OK * checking examples ... ERROR Running examples in ‘Pigengene-Ex.R’ failed The error most likely occurred in: > base::assign(".ptime", proc.time(), pos = "CheckExEnv") > ### Name: gene.mapping > ### Title: Maps gene IDs > ### Aliases: gene.mapping > ### Keywords: misc > > ### ** Examples > > library(org.Hs.eg.db) Loading required package: AnnotationDbi Loading required package: stats4 Loading required package: Biobase Welcome to Bioconductor Vignettes contain introductory material; view with 'browseVignettes()'. To cite Bioconductor, see 'citation("Biobase")', and for packages 'citation("pkgname")'. Loading required package: IRanges Loading required package: S4Vectors Attaching package: ‘S4Vectors’ The following object is masked from ‘package:base’: expand.grid > g1 <- gene.mapping(ids="NM_001159995") Loading required package: org.Mm.eg.db 'select()' returned 1:1 mapping between keys and columns > print(g1) input output1 output2 NM_001159995 "NM_001159995" "NRG1" "NRG1" > > ## Mapping to multiple convention > library(org.Mm.eg.db) > g2 <- gene.mapping(ids=c("NM_170730", "NM_001013580"), + inputType="REFSEQ", inputDb=org.Mm.eg.db, + outputType=c("SYMBOL","ENTREZID"), + outputDb=list(org.Hs.eg.db,org.Mm.eg.db), verbose=1) [1] "Mapping to:" [1] "org.Hs.eg.db-SYMBOL" 'select()' returned 1:1 mapping between keys and columns Loading required package: biomaRt Error in .processResults(postRes, mart = mart, sep = sep, fullXmlQuery = fullXmlQuery, : The query to the BioMart webservice returned an invalid result: biomaRt expected a character string of length 1. Please report this on the support site at http://support.bioconductor.org Calls: gene.mapping ... gene.mapping -> hu.mouse -> <Anonymous> -> .processResults Execution halted * checking for unstated dependencies in vignettes ... OK * checking package vignettes in ‘inst/doc’ ... OK * checking running R code from vignettes ... SKIPPED * checking re-building of vignette outputs ... SKIPPED * checking PDF version of manual ... OK * DONE Status: 1 ERROR, 3 NOTEs See ‘/Users/biocbuild/bbs-3.10-bioc/meat/Pigengene.Rcheck/00check.log’ for details.
Pigengene.Rcheck/00install.out
############################################################################## ############################################################################## ### ### Running command: ### ### /Library/Frameworks/R.framework/Versions/Current/Resources/bin/R CMD INSTALL Pigengene ### ############################################################################## ############################################################################## * installing to library ‘/Library/Frameworks/R.framework/Versions/3.6/Resources/library’ * installing *source* package ‘Pigengene’ ... ** using staged installation ** R ** data ** inst ** byte-compile and prepare package for lazy loading ** help *** installing help indices ** building package indices ** installing vignettes ** testing if installed package can be loaded from temporary location ** testing if installed package can be loaded from final location ** testing if installed package keeps a record of temporary installation path * DONE (Pigengene)
Pigengene.Rcheck/Pigengene-Ex.timings
name | user | system | elapsed | |
Pigengene-package | 77.175 | 4.128 | 81.440 | |
aml | 0.357 | 0.025 | 0.376 | |
balance | 0.770 | 0.148 | 0.920 | |
calculate.beta | 0.963 | 0.059 | 1.024 | |
check.nas | 0.062 | 0.011 | 0.073 | |
check.pigengene.input | 0.048 | 0.007 | 0.055 | |
combine.networks | 0.000 | 0.001 | 0.000 | |
compact.tree | 18.382 | 1.860 | 20.256 | |
compute.pigengene | 9.520 | 0.675 | 10.288 | |
dcor.matrix | 0.222 | 0.066 | 0.289 | |
draw.bn | 0.000 | 0.000 | 0.001 | |
eigengenes33 | 0.125 | 0.004 | 0.129 | |