Back to Multiple platform build/check report for BioC 3.10 |
|
This page was generated on 2020-04-15 12:20:30 -0400 (Wed, 15 Apr 2020).
Package 1348/1823 | Hostname | OS / Arch | INSTALL | BUILD | CHECK | BUILD BIN | ||||||
QUALIFIER 1.30.0 Mike Jiang
| malbec1 | Linux (Ubuntu 18.04.4 LTS) / x86_64 | OK | ERROR | skipped | |||||||
tokay1 | Windows Server 2012 R2 Standard / x64 | OK | [ ERROR ] | skipped | skipped | |||||||
merida1 | OS X 10.11.6 El Capitan / x86_64 | OK | ERROR | skipped | skipped |
Package: QUALIFIER |
Version: 1.30.0 |
Command: chmod a+r QUALIFIER -R && C:\Users\biocbuild\bbs-3.10-bioc\R\bin\R.exe CMD build --keep-empty-dirs --no-resave-data QUALIFIER |
StartedAt: 2020-04-14 21:26:45 -0400 (Tue, 14 Apr 2020) |
EndedAt: 2020-04-14 21:27:09 -0400 (Tue, 14 Apr 2020) |
EllapsedTime: 24.3 seconds |
RetCode: 1 |
Status: ERROR |
PackageFile: None |
PackageFileSize: NA |
############################################################################## ############################################################################## ### ### Running command: ### ### chmod a+r QUALIFIER -R && C:\Users\biocbuild\bbs-3.10-bioc\R\bin\R.exe CMD build --keep-empty-dirs --no-resave-data QUALIFIER ### ############################################################################## ############################################################################## * checking for file 'QUALIFIER/DESCRIPTION' ... OK * preparing 'QUALIFIER': * checking DESCRIPTION meta-information ... OK * installing the package to build vignettes * creating vignettes ... ERROR --- re-building 'QUALIFIER.Rmd' using rmarkdown Loading required package: flowCore Loading required package: flowViz Loading required package: lattice Loading required package: ncdfFlow Loading required package: RcppArmadillo Loading required package: BH Loading required package: flowWorkspace Loading required package: data.table Loading required package: reshape Attaching package: 'reshape' The following object is masked from 'package:data.table': melt Quitting from lines 125-130 (QUALIFIER.Rmd) Error: processing vignette 'QUALIFIER.Rmd' failed with diagnostics: no slot of name "name" for this object of class "GatingSet" --- failed re-building 'QUALIFIER.Rmd' SUMMARY: processing the following file failed: 'QUALIFIER.Rmd' Error: Vignette re-building failed. Execution halted