Back to Multiple platform build/check report for BioC 3.10 |
|
This page was generated on 2020-04-15 12:35:44 -0400 (Wed, 15 Apr 2020).
Package 576/1823 | Hostname | OS / Arch | INSTALL | BUILD | CHECK | BUILD BIN | ||||||
flagme 1.42.0 Mark Robinson
| malbec1 | Linux (Ubuntu 18.04.4 LTS) / x86_64 | OK | OK | WARNINGS | ![]() | ||||||
tokay1 | Windows Server 2012 R2 Standard / x64 | OK | OK | WARNINGS | OK | ![]() | ||||||
merida1 | OS X 10.11.6 El Capitan / x86_64 | OK | OK | [ WARNINGS ] | OK | ![]() |
Package: flagme |
Version: 1.42.0 |
Command: /Library/Frameworks/R.framework/Versions/Current/Resources/bin/R CMD check --install=check:flagme.install-out.txt --library=/Library/Frameworks/R.framework/Versions/Current/Resources/library --no-vignettes --timings flagme_1.42.0.tar.gz |
StartedAt: 2020-04-15 02:18:56 -0400 (Wed, 15 Apr 2020) |
EndedAt: 2020-04-15 02:28:29 -0400 (Wed, 15 Apr 2020) |
EllapsedTime: 573.9 seconds |
RetCode: 0 |
Status: WARNINGS |
CheckDir: flagme.Rcheck |
Warnings: 2 |
############################################################################## ############################################################################## ### ### Running command: ### ### /Library/Frameworks/R.framework/Versions/Current/Resources/bin/R CMD check --install=check:flagme.install-out.txt --library=/Library/Frameworks/R.framework/Versions/Current/Resources/library --no-vignettes --timings flagme_1.42.0.tar.gz ### ############################################################################## ############################################################################## * using log directory ‘/Users/biocbuild/bbs-3.10-bioc/meat/flagme.Rcheck’ * using R version 3.6.3 (2020-02-29) * using platform: x86_64-apple-darwin15.6.0 (64-bit) * using session charset: UTF-8 * using option ‘--no-vignettes’ * checking for file ‘flagme/DESCRIPTION’ ... OK * this is package ‘flagme’ version ‘1.42.0’ * checking package namespace information ... NOTE Namespace with empty importFrom: ‘gcspikelite’ * checking package dependencies ... OK * checking if this is a source package ... OK * checking if there is a namespace ... OK * checking for hidden files and directories ... OK * checking for portable file names ... OK * checking for sufficient/correct file permissions ... OK * checking whether package ‘flagme’ can be installed ... OK * checking installed package size ... OK * checking package directory ... OK * checking ‘build’ directory ... OK * checking DESCRIPTION meta-information ... NOTE Malformed Description field: should contain one or more complete sentences. * checking top-level files ... OK * checking for left-over files ... OK * checking index information ... OK * checking package subdirectories ... OK * checking R files for non-ASCII characters ... OK * checking R files for syntax errors ... OK * checking whether the package can be loaded ... OK * checking whether the package can be loaded with stated dependencies ... OK * checking whether the package can be unloaded cleanly ... OK * checking whether the namespace can be loaded with stated dependencies ... OK * checking whether the namespace can be unloaded cleanly ... OK * checking dependencies in R code ... OK * checking S3 generic/method consistency ... OK * checking replacement functions ... OK * checking foreign function calls ... OK * checking R code for possible problems ... OK * checking Rd files ... WARNING man/plotMultipleSpectra.Rd: non-ASCII input and no declared encoding problem found in ‘plotMultipleSpectra.Rd’ * checking Rd metadata ... OK * checking Rd cross-references ... OK * checking for missing documentation entries ... WARNING Undocumented S4 methods: generic 'show' and siglist 'betweenAlignment' All user-level objects in a package (including S4 classes and methods) should have documentation entries. See chapter ‘Writing R documentation files’ in the ‘Writing R Extensions’ manual. * checking for code/documentation mismatches ... OK * checking Rd \usage sections ... OK * checking Rd contents ... OK * checking for unstated dependencies in examples ... OK * checking line endings in C/C++/Fortran sources/headers ... OK * checking compiled code ... NOTE Note: information on .o files is not available * checking sizes of PDF files under ‘inst/doc’ ... OK * checking installed files from ‘inst/doc’ ... OK * checking files in ‘vignettes’ ... OK * checking examples ... OK Examples with CPU or elapsed time > 5s user system elapsed plotMultipleSpectra 46.992 2.560 49.847 ndpRT 35.659 1.492 37.412 peaksAlignment 33.805 1.672 35.807 dynRT 32.966 1.640 34.771 corPrt 32.934 1.583 34.624 plotSpectra 31.655 1.711 33.608 retFatMatrix 18.420 0.660 19.235 addXCMSPeaks 10.858 0.412 11.312 imputePeaks 9.694 0.362 10.091 plot 9.394 0.417 9.886 rmaFitUnit 7.639 0.523 8.222 calcTimeDiffs 7.288 0.556 7.897 progressiveAlignment 6.992 0.287 7.357 compress 6.469 0.218 6.716 normDotProduct 6.344 0.308 6.691 dp 6.320 0.235 6.581 gatherInfo 6.152 0.285 6.464 multipleAlignment 6.186 0.247 6.458 peaksDataset 6.024 0.285 6.367 clusterAlignment 5.989 0.264 6.281 addAMDISPeaks 5.824 0.279 6.142 * checking for unstated dependencies in vignettes ... OK * checking package vignettes in ‘inst/doc’ ... OK * checking running R code from vignettes ... SKIPPED * checking re-building of vignette outputs ... SKIPPED * checking PDF version of manual ... OK * DONE Status: 2 WARNINGs, 3 NOTEs See ‘/Users/biocbuild/bbs-3.10-bioc/meat/flagme.Rcheck/00check.log’ for details.
flagme.Rcheck/00install.out
############################################################################## ############################################################################## ### ### Running command: ### ### /Library/Frameworks/R.framework/Versions/Current/Resources/bin/R CMD INSTALL flagme ### ############################################################################## ############################################################################## * installing to library ‘/Library/Frameworks/R.framework/Versions/3.6/Resources/library’ * installing *source* package ‘flagme’ ... ** using staged installation ** libs clang -I"/Library/Frameworks/R.framework/Resources/include" -DNDEBUG -isysroot /Library/Developer/CommandLineTools/SDKs/MacOSX.sdk -I/usr/local/include -fPIC -Wall -g -O2 -c dp.c -o dp.o clang -I"/Library/Frameworks/R.framework/Resources/include" -DNDEBUG -isysroot /Library/Developer/CommandLineTools/SDKs/MacOSX.sdk -I/usr/local/include -fPIC -Wall -g -O2 -c init.c -o init.o clang -I"/Library/Frameworks/R.framework/Resources/include" -DNDEBUG -isysroot /Library/Developer/CommandLineTools/SDKs/MacOSX.sdk -I/usr/local/include -fPIC -Wall -g -O2 -c pearson.c -o pearson.o clang -dynamiclib -Wl,-headerpad_max_install_names -undefined dynamic_lookup -single_module -multiply_defined suppress -L/Library/Frameworks/R.framework/Resources/lib -L/usr/local/lib -o flagme.so dp.o init.o pearson.o -F/Library/Frameworks/R.framework/.. -framework R -Wl,-framework -Wl,CoreFoundation installing to /Library/Frameworks/R.framework/Versions/3.6/Resources/library/00LOCK-flagme/00new/flagme/libs ** R ** inst ** byte-compile and prepare package for lazy loading Warning message: replacing previous import ‘xcms::plot’ by ‘graphics::plot’ when loading ‘CAMERA’ ** help *** installing help indices ** building package indices ** installing vignettes ‘flagme.Rnw’ using ‘UTF-8’ ** testing if installed package can be loaded from temporary location Warning: replacing previous import ‘xcms::plot’ by ‘graphics::plot’ when loading ‘CAMERA’ ** checking absolute paths in shared objects and dynamic libraries ** testing if installed package can be loaded from final location Warning: replacing previous import ‘xcms::plot’ by ‘graphics::plot’ when loading ‘CAMERA’ ** testing if installed package keeps a record of temporary installation path * DONE (flagme)
flagme.Rcheck/flagme-Ex.timings
name | user | system | elapsed | |
addAMDISPeaks | 5.824 | 0.279 | 6.142 | |
addChromaTOFPeaks | 4.594 | 0.210 | 4.831 | |
addXCMSPeaks | 10.858 | 0.412 | 11.312 | |
betweenAlignment | 0.000 | 0.001 | 0.000 | |
calcTimeDiffs | 7.288 | 0.556 | 7.897 | |
clusterAlignment | 5.989 | 0.264 | 6.281 | |
compress | 6.469 | 0.218 | 6.716 | |
corPrt | 32.934 | 1.583 | 34.624 | |
dp | 6.320 | 0.235 | 6.581 | |
dynRT | 32.966 | 1.640 | 34.771 | |
gatherInfo | 6.152 | 0.285 | 6.464 | |
imputePeaks | 9.694 | 0.362 | 10.091 | |
multipleAlignment | 6.186 | 0.247 | 6.458 | |
ndpRT | 35.659 | 1.492 | 37.412 | |
normDotProduct | 6.344 | 0.308 | 6.691 | |
parseChromaTOF | 3.685 | 0.020 | 3.755 | |
parseELU | 2.971 | 0.016 | 3.002 | |
peaksAlignment | 33.805 | 1.672 | 35.807 | |
peaksDataset | 6.024 | 0.285 | 6.367 | |
plot | 9.394 | 0.417 | 9.886 | |
plotImage | 4.080 | 0.197 | 4.347 | |
plotMultipleSpectra | 46.992 | 2.560 | 49.847 | |
plotSpectra | 31.655 | 1.711 | 33.608 | |
progressiveAlignment | 6.992 | 0.287 | 7.357 | |
retFatMatrix | 18.420 | 0.660 | 19.235 | |
rmaFitUnit | 7.639 | 0.523 | 8.222 | |