This page was generated on 2020-04-15 12:08:35 -0400 (Wed, 15 Apr 2020).
flowCL 1.24.0 Justin Meskas
Snapshot Date: 2020-04-14 16:46:13 -0400 (Tue, 14 Apr 2020) |
URL: https://git.bioconductor.org/packages/flowCL |
Branch: RELEASE_3_10 |
Last Commit: 459e964 |
Last Changed Date: 2019-10-29 13:08:55 -0400 (Tue, 29 Oct 2019) |
| malbec1 | Linux (Ubuntu 18.04.4 LTS) / x86_64 | OK | [ ERROR ] | skipped | | |
tokay1 | Windows Server 2012 R2 Standard / x64 | OK | ERROR | skipped | skipped | |
merida1 | OS X 10.11.6 El Capitan / x86_64 | OK | ERROR | skipped | skipped | |
##############################################################################
##############################################################################
###
### Running command:
###
### /home/biocbuild/bbs-3.10-bioc/R/bin/R CMD build --keep-empty-dirs --no-resave-data flowCL
###
##############################################################################
##############################################################################
* checking for file ‘flowCL/DESCRIPTION’ ... OK
* preparing ‘flowCL’:
* checking DESCRIPTION meta-information ... OK
* installing the package to build vignettes
* creating vignettes ... ERROR
--- re-building ‘flowCL.Rnw’ using Sweave
Loading required package: Rgraphviz
Loading required package: graph
Loading required package: BiocGenerics
Loading required package: parallel
Attaching package: ‘BiocGenerics’
The following objects are masked from ‘package:parallel’:
clusterApply, clusterApplyLB, clusterCall, clusterEvalQ,
clusterExport, clusterMap, parApply, parCapply, parLapply,
parLapplyLB, parRapply, parSapply, parSapplyLB
The following objects are masked from ‘package:stats’:
IQR, mad, sd, var, xtabs
The following objects are masked from ‘package:base’:
Filter, Find, Map, Position, Reduce, anyDuplicated, append,
as.data.frame, basename, cbind, colnames, dirname, do.call,
duplicated, eval, evalq, get, grep, grepl, intersect, is.unsorted,
lapply, mapply, match, mget, order, paste, pmax, pmax.int, pmin,
pmin.int, rank, rbind, rownames, sapply, setdiff, sort, table,
tapply, union, unique, unsplit, which, which.max, which.min
Loading required package: grid
Loading required package: SPARQL
Loading required package: XML
Attaching package: ‘XML’
The following object is masked from ‘package:graph’:
addNode
Loading required package: RCurl
Error: processing vignette 'flowCL.Rnw' failed with diagnostics:
chunk 3 (label = Date)
Error in function (type, msg, asError = TRUE) :
Failed to connect to cell.inference.me port 7200: Connection refused
--- failed re-building ‘flowCL.Rnw’
SUMMARY: processing the following file failed:
‘flowCL.Rnw’
Error: Vignette re-building failed.
Execution halted