Back to Multiple platform build/check report for BioC 3.10 |
|
This page was generated on 2020-04-15 12:29:41 -0400 (Wed, 15 Apr 2020).
Package 796/1823 | Hostname | OS / Arch | INSTALL | BUILD | CHECK | BUILD BIN | ||||||
hmdbQuery 1.6.1 VJ Carey
| malbec1 | Linux (Ubuntu 18.04.4 LTS) / x86_64 | OK | OK | OK | ![]() | ||||||
tokay1 | Windows Server 2012 R2 Standard / x64 | OK | [ ERROR ] | skipped | skipped | |||||||
merida1 | OS X 10.11.6 El Capitan / x86_64 | OK | OK | OK | OK | ![]() |
Package: hmdbQuery |
Version: 1.6.1 |
Command: chmod a+r hmdbQuery -R && C:\Users\biocbuild\bbs-3.10-bioc\R\bin\R.exe CMD build --keep-empty-dirs --no-resave-data hmdbQuery |
StartedAt: 2020-04-14 23:55:01 -0400 (Tue, 14 Apr 2020) |
EndedAt: 2020-04-14 23:55:22 -0400 (Tue, 14 Apr 2020) |
EllapsedTime: 20.9 seconds |
RetCode: 1 |
Status: ERROR |
PackageFile: None |
PackageFileSize: NA |
############################################################################## ############################################################################## ### ### Running command: ### ### chmod a+r hmdbQuery -R && C:\Users\biocbuild\bbs-3.10-bioc\R\bin\R.exe CMD build --keep-empty-dirs --no-resave-data hmdbQuery ### ############################################################################## ############################################################################## * checking for file 'hmdbQuery/DESCRIPTION' ... OK * preparing 'hmdbQuery': * checking DESCRIPTION meta-information ... OK * installing the package to build vignettes * creating vignettes ... ERROR --- re-building 'hmdbQuery.Rmd' using rmarkdown Quitting from lines 38-41 (hmdbQuery.Rmd) Error: processing vignette 'hmdbQuery.Rmd' failed with diagnostics: cannot open the connection --- failed re-building 'hmdbQuery.Rmd' SUMMARY: processing the following file failed: 'hmdbQuery.Rmd' Error: Vignette re-building failed. Execution halted